{"id":2316,"date":"2020-03-10T11:13:28","date_gmt":"2020-03-10T11:13:28","guid":{"rendered":"https:\/\/blogsaverroes.juntadeandalucia.es\/ceipgenarorincon\/?page_id=2316"},"modified":"2023-11-24T10:45:00","modified_gmt":"2023-11-24T10:45:00","slug":"proyecto-de-gestion","status":"publish","type":"page","link":"https:\/\/blogsaverroes.juntadeandalucia.es\/ceipgenarorincon\/proyecto-de-gestion\/","title":{"rendered":"Proyecto de Gesti\u00f3n"},"content":{"rendered":"<p>El <strong>Proyecto de Gesti\u00f3n<\/strong> recoge la ordenaci\u00f3n y utilizaci\u00f3n de los recursos del centro, tanto materiales como humanos, como marco de la autonom\u00eda de gesti\u00f3n econ\u00f3mica que la legislaci\u00f3n otorga a los centros p\u00fablicos.<\/p>\n<p>&nbsp;<\/p>\n<p>&nbsp;<\/p>\n<p><a title=\"PROYECTO DE GESTI\u00d3N 23-24\" href=\"https:\/\/drive.google.com\/file\/d\/1WJoCKlOeGs8h9CUxxSLlYYRZwIY71aET\/view?usp=sharing\" target=\"_blank\" rel=\"noopener noreferrer\">PROYECTO DE GESTI\u00d3N 23-24<\/a><\/p>\n<p>&nbsp;<\/p>\n<p>&nbsp;<\/p>\n<p>&nbsp;<\/p>\n","protected":false},"excerpt":{"rendered":"<p>El Proyecto de Gesti\u00f3n recoge la ordenaci\u00f3n y utilizaci\u00f3n de los recursos del centro, tanto materiales como humanos, como marco de la autonom\u00eda de gesti\u00f3n econ\u00f3mica que la legislaci\u00f3n otorga a los centros p\u00fablicos.&#46;&#46;&#46;<\/p>\n","protected":false},"author":2037,"featured_media":0,"parent":0,"menu_order":0,"comment_status":"closed","ping_status":"closed","template":"","meta":{"ngg_post_thumbnail":0,"footnotes":"","_mc_calendar":[]},"aioseo_notices":[],"_links":{"self":[{"href":"https:\/\/blogsaverroes.juntadeandalucia.es\/ceipgenarorincon\/wp-json\/wp\/v2\/pages\/2316"}],"collection":[{"href":"https:\/\/blogsaverroes.juntadeandalucia.es\/ceipgenarorincon\/wp-json\/wp\/v2\/pages"}],"about":[{"href":"https:\/\/blogsaverroes.juntadeandalucia.es\/ceipgenarorincon\/wp-json\/wp\/v2\/types\/page"}],"author":[{"embeddable":true,"href":"https:\/\/blogsaverroes.juntadeandalucia.es\/ceipgenarorincon\/wp-json\/wp\/v2\/users\/2037"}],"replies":[{"embeddable":true,"href":"https:\/\/blogsaverroes.juntadeandalucia.es\/ceipgenarorincon\/wp-json\/wp\/v2\/comments?post=2316"}],"version-history":[{"count":6,"href":"https:\/\/blogsaverroes.juntadeandalucia.es\/ceipgenarorincon\/wp-json\/wp\/v2\/pages\/2316\/revisions"}],"predecessor-version":[{"id":5661,"href":"https:\/\/blogsaverroes.juntadeandalucia.es\/ceipgenarorincon\/wp-json\/wp\/v2\/pages\/2316\/revisions\/5661"}],"wp:attachment":[{"href":"https:\/\/blogsaverroes.juntadeandalucia.es\/ceipgenarorincon\/wp-json\/wp\/v2\/media?parent=2316"}],"curies":[{"name":"wp","href":"https:\/\/api.w.org\/{rel}","templated":true}]}}

Proyecto de Gestión

<p>El <strong>Proyecto de Gestión</strong> recoge la ordenación y utilización de los recursos del centro, tanto materiales como humanos, como marco de la autonomía de gestión económica que la legislación otorga a los centros públicos.</p>
<p>&nbsp;</p>
<p>&nbsp;</p>
<p><a title="PROYECTO DE GESTIÓN 23-24" href="https://drive.google.com/file/d/1WJoCKlOeGs8h9CUxxSLlYYRZwIY71aET/view?usp=sharing" target="_blank" rel="noopener noreferrer">PROYECTO DE GESTIÓN 23-24</a></p>
<p>&nbsp;</p>
<p>&nbsp;</p>
<p>&nbsp;</p>

<p>El Proyecto de Gestión recoge la ordenación y utilización de los recursos del centro, tanto materiales como humanos, como marco de la autonomía de gestión económica que la legislación otorga a los centros públicos.&#46;&#46;&#46;</p>
