{"id":2347,"date":"2020-03-10T12:08:02","date_gmt":"2020-03-10T12:08:02","guid":{"rendered":"https:\/\/blogsaverroes.juntadeandalucia.es\/ceipgenarorincon\/?page_id=2347"},"modified":"2023-01-23T18:22:07","modified_gmt":"2023-01-23T18:22:07","slug":"huerto-escolar","status":"publish","type":"page","link":"https:\/\/blogsaverroes.juntadeandalucia.es\/ceipgenarorincon\/huerto-escolar\/","title":{"rendered":"Huerto Escolar"},"content":{"rendered":"<p>Lamentablemente estamos en a\u00f1o de sequ\u00eda , con los cultivos de alrededor muy faltos de agua y el pantano de La Vi\u00f1uela a un porcentaje m\u00ednimo hist\u00f3rico.&nbsp;<\/p>\n<p>Por ello, hemos decidido no poner en funcionamiento este curso el huerto escolar hasta que la situaci\u00f3n meteorol\u00f3gica cambie y tengamos la suficiente agua para regar. Ojal\u00e1 sea as\u00ed \u00a1\u00a1\u00a1<\/p>\n<p>&nbsp;<\/p>\n<p>&nbsp;<\/p>\n<p><a href=\"https:\/\/blogsaverroes.juntadeandalucia.es\/ceipgenarorincon\/files\/2020\/03\/PROYECTO-DE-HUERTO-ESCOLAR.pdf\" target=\"_blank\" rel=\"noopener noreferrer\">PROYECTO DE HUERTO ESCOLAR<\/a><\/p>\n<p>&nbsp;<\/p>\n","protected":false},"excerpt":{"rendered":"<p>Lamentablemente estamos en a\u00f1o de sequ\u00eda , con los cultivos de alrededor muy faltos de agua y el pantano de La Vi\u00f1uela a un porcentaje m\u00ednimo hist\u00f3rico.&nbsp; Por ello, hemos decidido no poner en&#46;&#46;&#46;<\/p>\n","protected":false},"author":2037,"featured_media":0,"parent":0,"menu_order":0,"comment_status":"closed","ping_status":"closed","template":"","meta":{"ngg_post_thumbnail":0,"footnotes":"","_mc_calendar":[]},"aioseo_notices":[],"_links":{"self":[{"href":"https:\/\/blogsaverroes.juntadeandalucia.es\/ceipgenarorincon\/wp-json\/wp\/v2\/pages\/2347"}],"collection":[{"href":"https:\/\/blogsaverroes.juntadeandalucia.es\/ceipgenarorincon\/wp-json\/wp\/v2\/pages"}],"about":[{"href":"https:\/\/blogsaverroes.juntadeandalucia.es\/ceipgenarorincon\/wp-json\/wp\/v2\/types\/page"}],"author":[{"embeddable":true,"href":"https:\/\/blogsaverroes.juntadeandalucia.es\/ceipgenarorincon\/wp-json\/wp\/v2\/users\/2037"}],"replies":[{"embeddable":true,"href":"https:\/\/blogsaverroes.juntadeandalucia.es\/ceipgenarorincon\/wp-json\/wp\/v2\/comments?post=2347"}],"version-history":[{"count":4,"href":"https:\/\/blogsaverroes.juntadeandalucia.es\/ceipgenarorincon\/wp-json\/wp\/v2\/pages\/2347\/revisions"}],"predecessor-version":[{"id":5542,"href":"https:\/\/blogsaverroes.juntadeandalucia.es\/ceipgenarorincon\/wp-json\/wp\/v2\/pages\/2347\/revisions\/5542"}],"wp:attachment":[{"href":"https:\/\/blogsaverroes.juntadeandalucia.es\/ceipgenarorincon\/wp-json\/wp\/v2\/media?parent=2347"}],"curies":[{"name":"wp","href":"https:\/\/api.w.org\/{rel}","templated":true}]}}

<p>Lamentablemente estamos en año de sequía , con los cultivos de alrededor muy faltos de agua y el pantano de La Viñuela a un porcentaje mínimo histórico.&nbsp;</p>
<p>Por ello, hemos decidido no poner en funcionamiento este curso el huerto escolar hasta que la situación meteorológica cambie y tengamos la suficiente agua para regar. Ojalá sea así ¡¡¡</p>
<p>&nbsp;</p>
<p>&nbsp;</p>
<p><a href="https://blogsaverroes.juntadeandalucia.es/ceipgenarorincon/files/2020/03/PROYECTO-DE-HUERTO-ESCOLAR.pdf" target="_blank" rel="noopener noreferrer">PROYECTO DE HUERTO ESCOLAR</a></p>
<p>&nbsp;</p>

<p>Lamentablemente estamos en año de sequía , con los cultivos de alrededor muy faltos de agua y el pantano de La Viñuela a un porcentaje mínimo histórico.&nbsp; Por ello, hemos decidido no poner en&#46;&#46;&#46;</p>
