{"id":2351,"date":"2020-03-10T12:08:03","date_gmt":"2020-03-10T12:08:03","guid":{"rendered":"https:\/\/blogsaverroes.juntadeandalucia.es\/ceipgenarorincon\/?page_id=2351"},"modified":"2023-02-15T12:50:28","modified_gmt":"2023-02-15T12:50:28","slug":"habitos-de-vida-saludable","status":"publish","type":"page","link":"https:\/\/blogsaverroes.juntadeandalucia.es\/ceipgenarorincon\/habitos-de-vida-saludable\/","title":{"rendered":"H\u00e1bitos de Vida Saludable"},"content":{"rendered":"<h1 style=\"text-align: center\"><span style=\"color: #3366ff\">CURSO 2022-2023<\/span><\/h1>\n<p>Este es el sexto a\u00f1o consecutivo que participamos en el programa <strong>\u201cH\u00e1bitos de vida saludable\u201d<\/strong> y lo afrontamos con muchas ganas e ilusi\u00f3n y con bastantes novedades. Vamos a seguir desarrollando en nuestro centro este programa para &nbsp;conseguir el desarrollo integral del alumnado, incluyendo algunas variantes y m\u00e1s actividades, sobre todo dentro del \u00e1mbito emocional. Metodolog\u00edas innovadoras, reciclaje, Generaci\u00f3n Eco, educaci\u00f3n vial, huerto escolar\u2026.entre otras cosas. Nuestra l\u00ednea de trabajo va a ser similar a los a\u00f1os pasados.<\/p>\n<p>Este curso contamos con la enfermera escolar que nos guiar\u00e1 en algunas l\u00edneas de intervenci\u00f3n.<\/p>\n<p>Se han realizado diversas actividades para el fomento de vida saludable:<\/p>\n<p>D\u00eda de bicicleta en el tercer ciclo de primaria; charlas de la enfermera escolar para el alumnado, profesorado&nbsp; y para las familias; Jornada de RCP para profesorado,&#8230;<\/p>\n<p>&nbsp;<\/p>\n<h1><a href=\"https:\/\/blogsaverroes.juntadeandalucia.es\/ceipgenarorincon\/files\/2023\/01\/PROGRAMA-H\u00c1BITOS-DE-VIDA-SALUDABLE-22-23.pdf\">PROGRAMA H\u00c1BITOS DE VIDA SALUDABLE 22-23<\/a><\/h1>\n<p>Un conjunto de programas de h\u00e1bitos de vida saludable de educaci\u00f3n infantil, primaria y secundaria han formado parte de los programas educativos en los \u00faltimos a\u00f1os. Un recorrido que ha aportado buenas pr\u00e1cticas en la comunidad educativa especialmente en lo relacionado con los ni\u00f1os, ni\u00f1as y j\u00f3venes de Andaluc\u00eda y un acercamiento entre profesionales del sector de educaci\u00f3n y socio sanitarios de forma ejemplar.<\/p>\n<p align=\"JUSTIFY\">Algunas de estas experiencias de cooperaci\u00f3n han sido de gran valor y nos han servido para plantear un salto y avance conceptual en el abordaje de las competencias promotoras de salud que indica el curr\u00edculo educativo y tambi\u00e9n las pol\u00edticas de salud comunitaria.<\/p>\n<p align=\"JUSTIFY\">Tras este recorrido estamos en condiciones de dar un paso m\u00e1s y actualizar los programas con una perspectiva m\u00e1s integral, con enfoques did\u00e1cticos innovadores y abordando las cuatro dimensiones fundamentales en la promoci\u00f3n de salud en la escuela como son el curr\u00edculo, el entorno psicosocial del centro, la familia y la colaboraci\u00f3n con los recursos comunitarios que protegen y promueven el valor \u201csalud\u201d, tanto individual como colectivo.<\/p>\n<p>&nbsp;<\/p>\n<p><a href=\"https:\/\/blogsaverroes.juntadeandalucia.es\/ceipgenarorincon\/files\/2023\/01\/Infograf\u00eda-familias-HHVVSS.pdf\" target=\"_blank\" rel=\"noopener noreferrer\">Infograf\u00eda familias HHVVSS<\/a><\/p>\n<p><a href=\"https:\/\/blogsaverroes.juntadeandalucia.es\/ceipgenarorincon\/files\/2023\/01\/Cartel-d\u00eda-de-la-bicicleta.png\"><img loading=\"lazy\" decoding=\"async\" class=\"alignnone size-medium wp-image-5552\" src=\"https:\/\/blogsaverroes.juntadeandalucia.es\/ceipgenarorincon\/files\/2023\/01\/Cartel-d\u00eda-de-la-bicicleta-212x300.png\" alt=\"\" width=\"212\" height=\"300\" srcset=\"https:\/\/blogsaverroes.juntadeandalucia.es\/ceipgenarorincon\/files\/2023\/01\/Cartel-d\u00eda-de-la-bicicleta-212x300.png 212w, https:\/\/blogsaverroes.juntadeandalucia.es\/ceipgenarorincon\/files\/2023\/01\/Cartel-d\u00eda-de-la-bicicleta-724x1024.png 724w, https:\/\/blogsaverroes.juntadeandalucia.es\/ceipgenarorincon\/files\/2023\/01\/Cartel-d\u00eda-de-la-bicicleta-768x1086.png 768w, https:\/\/blogsaverroes.juntadeandalucia.es\/ceipgenarorincon\/files\/2023\/01\/Cartel-d\u00eda-de-la-bicicleta-1086x1536.png 1086w, https:\/\/blogsaverroes.juntadeandalucia.es\/ceipgenarorincon\/files\/2023\/01\/Cartel-d\u00eda-de-la-bicicleta-1448x2048.png 1448w, https:\/\/blogsaverroes.juntadeandalucia.es\/ceipgenarorincon\/files\/2023\/01\/Cartel-d\u00eda-de-la-bicicleta.png 1131w\" sizes=\"(max-width: 212px) 100vw, 212px\" \/><img loading=\"lazy\" decoding=\"async\" class=\"alignright\" src=\"https:\/\/scontent-mad1-1.xx.fbcdn.net\/v\/t39.30808-6\/312599741_483686343794632_317023189401724651_n.jpg?_nc_cat=109&amp;ccb=1-7&amp;_nc_sid=730e14&amp;_nc_ohc=-_dXQOm7XkUAX-qHXUe&amp;_nc_ht=scontent-mad1-1.xx&amp;oh=00_AfCa2hbvMH3m6s0uaHKPu0CGrqXYdKdWWKtLycDeZr7k7A&amp;oe=63F18511\" alt=\"Puede ser una imagen de 9 personas, personas de pie, bicicleta y al aire libre\" width=\"224\" height=\"280\"><\/a><\/p>\n<p>&nbsp;<\/p>\n<p><img loading=\"lazy\" decoding=\"async\" class=\"\" src=\"https:\/\/scontent-mad1-1.xx.fbcdn.net\/v\/t39.30808-6\/311838589_483686337127966_361229792684092552_n.jpg?_nc_cat=109&amp;ccb=1-7&amp;_nc_sid=730e14&amp;_nc_ohc=TUCTUaySHFUAX_UU3Qa&amp;_nc_ht=scontent-mad1-1.xx&amp;oh=00_AfBdQbDyumOHL_KXkNQrH-fljkRK6IZT1kP3-vhCw4dS4w&amp;oe=63F1F8A7\" alt=\"Puede ser una imagen de 9 personas, personas de pie y playa\" width=\"478\" height=\"598\"><\/p>\n<p>&nbsp;<\/p>\n<p>&nbsp;<\/p>\n<p>&nbsp;<\/p>\n<p>Dentro del programa de h\u00e1bitos saludables, se han programado actividades en colaboraci\u00f3n con la enfermera escolar D\u00aa In\u00e9s Bellido. Se ha impartido una charla sobre EDUCACI\u00d3N SEXUAL al alumnado de 1\u00ba y 2\u00ba ESO.<\/p>\n<p>&nbsp;<\/p>\n<p><img decoding=\"async\" src=\"https:\/\/scontent-mad1-1.xx.fbcdn.net\/v\/t39.30808-6\/315975375_507472438082689_2768571998869112431_n.jpg?stp=dst-jpg_s600x600&amp;_nc_cat=101&amp;ccb=1-7&amp;_nc_sid=8bfeb9&amp;_nc_ohc=wyu79NFn2EgAX9Y5VVh&amp;_nc_ht=scontent-mad1-1.xx&amp;oh=00_AfC8qu8roJCWpG4lPfA8eDTFGQoRjAvUNSJcbTaFQuFHpg&amp;oe=63F0C932\"><\/p>\n<p>&nbsp;<\/p>\n<p>Actividades para conseguir un consumo responsable, para familias y alumnado&nbsp;<\/p>\n<p><a href=\"https:\/\/blogsaverroes.juntadeandalucia.es\/ceipgenarorincon\/files\/2023\/01\/Cartel-d\u00eda-de-la-bicicleta.png\"><img loading=\"lazy\" decoding=\"async\" class=\"\" src=\"https:\/\/scontent-mad1-1.xx.fbcdn.net\/v\/t39.30808-6\/312907538_486152796881320_7422837957960692967_n.jpg?_nc_cat=111&amp;ccb=1-7&amp;_nc_sid=730e14&amp;_nc_ohc=w9D-a5uV26gAX-4ZOcB&amp;_nc_ht=scontent-mad1-1.xx&amp;oh=00_AfDlQGjT_nKbbQ8pBTAgWZIlTkTNuFoPfYsmnwPiqqbGLQ&amp;oe=63F17F71\" alt=\"Puede ser una imagen de texto que dice &quot;responsable? \u00a1CLARO! Reducir este impacto puede ser m\u00e1s sencillo de lo que piensas. ALIMENTACI\u00d3N SALUDABLE Priorizar productos provengan de fuentes ostenibles aquellos tengan un trato \u00e9tico con mediambiente. AHORRAAGUA Evita desperdiciar agua mientras los dientes, etc. duchas, REDUCE, REUTILIZA RECICLA PARA DESPERDICIAR MENOS Separar minimizarla generaci\u00f3nd de residuos, comotransformarlos on otros nuevos. CONTROLARLO GASTOS Identificar producto servicio que v\u03b1s adquirir una necesidad un deseo. ACTIVA EJERCICIO valores como respeto humor uSO INTELIGENTE DE ENERG\u00cdA ahorrar energia para proteger&quot;\" width=\"797\" height=\"797\"><\/a><\/p>\n<h1>&nbsp;<\/h1>\n<h1><img decoding=\"async\" src=\"https:\/\/scontent-mad1-1.xx.fbcdn.net\/v\/t39.30808-6\/316832108_512692837560649_23355569863853963_n.jpg?stp=dst-jpg_s600x600&amp;_nc_cat=103&amp;ccb=1-7&amp;_nc_sid=8bfeb9&amp;_nc_ohc=zVrbMSL3T7gAX99vMbE&amp;_nc_ht=scontent-mad1-1.xx&amp;oh=00_AfAXOBC59daSkAeHImKIulaqR1QkELf3ghhPYB0fhKt1Vw&amp;oe=63F268D7\"><\/h1>\n<h1>&nbsp;<\/h1>\n<h1>&nbsp;<\/h1>\n<h1>&nbsp;<\/h1>\n<h1>&nbsp;<\/h1>\n<h1>&nbsp;<\/h1>\n<h1 style=\"text-align: center\"><span style=\"color: #339966\">CURSO 2021\/2022<\/span><\/h1>\n<h1 style=\"text-align: center\">ACTIVIDADES PROGRAMA DE H\u00c1BITOS DE VIDA SALUDABLE<\/h1>\n<h1 style=\"text-align: center\">CRECIENDO EN SALUD<\/h1>\n<h2 style=\"text-align: center\">&nbsp;<\/h2>\n<h2 style=\"text-align: center\"><a href=\"https:\/\/blogsaverroes.juntadeandalucia.es\/ceipgenarorincon\/files\/2021\/10\/PROGRAMA-H\u00c1BITOS-DE-VIDA-SALUDABLE-20-21.pdf\">PROGRAMA H\u00c1BITOS DE VIDA SALUDABLE 21-22<\/a><\/h2>\n<p>&nbsp;<\/p>\n<p>&nbsp;<\/p>\n<p>&nbsp;<\/p>\n<p>&nbsp;<\/p>\n<p>&nbsp;<\/p>\n<p>&nbsp;<\/p>\n<p><a href=\"https:\/\/blogsaverroes.juntadeandalucia.es\/ceipgenarorincon\/files\/2020\/03\/PROGRAMA-HABITOS-DE-VIDA-SALUDABLE.pdf\" target=\"_blank\" rel=\"noopener noreferrer\">PROGRAMA HABITOS DE VIDA SALUDABLE<\/a><\/p>\n<p><a href=\"https:\/\/blogsaverroes.juntadeandalucia.es\/ceipgenarorincon\/files\/2020\/11\/PROGRAMA-H\u00c1BITOS-DE-VIDA-SALUDABLE-20-21.pdf\">PROGRAMA H\u00c1BITOS DE VIDA SALUDABLE 20-21<\/a><\/p>\n","protected":false},"excerpt":{"rendered":"<p>CURSO 2022-2023 Este es el sexto a\u00f1o consecutivo que participamos en el programa \u201cH\u00e1bitos de vida saludable\u201d y lo afrontamos con muchas ganas e ilusi\u00f3n y con bastantes novedades. Vamos a seguir desarrollando en&#46;&#46;&#46;<\/p>\n","protected":false},"author":2037,"featured_media":0,"parent":0,"menu_order":0,"comment_status":"closed","ping_status":"closed","template":"","meta":{"ngg_post_thumbnail":0,"footnotes":"","_mc_calendar":[]},"aioseo_notices":[],"_links":{"self":[{"href":"https:\/\/blogsaverroes.juntadeandalucia.es\/ceipgenarorincon\/wp-json\/wp\/v2\/pages\/2351"}],"collection":[{"href":"https:\/\/blogsaverroes.juntadeandalucia.es\/ceipgenarorincon\/wp-json\/wp\/v2\/pages"}],"about":[{"href":"https:\/\/blogsaverroes.juntadeandalucia.es\/ceipgenarorincon\/wp-json\/wp\/v2\/types\/page"}],"author":[{"embeddable":true,"href":"https:\/\/blogsaverroes.juntadeandalucia.es\/ceipgenarorincon\/wp-json\/wp\/v2\/users\/2037"}],"replies":[{"embeddable":true,"href":"https:\/\/blogsaverroes.juntadeandalucia.es\/ceipgenarorincon\/wp-json\/wp\/v2\/comments?post=2351"}],"version-history":[{"count":10,"href":"https:\/\/blogsaverroes.juntadeandalucia.es\/ceipgenarorincon\/wp-json\/wp\/v2\/pages\/2351\/revisions"}],"predecessor-version":[{"id":5587,"href":"https:\/\/blogsaverroes.juntadeandalucia.es\/ceipgenarorincon\/wp-json\/wp\/v2\/pages\/2351\/revisions\/5587"}],"wp:attachment":[{"href":"https:\/\/blogsaverroes.juntadeandalucia.es\/ceipgenarorincon\/wp-json\/wp\/v2\/media?parent=2351"}],"curies":[{"name":"wp","href":"https:\/\/api.w.org\/{rel}","templated":true}]}}

Hábitos de Vida Saludable

<h1 style="text-align: center"><span style="color: #3366ff">CURSO 2022-2023</span></h1>
<p>Este es el sexto año consecutivo que participamos en el programa <strong>“Hábitos de vida saludable”</strong> y lo afrontamos con muchas ganas e ilusión y con bastantes novedades. Vamos a seguir desarrollando en nuestro centro este programa para &nbsp;conseguir el desarrollo integral del alumnado, incluyendo algunas variantes y más actividades, sobre todo dentro del ámbito emocional. Metodologías innovadoras, reciclaje, Generación Eco, educación vial, huerto escolar….entre otras cosas. Nuestra línea de trabajo va a ser similar a los años pasados.</p>
<p>Este curso contamos con la enfermera escolar que nos guiará en algunas líneas de intervención.</p>
<p>Se han realizado diversas actividades para el fomento de vida saludable:</p>
<p>Día de bicicleta en el tercer ciclo de primaria; charlas de la enfermera escolar para el alumnado, profesorado&nbsp; y para las familias; Jornada de RCP para profesorado,&#8230;</p>
<p>&nbsp;</p>
<h1><a href="https://blogsaverroes.juntadeandalucia.es/ceipgenarorincon/files/2023/01/PROGRAMA-HÁBITOS-DE-VIDA-SALUDABLE-22-23.pdf">PROGRAMA HÁBITOS DE VIDA SALUDABLE 22-23</a></h1>
<p>Un conjunto de programas de hábitos de vida saludable de educación infantil, primaria y secundaria han formado parte de los programas educativos en los últimos años. Un recorrido que ha aportado buenas prácticas en la comunidad educativa especialmente en lo relacionado con los niños, niñas y jóvenes de Andalucía y un acercamiento entre profesionales del sector de educación y socio sanitarios de forma ejemplar.</p>
<p align="JUSTIFY">Algunas de estas experiencias de cooperación han sido de gran valor y nos han servido para plantear un salto y avance conceptual en el abordaje de las competencias promotoras de salud que indica el currículo educativo y también las políticas de salud comunitaria.</p>
<p align="JUSTIFY">Tras este recorrido estamos en condiciones de dar un paso más y actualizar los programas con una perspectiva más integral, con enfoques didácticos innovadores y abordando las cuatro dimensiones fundamentales en la promoción de salud en la escuela como son el currículo, el entorno psicosocial del centro, la familia y la colaboración con los recursos comunitarios que protegen y promueven el valor “salud”, tanto individual como colectivo.</p>
<p>&nbsp;</p>
<p><a href="https://blogsaverroes.juntadeandalucia.es/ceipgenarorincon/files/2023/01/Infografía-familias-HHVVSS.pdf" target="_blank" rel="noopener noreferrer">Infografía familias HHVVSS</a></p>
<p><a href="https://blogsaverroes.juntadeandalucia.es/ceipgenarorincon/files/2023/01/Cartel-día-de-la-bicicleta.png"><img loading="lazy" decoding="async" class="alignnone size-medium wp-image-5552" src="https://blogsaverroes.juntadeandalucia.es/ceipgenarorincon/files/2023/01/Cartel-día-de-la-bicicleta-212x300.png" alt="" width="212" height="300" srcset="https://blogsaverroes.juntadeandalucia.es/ceipgenarorincon/files/2023/01/Cartel-día-de-la-bicicleta-212x300.png 212w, https://blogsaverroes.juntadeandalucia.es/ceipgenarorincon/files/2023/01/Cartel-día-de-la-bicicleta-724x1024.png 724w, https://blogsaverroes.juntadeandalucia.es/ceipgenarorincon/files/2023/01/Cartel-día-de-la-bicicleta-768x1086.png 768w, https://blogsaverroes.juntadeandalucia.es/ceipgenarorincon/files/2023/01/Cartel-día-de-la-bicicleta-1086x1536.png 1086w, https://blogsaverroes.juntadeandalucia.es/ceipgenarorincon/files/2023/01/Cartel-día-de-la-bicicleta-1448x2048.png 1448w, https://blogsaverroes.juntadeandalucia.es/ceipgenarorincon/files/2023/01/Cartel-día-de-la-bicicleta.png 1131w" sizes="(max-width: 212px) 100vw, 212px" /><img loading="lazy" decoding="async" class="alignright" src="https://scontent-mad1-1.xx.fbcdn.net/v/t39.30808-6/312599741_483686343794632_317023189401724651_n.jpg?_nc_cat=109&amp;ccb=1-7&amp;_nc_sid=730e14&amp;_nc_ohc=-_dXQOm7XkUAX-qHXUe&amp;_nc_ht=scontent-mad1-1.xx&amp;oh=00_AfCa2hbvMH3m6s0uaHKPu0CGrqXYdKdWWKtLycDeZr7k7A&amp;oe=63F18511" alt="Puede ser una imagen de 9 personas, personas de pie, bicicleta y al aire libre" width="224" height="280"></a></p>
<p>&nbsp;</p>
<p><img loading="lazy" decoding="async" class="" src="https://scontent-mad1-1.xx.fbcdn.net/v/t39.30808-6/311838589_483686337127966_361229792684092552_n.jpg?_nc_cat=109&amp;ccb=1-7&amp;_nc_sid=730e14&amp;_nc_ohc=TUCTUaySHFUAX_UU3Qa&amp;_nc_ht=scontent-mad1-1.xx&amp;oh=00_AfBdQbDyumOHL_KXkNQrH-fljkRK6IZT1kP3-vhCw4dS4w&amp;oe=63F1F8A7" alt="Puede ser una imagen de 9 personas, personas de pie y playa" width="478" height="598"></p>
<p>&nbsp;</p>
<p>&nbsp;</p>
<p>&nbsp;</p>
<p>Dentro del programa de hábitos saludables, se han programado actividades en colaboración con la enfermera escolar Dª Inés Bellido. Se ha impartido una charla sobre EDUCACIÓN SEXUAL al alumnado de 1º y 2º ESO.</p>
<p>&nbsp;</p>
<p><img decoding="async" src="https://scontent-mad1-1.xx.fbcdn.net/v/t39.30808-6/315975375_507472438082689_2768571998869112431_n.jpg?stp=dst-jpg_s600x600&amp;_nc_cat=101&amp;ccb=1-7&amp;_nc_sid=8bfeb9&amp;_nc_ohc=wyu79NFn2EgAX9Y5VVh&amp;_nc_ht=scontent-mad1-1.xx&amp;oh=00_AfC8qu8roJCWpG4lPfA8eDTFGQoRjAvUNSJcbTaFQuFHpg&amp;oe=63F0C932"></p>
<p>&nbsp;</p>
<p>Actividades para conseguir un consumo responsable, para familias y alumnado&nbsp;</p>
<p><a href="https://blogsaverroes.juntadeandalucia.es/ceipgenarorincon/files/2023/01/Cartel-día-de-la-bicicleta.png"><img loading="lazy" decoding="async" class="" src="https://scontent-mad1-1.xx.fbcdn.net/v/t39.30808-6/312907538_486152796881320_7422837957960692967_n.jpg?_nc_cat=111&amp;ccb=1-7&amp;_nc_sid=730e14&amp;_nc_ohc=w9D-a5uV26gAX-4ZOcB&amp;_nc_ht=scontent-mad1-1.xx&amp;oh=00_AfDlQGjT_nKbbQ8pBTAgWZIlTkTNuFoPfYsmnwPiqqbGLQ&amp;oe=63F17F71" alt="Puede ser una imagen de texto que dice &quot;responsable? ¡CLARO! Reducir este impacto puede ser más sencillo de lo que piensas. ALIMENTACIÓN SALUDABLE Priorizar productos provengan de fuentes ostenibles aquellos tengan un trato ético con mediambiente. AHORRAAGUA Evita desperdiciar agua mientras los dientes, etc. duchas, REDUCE, REUTILIZA RECICLA PARA DESPERDICIAR MENOS Separar minimizarla generaciónd de residuos, comotransformarlos on otros nuevos. CONTROLARLO GASTOS Identificar producto servicio que vαs adquirir una necesidad un deseo. ACTIVA EJERCICIO valores como respeto humor uSO INTELIGENTE DE ENERGÍA ahorrar energia para proteger&quot;" width="797" height="797"></a></p>
<h1>&nbsp;</h1>
<h1><img decoding="async" src="https://scontent-mad1-1.xx.fbcdn.net/v/t39.30808-6/316832108_512692837560649_23355569863853963_n.jpg?stp=dst-jpg_s600x600&amp;_nc_cat=103&amp;ccb=1-7&amp;_nc_sid=8bfeb9&amp;_nc_ohc=zVrbMSL3T7gAX99vMbE&amp;_nc_ht=scontent-mad1-1.xx&amp;oh=00_AfAXOBC59daSkAeHImKIulaqR1QkELf3ghhPYB0fhKt1Vw&amp;oe=63F268D7"></h1>
<h1>&nbsp;</h1>
<h1>&nbsp;</h1>
<h1>&nbsp;</h1>
<h1>&nbsp;</h1>
<h1>&nbsp;</h1>
<h1 style="text-align: center"><span style="color: #339966">CURSO 2021/2022</span></h1>
<h1 style="text-align: center">ACTIVIDADES PROGRAMA DE HÁBITOS DE VIDA SALUDABLE</h1>
<h1 style="text-align: center">CRECIENDO EN SALUD</h1>
<h2 style="text-align: center">&nbsp;</h2>
<h2 style="text-align: center"><a href="https://blogsaverroes.juntadeandalucia.es/ceipgenarorincon/files/2021/10/PROGRAMA-HÁBITOS-DE-VIDA-SALUDABLE-20-21.pdf">PROGRAMA HÁBITOS DE VIDA SALUDABLE 21-22</a></h2>
<p>&nbsp;</p>
<p>&nbsp;</p>
<p>&nbsp;</p>
<p>&nbsp;</p>
<p>&nbsp;</p>
<p>&nbsp;</p>
<p><a href="https://blogsaverroes.juntadeandalucia.es/ceipgenarorincon/files/2020/03/PROGRAMA-HABITOS-DE-VIDA-SALUDABLE.pdf" target="_blank" rel="noopener noreferrer">PROGRAMA HABITOS DE VIDA SALUDABLE</a></p>
<p><a href="https://blogsaverroes.juntadeandalucia.es/ceipgenarorincon/files/2020/11/PROGRAMA-HÁBITOS-DE-VIDA-SALUDABLE-20-21.pdf">PROGRAMA HÁBITOS DE VIDA SALUDABLE 20-21</a></p>

<p>CURSO 2022-2023 Este es el sexto año consecutivo que participamos en el programa “Hábitos de vida saludable” y lo afrontamos con muchas ganas e ilusión y con bastantes novedades. Vamos a seguir desarrollando en&#46;&#46;&#46;</p>
