{"id":35,"date":"2015-03-13T08:21:43","date_gmt":"2015-03-13T08:21:43","guid":{"rendered":"http:\/\/blogsaverroes.juntadeandalucia.es\/pre\/ceip\/?page_id=35"},"modified":"2021-04-06T10:05:30","modified_gmt":"2021-04-06T10:05:30","slug":"el-centro-2","status":"publish","type":"page","link":"https:\/\/blogsaverroes.juntadeandalucia.es\/ceipgenarorincon\/el-centro-2\/","title":{"rendered":"Datos del centro"},"content":{"rendered":"<h4><strong>Datos de contacto<\/strong><\/h4>\n<p>Ceip. Maestro Genaro Rinc\u00f3n<\/p>\n<p><strong>Direcci\u00f3n:<\/strong> Sierra Nevada 13 . Caleta de V\u00e9lez. 29751<\/p>\n<p><strong>Tel\u00e9fonos :<\/strong><\/p>\n<p><strong>&nbsp;Secretaria&#8230;&#8230;&#8230;&#8230;&#8230;951289933&nbsp; &nbsp;\/&nbsp; &nbsp;<\/strong><strong>677902177<\/strong><\/p>\n<p><strong>Direcci\u00f3n &#8230;&#8230;&#8230;&#8230;&#8230;.697952734<\/strong><\/p>\n<p><strong>Email: 29008437.edu@juntadeandalucia.es<\/strong><\/p>\n<p>&nbsp;<\/p>\n<p><strong><a href=\"http:\/\/www.facebook.com\/CEIP-Maestro-GenaroRincon112467410123596\/?modal=admin_todo_to ur\" target=\"_blank\" rel=\"noopener noreferrer\">&nbsp;P\u00e1gina Facebook<\/a>:&nbsp;<\/strong><\/p>\n<p>https:\/\/www.facebook.com\/CEIP-Maestro-Genaro-Rinc%C3%B3n-112467410123596\/<\/p>\n<p>&nbsp;<\/p>\n<h4><strong>Oferta educativa<\/strong><\/h4>\n<p>Nuestro centro ofrece la siguiente oferta educativa:<\/p>\n<ul>\n<li>Segundo Ciclo de Educaci\u00f3n Infantil ( 3, 4 y 5 a\u00f1os)<\/li>\n<li>Primaria ( De 1\u00ba a 6\u00ba )<\/li>\n<li>Primer Ciclo de ESO (1\u00ba y 2\u00ba )<\/li>\n<\/ul>\n<p><strong>Jornada Escolar&nbsp;<\/strong><\/p>\n<ul style=\"list-style-type: circle\">\n<li><strong>Infantil y Primaria : de 9 a 14 horas<\/strong><\/li>\n<li><strong>ESO: de 8 a 14:30 horas<\/strong><\/li>\n<\/ul>\n<p><strong>Localizaci\u00f3n<\/strong><br \/>\n<iframe loading=\"lazy\" src=\"https:\/\/www.google.com\/maps\/embed?pb=!1m18!1m12!1m3!1d3196.824380842843!2d-4.06380548522192!3d36.75078627818043!2m3!1f0!2f0!3f0!3m2!1i1024!2i768!4f13.1!3m3!1m2!1s0xd72387c81696bcb%3A0x8847e26d2c4604a9!2sColegio%20Publico%20Genaro%20Rincon!5e0!3m2!1ses!2ses!4v1617702957739!5m2!1ses!2ses\" width=\"600\" height=\"450\"><\/iframe><br \/>\n&nbsp;<a href=\"https:\/\/goo.gl\/maps\/BBWT4JQ47EyWWzt29\">Mapa<\/a><\/p>\n<p><strong>Latitud: 36.75089036057192<\/strong><br \/>\n<strong>Longitud: -4.061746819329355<\/strong><\/p>\n","protected":false},"excerpt":{"rendered":"<p>Datos de contacto Ceip. Maestro Genaro Rinc\u00f3n Direcci\u00f3n: Sierra Nevada 13 . Caleta de V\u00e9lez. 29751 Tel\u00e9fonos : &nbsp;Secretaria&#8230;&#8230;&#8230;&#8230;&#8230;951289933&nbsp; &nbsp;\/&nbsp; &nbsp;677902177 Direcci\u00f3n &#8230;&#8230;&#8230;&#8230;&#8230;.697952734 Email: 29008437.edu@juntadeandalucia.es &nbsp; &nbsp;P\u00e1gina Facebook:&nbsp; https:\/\/www.facebook.com\/CEIP-Maestro-Genaro-Rinc%C3%B3n-112467410123596\/ &nbsp; Oferta educativa Nuestro centro&#46;&#46;&#46;<\/p>\n","protected":false},"author":1,"featured_media":0,"parent":0,"menu_order":0,"comment_status":"closed","ping_status":"open","template":"page-cs.php","meta":{"ngg_post_thumbnail":0,"footnotes":"","_mc_calendar":[]},"aioseo_notices":[],"_links":{"self":[{"href":"https:\/\/blogsaverroes.juntadeandalucia.es\/ceipgenarorincon\/wp-json\/wp\/v2\/pages\/35"}],"collection":[{"href":"https:\/\/blogsaverroes.juntadeandalucia.es\/ceipgenarorincon\/wp-json\/wp\/v2\/pages"}],"about":[{"href":"https:\/\/blogsaverroes.juntadeandalucia.es\/ceipgenarorincon\/wp-json\/wp\/v2\/types\/page"}],"author":[{"embeddable":true,"href":"https:\/\/blogsaverroes.juntadeandalucia.es\/ceipgenarorincon\/wp-json\/wp\/v2\/users\/1"}],"replies":[{"embeddable":true,"href":"https:\/\/blogsaverroes.juntadeandalucia.es\/ceipgenarorincon\/wp-json\/wp\/v2\/comments?post=35"}],"version-history":[{"count":36,"href":"https:\/\/blogsaverroes.juntadeandalucia.es\/ceipgenarorincon\/wp-json\/wp\/v2\/pages\/35\/revisions"}],"predecessor-version":[{"id":4264,"href":"https:\/\/blogsaverroes.juntadeandalucia.es\/ceipgenarorincon\/wp-json\/wp\/v2\/pages\/35\/revisions\/4264"}],"wp:attachment":[{"href":"https:\/\/blogsaverroes.juntadeandalucia.es\/ceipgenarorincon\/wp-json\/wp\/v2\/media?parent=35"}],"curies":[{"name":"wp","href":"https:\/\/api.w.org\/{rel}","templated":true}]}}