{"id":5402,"date":"2022-06-01T07:56:12","date_gmt":"2022-06-01T07:56:12","guid":{"rendered":"https:\/\/blogsaverroes.juntadeandalucia.es\/ceipgenarorincon\/?page_id=5402"},"modified":"2023-01-24T12:45:59","modified_gmt":"2023-01-24T12:45:59","slug":"proa-transformate","status":"publish","type":"page","link":"https:\/\/blogsaverroes.juntadeandalucia.es\/ceipgenarorincon\/proa-transformate\/","title":{"rendered":"PROA TRANSFORMATE +"},"content":{"rendered":"<h1 style=\"text-align: center\"><span style=\"color: #008000\">PROA TRANSF\u00d3RMATE +<\/span><\/h1>\n<p><a href=\"https:\/\/blogsaverroes.juntadeandalucia.es\/ceipgenarorincon\/files\/2022\/06\/GG.jpg\"><img loading=\"lazy\" decoding=\"async\" class=\"alignnone size-medium wp-image-5412\" src=\"https:\/\/blogsaverroes.juntadeandalucia.es\/ceipgenarorincon\/files\/2022\/06\/GG-300x87.jpg\" alt=\"\" width=\"300\" height=\"87\" srcset=\"https:\/\/blogsaverroes.juntadeandalucia.es\/ceipgenarorincon\/files\/2022\/06\/GG-300x87.jpg 300w, https:\/\/blogsaverroes.juntadeandalucia.es\/ceipgenarorincon\/files\/2022\/06\/GG.jpg 430w\" sizes=\"(max-width: 300px) 100vw, 300px\" \/><\/a> <a href=\"https:\/\/blogsaverroes.juntadeandalucia.es\/ceipgenarorincon\/files\/2022\/06\/R.jpg\"><img loading=\"lazy\" decoding=\"async\" class=\"alignnone size-medium wp-image-5413\" src=\"https:\/\/blogsaverroes.juntadeandalucia.es\/ceipgenarorincon\/files\/2022\/06\/R-300x88.jpg\" alt=\"\" width=\"300\" height=\"88\" srcset=\"https:\/\/blogsaverroes.juntadeandalucia.es\/ceipgenarorincon\/files\/2022\/06\/R-300x88.jpg 300w, https:\/\/blogsaverroes.juntadeandalucia.es\/ceipgenarorincon\/files\/2022\/06\/R.jpg 421w\" sizes=\"(max-width: 300px) 100vw, 300px\" \/><\/a> <a href=\"https:\/\/blogsaverroes.juntadeandalucia.es\/ceipgenarorincon\/files\/2022\/06\/PP.png\"><img loading=\"lazy\" decoding=\"async\" class=\"alignnone size-medium wp-image-5414\" src=\"https:\/\/blogsaverroes.juntadeandalucia.es\/ceipgenarorincon\/files\/2022\/06\/PP-300x91.png\" alt=\"\" width=\"300\" height=\"91\" srcset=\"https:\/\/blogsaverroes.juntadeandalucia.es\/ceipgenarorincon\/files\/2022\/06\/PP-300x91.png 300w, https:\/\/blogsaverroes.juntadeandalucia.es\/ceipgenarorincon\/files\/2022\/06\/PP.png 349w\" sizes=\"(max-width: 300px) 100vw, 300px\" \/><\/a> <a href=\"https:\/\/blogsaverroes.juntadeandalucia.es\/ceipgenarorincon\/files\/2022\/06\/TP.jpg\"><img loading=\"lazy\" decoding=\"async\" class=\"alignnone size-medium wp-image-5415\" src=\"https:\/\/blogsaverroes.juntadeandalucia.es\/ceipgenarorincon\/files\/2022\/06\/TP-300x169.jpg\" alt=\"\" width=\"300\" height=\"169\" srcset=\"https:\/\/blogsaverroes.juntadeandalucia.es\/ceipgenarorincon\/files\/2022\/06\/TP-300x169.jpg 300w, https:\/\/blogsaverroes.juntadeandalucia.es\/ceipgenarorincon\/files\/2022\/06\/TP.jpg 312w\" sizes=\"(max-width: 300px) 100vw, 300px\" \/><\/a><\/p>\n<p>&nbsp;<\/p>\n<p>Nuestro centro participar\u00e1 en un nuevo programa educativo denominado <strong>PROA + TRANSF\u00d3RMATE<\/strong>, orientado y dirigido a mejorar la calidad, equidad, inclusi\u00f3n y el \u00e9xito educativo entre todo el alumnado. Dicho programa es impulsado desde la Consejer\u00eda de Educaci\u00f3n y Deporte de la Junta de Andaluc\u00eda con la financiaci\u00f3n de la <strong>UNI\u00d3N EUROPEA<\/strong>..<\/p>\n<p>El objetivo general es fortalecer a los centros docentes p\u00fablicos con mayor porcentaje de alumnado en situaci\u00f3n de vulnerabilidad socioeducativa, creando una cultura que busque el \u00e9xito y la permanencia en el Sistema Educativo de todo el alumnado<\/p>\n<p>Principios pedag\u00f3gicos y l\u00edneas estrat\u00e9gicas.<br \/>\n1. Se consideran, como n\u00facleo fundamental del Programa, los siguientes principios pedag\u00f3gicos:<br \/>\na) La equidad, que garantiza la igualdad de oportunidades dentro de los centros.<br \/>\nb) La educaci\u00f3n inclusiva.<br \/>\nc) Las expectativas positivas sobre las posibilidades de \u00e9xito de todo el alumnado.<br \/>\nd) El acompa\u00f1amiento, la prevenci\u00f3n y la detecci\u00f3n temprana de las dificultades de aprendizaje, y la<br \/>\npuesta en marcha de mecanismos de refuerzo.<br \/>\ne) La especial atenci\u00f3n al desarrollo del \u00e1mbito socio-afectivo del alumnado.<br \/>\nf) El uso del conocimiento acumulado para la mejora continua del proceso de ense\u00f1anza-aprendizaje.<br \/>\n2. Estos principios pedag\u00f3gicos gu\u00edan las cinco l\u00edneas estrat\u00e9gicas que sustentan el Programa:<br \/>\na) Asegurar las condiciones m\u00ednimas de educabilidad del alumnado.<br \/>\nb) Apoyar al alumnado con dificultades de aprendizaje.<br \/>\nc) Desarrollar actitudes positivas en el centro docente.<br \/>\nd) Mejorar el proceso de ense\u00f1anza y aprendizaje en aquellos aspectos relacionados con las<br \/>\ncompetencias clave.<\/p>\n<p>) Aplicar nuevas formas de organizaci\u00f3n y gesti\u00f3n del centro docente orientadas a mejorar el \u00e9xito<br \/>\neducativo de todo el alumnado.<\/p>\n<p>&nbsp;<\/p>\n<h1 style=\"text-align: center\"><strong><span style=\"color: #339966\">CURSO 2022-2023<\/span><\/strong><\/h1>\n<p>La sociedad espa\u00f1ola del siglo XXI tiene la convicci\u00f3n de que es necesario mejorar la calidad de la educaci\u00f3n, y que este beneficio debe llegar a toda la ciudadan\u00eda, sin ning\u00fan tipo de exclusi\u00f3n. Existe la firme creencia de que&nbsp;calidad y equidad son conceptos inseparables&nbsp;y que, tal y como se ha constatado en diferentes evaluaciones internacionales, ambos principios son compatibles y no deben considerarse objetivos antag\u00f3nicos.<\/p>\n<p>El primer principio fundamental en el que se sustenta la&nbsp;LOMLOE es el de proporcionar una&nbsp;educaci\u00f3n de calidad a toda la ciudadan\u00eda,&nbsp;en todos los niveles del sistema educativo. Tras haber conseguido que todos los ciudadanos est\u00e9n escolarizados hasta los diecis\u00e9is a\u00f1os de edad, el objetivo ahora consiste en mejorar los resultados generales y en reducir las altas tasas de alumnado sin titulaci\u00f3n al finalizar la educaci\u00f3n b\u00e1sica, as\u00ed como el abandono escolar temprano. Se trata de conseguir que todos los ciudadanos alcancen el m\u00e1ximo desarrollo posible de sus capacidades individuales, sociales, intelectuales, culturales y emocionales, para lo que necesitan recibir una educaci\u00f3n de calidad adaptada a sus necesidades. Al mismo tiempo se les debe prestar los necesarios apoyos, tanto al alumnado que los requiera como a los centros en los que se encuentran escolarizados, con el fin de garantizar una igualdad efectiva de oportunidades.&nbsp;En suma,&nbsp;se trata de mejorar el nivel educativo de todo el alumnado,&nbsp;conciliando la calidad de la educaci\u00f3n con la equidad de su reparto.&nbsp;Para ello es necesario un esfuerzo compartido de las familias, el profesorado, los centros docentes, las Administraciones educativas y la sociedad en su conjunto.<\/p>\n<p>En la Resoluci\u00f3n del&nbsp;Consejo de la Uni\u00f3n Europea&nbsp;2021\/C\/66\/01 relativa a un Marco Estrat\u00e9gico para la Cooperaci\u00f3n Europea en Educaci\u00f3n y Formaci\u00f3n con miras hacia el Espacio Europeo de Educaci\u00f3n y m\u00e1s all\u00e1 (2021\u20132030), se establece como&nbsp;prioridad estrat\u00e9gica para la pr\u00f3xima d\u00e9cada mejorar la calidad, la equidad, la inclusi\u00f3n y el \u00e9xito para todos&nbsp;en la educaci\u00f3n y formaci\u00f3n. Para la UE, la visi\u00f3n de la calidad en la educaci\u00f3n y la formaci\u00f3n hace que el dominio de las competencias clave, incluidas las destrezas b\u00e1sicas, sean bases fundamentales para el \u00e9xito futuro, respaldado por profesorado y educadores altamente cualificados y motivados, as\u00ed como por otros profesionales de la educaci\u00f3n.&nbsp;El abandono temprano&nbsp;de la educaci\u00f3n supone una merma en las oportunidades socio\/econ\u00f3micas de la poblaci\u00f3n. Si bien este indicador se ha reducido durante la \u00faltima d\u00e9cada, contin\u00faa suponiendo un desaf\u00edo para las Administraciones Educativas, sobre todo cuando ya se empiezan a vislumbrar las consecuencias de la pandemia de la COVID-19. Por consiguiente, deben continuar los esfuerzos para reducir el abandono temprano de la educaci\u00f3n y que&nbsp;m\u00e1s j\u00f3venes consigan una cualificaci\u00f3n de educaci\u00f3n secundaria posobligatoria.&nbsp;Por otra parte, aunque los sistemas educativos han sido capaces de mejorar los resultados, sigue pendiente la identificaci\u00f3n de las pol\u00edticas que promueven el \u00e9xito educativo de todo el alumnado. Por tanto, deben ser adoptadas medidas para asegurar la formaci\u00f3n y el \u00e9xito escolar del alumnado vulnerable, en un sentido global y en una perspectiva de aprendizaje permanente.<\/p>\n<p><strong>Objetivos de la UE para 2030<\/strong><\/p>\n<p>La UE ha establecido, entre otros, los siguientes indicadores a alcanzar:<\/p>\n<ul>\n<li>El alumnado de 15 a\u00f1os con bajo rendimiento en comprensi\u00f3n lectora, matem\u00e1ticas y ciencias debe ser menor del 15% en 2030.<\/li>\n<li>El alumnado de 15 a\u00f1os con bajo rendimiento en competencia digital debe ser menor del 15% en 2030.<\/li>\n<li>El alumnado con Abandono Temprano de la Educaci\u00f3n debe ser menor del 9% en 2030.<\/li>\n<\/ul>\n<p><a href=\"https:\/\/educacionadistancia.juntadeandalucia.es\/profesorado\/pluginfile.php\/1727003\/mod_resource\/content\/3\/index.html\">https:\/\/educacionadistancia.juntadeandalucia.es\/profesorado\/pluginfile.php\/1727003\/mod_resource\/content\/3\/index.html<\/a><\/p>\n<p>Para el planteamiento de este programa se han tenido en cuenta, y son un elemento nuclear, los siguientes&nbsp;<strong>principios pedag\u00f3gicos<\/strong>&nbsp;recogidos en la LOMLOE, en adelante, principios pedag\u00f3gicos PROA+:<\/p>\n<ul>\n<li>La&nbsp;<strong>equidad<\/strong>,&nbsp;que garantice la igualdad de oportunidades en el acceso, el proceso y resultados educativos, y la no segregaci\u00f3n dentro de los centros.<\/li>\n<li>La&nbsp;<strong>educaci\u00f3n inclusiva<\/strong>&nbsp;como principio fundamental, donde todos los j\u00f3venes aprenden juntos y se atiende la diversidad de todo el alumnado.<\/li>\n<li><strong>Expectativas positivas<\/strong>&nbsp;sobre las posibilidades de \u00e9xito de todo el alumnado.<\/li>\n<li><strong>Acompa\u00f1amiento y orientaci\u00f3n, prevenci\u00f3n y detecci\u00f3n temprana de las dificultades de aprendizaje<\/strong>, y puesta en marcha de mecanismos de refuerzo tan pronto se detectan las dificultades.<\/li>\n<li><strong>Relevancia de la educaci\u00f3n no cognitiva<\/strong>&nbsp;(socioemocional) para los aprendizajes y bienestar futuro.<\/li>\n<li><strong>Uso del conocimiento acumulado<\/strong>&nbsp;para la mejora continua del proceso de ense\u00f1anza aprendizaje.<\/li>\n<\/ul>\n<p>&nbsp;<\/p>\n<p>&nbsp;<\/p>\n<h1>&nbsp;<\/h1>\n<h1><strong><span style=\"color: #ff0000\">NUESTRA PROPUESTA&nbsp; CURSO 21-22<\/span><\/strong><\/h1>\n<p>&nbsp;<\/p>\n<p><a href=\"https:\/\/blogsaverroes.juntadeandalucia.es\/ceipgenarorincon\/files\/2022\/04\/PROA_page-0001.jpg\"><img loading=\"lazy\" decoding=\"async\" class=\" wp-image-5346 aligncenter\" src=\"https:\/\/blogsaverroes.juntadeandalucia.es\/ceipgenarorincon\/files\/2022\/04\/PROA_page-0001-212x300.jpg\" alt=\"\" width=\"412\" height=\"583\" srcset=\"https:\/\/blogsaverroes.juntadeandalucia.es\/ceipgenarorincon\/files\/2022\/04\/PROA_page-0001-212x300.jpg 212w, https:\/\/blogsaverroes.juntadeandalucia.es\/ceipgenarorincon\/files\/2022\/04\/PROA_page-0001-724x1024.jpg 724w, https:\/\/blogsaverroes.juntadeandalucia.es\/ceipgenarorincon\/files\/2022\/04\/PROA_page-0001-768x1086.jpg 768w, https:\/\/blogsaverroes.juntadeandalucia.es\/ceipgenarorincon\/files\/2022\/04\/PROA_page-0001-1086x1536.jpg 1086w, https:\/\/blogsaverroes.juntadeandalucia.es\/ceipgenarorincon\/files\/2022\/04\/PROA_page-0001.jpg 1131w\" sizes=\"(max-width: 412px) 100vw, 412px\" \/><\/a><\/p>\n<p>&nbsp;<\/p>\n<p>en el siguiente enlace podemos ver v\u00eddeos del taller de Metroflexia en infantil y primer ciclo de primaria&nbsp;<\/p>\n<p><a title=\"VIDEOS DE METROFLEXIA\" href=\"http:\/\/VIDEOS DE METROFLEXIA\" target=\"_blank\" rel=\"noopener noreferrer\">VIDEOS DE METROFLEXIA<\/a><\/p>\n<h1>NUESTRA PROPUESTA CURSO 2022-2023<\/h1>\n<p>En Educaci\u00f3n Infantil se ha retomado la actividad de METROFLEXIA , con una sesi\u00f3n semanal.&nbsp;<\/p>\n","protected":false},"excerpt":{"rendered":"<p>PROA TRANSF\u00d3RMATE + &nbsp; Nuestro centro participar\u00e1 en un nuevo programa educativo denominado PROA + TRANSF\u00d3RMATE, orientado y dirigido a mejorar la calidad, equidad, inclusi\u00f3n y el \u00e9xito educativo entre todo el alumnado. Dicho&#46;&#46;&#46;<\/p>\n","protected":false},"author":2037,"featured_media":0,"parent":0,"menu_order":0,"comment_status":"closed","ping_status":"closed","template":"","meta":{"ngg_post_thumbnail":0,"footnotes":"","_mc_calendar":[]},"aioseo_notices":[],"_links":{"self":[{"href":"https:\/\/blogsaverroes.juntadeandalucia.es\/ceipgenarorincon\/wp-json\/wp\/v2\/pages\/5402"}],"collection":[{"href":"https:\/\/blogsaverroes.juntadeandalucia.es\/ceipgenarorincon\/wp-json\/wp\/v2\/pages"}],"about":[{"href":"https:\/\/blogsaverroes.juntadeandalucia.es\/ceipgenarorincon\/wp-json\/wp\/v2\/types\/page"}],"author":[{"embeddable":true,"href":"https:\/\/blogsaverroes.juntadeandalucia.es\/ceipgenarorincon\/wp-json\/wp\/v2\/users\/2037"}],"replies":[{"embeddable":true,"href":"https:\/\/blogsaverroes.juntadeandalucia.es\/ceipgenarorincon\/wp-json\/wp\/v2\/comments?post=5402"}],"version-history":[{"count":8,"href":"https:\/\/blogsaverroes.juntadeandalucia.es\/ceipgenarorincon\/wp-json\/wp\/v2\/pages\/5402\/revisions"}],"predecessor-version":[{"id":5567,"href":"https:\/\/blogsaverroes.juntadeandalucia.es\/ceipgenarorincon\/wp-json\/wp\/v2\/pages\/5402\/revisions\/5567"}],"wp:attachment":[{"href":"https:\/\/blogsaverroes.juntadeandalucia.es\/ceipgenarorincon\/wp-json\/wp\/v2\/media?parent=5402"}],"curies":[{"name":"wp","href":"https:\/\/api.w.org\/{rel}","templated":true}]}}

<h1 style="text-align: center"><span style="color: #008000">PROA TRANSFÓRMATE +</span></h1>
<p><a href="https://blogsaverroes.juntadeandalucia.es/ceipgenarorincon/files/2022/06/GG.jpg"><img loading="lazy" decoding="async" class="alignnone size-medium wp-image-5412" src="https://blogsaverroes.juntadeandalucia.es/ceipgenarorincon/files/2022/06/GG-300x87.jpg" alt="" width="300" height="87" srcset="https://blogsaverroes.juntadeandalucia.es/ceipgenarorincon/files/2022/06/GG-300x87.jpg 300w, https://blogsaverroes.juntadeandalucia.es/ceipgenarorincon/files/2022/06/GG.jpg 430w" sizes="(max-width: 300px) 100vw, 300px" /></a> <a href="https://blogsaverroes.juntadeandalucia.es/ceipgenarorincon/files/2022/06/R.jpg"><img loading="lazy" decoding="async" class="alignnone size-medium wp-image-5413" src="https://blogsaverroes.juntadeandalucia.es/ceipgenarorincon/files/2022/06/R-300x88.jpg" alt="" width="300" height="88" srcset="https://blogsaverroes.juntadeandalucia.es/ceipgenarorincon/files/2022/06/R-300x88.jpg 300w, https://blogsaverroes.juntadeandalucia.es/ceipgenarorincon/files/2022/06/R.jpg 421w" sizes="(max-width: 300px) 100vw, 300px" /></a> <a href="https://blogsaverroes.juntadeandalucia.es/ceipgenarorincon/files/2022/06/PP.png"><img loading="lazy" decoding="async" class="alignnone size-medium wp-image-5414" src="https://blogsaverroes.juntadeandalucia.es/ceipgenarorincon/files/2022/06/PP-300x91.png" alt="" width="300" height="91" srcset="https://blogsaverroes.juntadeandalucia.es/ceipgenarorincon/files/2022/06/PP-300x91.png 300w, https://blogsaverroes.juntadeandalucia.es/ceipgenarorincon/files/2022/06/PP.png 349w" sizes="(max-width: 300px) 100vw, 300px" /></a> <a href="https://blogsaverroes.juntadeandalucia.es/ceipgenarorincon/files/2022/06/TP.jpg"><img loading="lazy" decoding="async" class="alignnone size-medium wp-image-5415" src="https://blogsaverroes.juntadeandalucia.es/ceipgenarorincon/files/2022/06/TP-300x169.jpg" alt="" width="300" height="169" srcset="https://blogsaverroes.juntadeandalucia.es/ceipgenarorincon/files/2022/06/TP-300x169.jpg 300w, https://blogsaverroes.juntadeandalucia.es/ceipgenarorincon/files/2022/06/TP.jpg 312w" sizes="(max-width: 300px) 100vw, 300px" /></a></p>
<p>&nbsp;</p>
<p>Nuestro centro participará en un nuevo programa educativo denominado <strong>PROA + TRANSFÓRMATE</strong>, orientado y dirigido a mejorar la calidad, equidad, inclusión y el éxito educativo entre todo el alumnado. Dicho programa es impulsado desde la Consejería de Educación y Deporte de la Junta de Andalucía con la financiación de la <strong>UNIÓN EUROPEA</strong>..</p>
<p>El objetivo general es fortalecer a los centros docentes públicos con mayor porcentaje de alumnado en situación de vulnerabilidad socioeducativa, creando una cultura que busque el éxito y la permanencia en el Sistema Educativo de todo el alumnado</p>
<p>Principios pedagógicos y líneas estratégicas.<br />
1. Se consideran, como núcleo fundamental del Programa, los siguientes principios pedagógicos:<br />
a) La equidad, que garantiza la igualdad de oportunidades dentro de los centros.<br />
b) La educación inclusiva.<br />
c) Las expectativas positivas sobre las posibilidades de éxito de todo el alumnado.<br />
d) El acompañamiento, la prevención y la detección temprana de las dificultades de aprendizaje, y la<br />
puesta en marcha de mecanismos de refuerzo.<br />
e) La especial atención al desarrollo del ámbito socio-afectivo del alumnado.<br />
f) El uso del conocimiento acumulado para la mejora continua del proceso de enseñanza-aprendizaje.<br />
2. Estos principios pedagógicos guían las cinco líneas estratégicas que sustentan el Programa:<br />
a) Asegurar las condiciones mínimas de educabilidad del alumnado.<br />
b) Apoyar al alumnado con dificultades de aprendizaje.<br />
c) Desarrollar actitudes positivas en el centro docente.<br />
d) Mejorar el proceso de enseñanza y aprendizaje en aquellos aspectos relacionados con las<br />
competencias clave.</p>
<p>) Aplicar nuevas formas de organización y gestión del centro docente orientadas a mejorar el éxito<br />
educativo de todo el alumnado.</p>
<p>&nbsp;</p>
<h1 style="text-align: center"><strong><span style="color: #339966">CURSO 2022-2023</span></strong></h1>
<p>La sociedad española del siglo XXI tiene la convicción de que es necesario mejorar la calidad de la educación, y que este beneficio debe llegar a toda la ciudadanía, sin ningún tipo de exclusión. Existe la firme creencia de que&nbsp;calidad y equidad son conceptos inseparables&nbsp;y que, tal y como se ha constatado en diferentes evaluaciones internacionales, ambos principios son compatibles y no deben considerarse objetivos antagónicos.</p>
<p>El primer principio fundamental en el que se sustenta la&nbsp;LOMLOE es el de proporcionar una&nbsp;educación de calidad a toda la ciudadanía,&nbsp;en todos los niveles del sistema educativo. Tras haber conseguido que todos los ciudadanos estén escolarizados hasta los dieciséis años de edad, el objetivo ahora consiste en mejorar los resultados generales y en reducir las altas tasas de alumnado sin titulación al finalizar la educación básica, así como el abandono escolar temprano. Se trata de conseguir que todos los ciudadanos alcancen el máximo desarrollo posible de sus capacidades individuales, sociales, intelectuales, culturales y emocionales, para lo que necesitan recibir una educación de calidad adaptada a sus necesidades. Al mismo tiempo se les debe prestar los necesarios apoyos, tanto al alumnado que los requiera como a los centros en los que se encuentran escolarizados, con el fin de garantizar una igualdad efectiva de oportunidades.&nbsp;En suma,&nbsp;se trata de mejorar el nivel educativo de todo el alumnado,&nbsp;conciliando la calidad de la educación con la equidad de su reparto.&nbsp;Para ello es necesario un esfuerzo compartido de las familias, el profesorado, los centros docentes, las Administraciones educativas y la sociedad en su conjunto.</p>
<p>En la Resolución del&nbsp;Consejo de la Unión Europea&nbsp;2021/C/66/01 relativa a un Marco Estratégico para la Cooperación Europea en Educación y Formación con miras hacia el Espacio Europeo de Educación y más allá (2021–2030), se establece como&nbsp;prioridad estratégica para la próxima década mejorar la calidad, la equidad, la inclusión y el éxito para todos&nbsp;en la educación y formación. Para la UE, la visión de la calidad en la educación y la formación hace que el dominio de las competencias clave, incluidas las destrezas básicas, sean bases fundamentales para el éxito futuro, respaldado por profesorado y educadores altamente cualificados y motivados, así como por otros profesionales de la educación.&nbsp;El abandono temprano&nbsp;de la educación supone una merma en las oportunidades socio/económicas de la población. Si bien este indicador se ha reducido durante la última década, continúa suponiendo un desafío para las Administraciones Educativas, sobre todo cuando ya se empiezan a vislumbrar las consecuencias de la pandemia de la COVID-19. Por consiguiente, deben continuar los esfuerzos para reducir el abandono temprano de la educación y que&nbsp;más jóvenes consigan una cualificación de educación secundaria posobligatoria.&nbsp;Por otra parte, aunque los sistemas educativos han sido capaces de mejorar los resultados, sigue pendiente la identificación de las políticas que promueven el éxito educativo de todo el alumnado. Por tanto, deben ser adoptadas medidas para asegurar la formación y el éxito escolar del alumnado vulnerable, en un sentido global y en una perspectiva de aprendizaje permanente.</p>
<p><strong>Objetivos de la UE para 2030</strong></p>
<p>La UE ha establecido, entre otros, los siguientes indicadores a alcanzar:</p>
<ul>
<li>El alumnado de 15 años con bajo rendimiento en comprensión lectora, matemáticas y ciencias debe ser menor del 15% en 2030.</li>
<li>El alumnado de 15 años con bajo rendimiento en competencia digital debe ser menor del 15% en 2030.</li>
<li>El alumnado con Abandono Temprano de la Educación debe ser menor del 9% en 2030.</li>
</ul>
<p><a href="https://educacionadistancia.juntadeandalucia.es/profesorado/pluginfile.php/1727003/mod_resource/content/3/index.html">https://educacionadistancia.juntadeandalucia.es/profesorado/pluginfile.php/1727003/mod_resource/content/3/index.html</a></p>
<p>Para el planteamiento de este programa se han tenido en cuenta, y son un elemento nuclear, los siguientes&nbsp;<strong>principios pedagógicos</strong>&nbsp;recogidos en la LOMLOE, en adelante, principios pedagógicos PROA+:</p>
<ul>
<li>La&nbsp;<strong>equidad</strong>,&nbsp;que garantice la igualdad de oportunidades en el acceso, el proceso y resultados educativos, y la no segregación dentro de los centros.</li>
<li>La&nbsp;<strong>educación inclusiva</strong>&nbsp;como principio fundamental, donde todos los jóvenes aprenden juntos y se atiende la diversidad de todo el alumnado.</li>
<li><strong>Expectativas positivas</strong>&nbsp;sobre las posibilidades de éxito de todo el alumnado.</li>
<li><strong>Acompañamiento y orientación, prevención y detección temprana de las dificultades de aprendizaje</strong>, y puesta en marcha de mecanismos de refuerzo tan pronto se detectan las dificultades.</li>
<li><strong>Relevancia de la educación no cognitiva</strong>&nbsp;(socioemocional) para los aprendizajes y bienestar futuro.</li>
<li><strong>Uso del conocimiento acumulado</strong>&nbsp;para la mejora continua del proceso de enseñanza aprendizaje.</li>
</ul>
<p>&nbsp;</p>
<p>&nbsp;</p>
<h1>&nbsp;</h1>
<h1><strong><span style="color: #ff0000">NUESTRA PROPUESTA&nbsp; CURSO 21-22</span></strong></h1>
<p>&nbsp;</p>
<p><a href="https://blogsaverroes.juntadeandalucia.es/ceipgenarorincon/files/2022/04/PROA_page-0001.jpg"><img loading="lazy" decoding="async" class=" wp-image-5346 aligncenter" src="https://blogsaverroes.juntadeandalucia.es/ceipgenarorincon/files/2022/04/PROA_page-0001-212x300.jpg" alt="" width="412" height="583" srcset="https://blogsaverroes.juntadeandalucia.es/ceipgenarorincon/files/2022/04/PROA_page-0001-212x300.jpg 212w, https://blogsaverroes.juntadeandalucia.es/ceipgenarorincon/files/2022/04/PROA_page-0001-724x1024.jpg 724w, https://blogsaverroes.juntadeandalucia.es/ceipgenarorincon/files/2022/04/PROA_page-0001-768x1086.jpg 768w, https://blogsaverroes.juntadeandalucia.es/ceipgenarorincon/files/2022/04/PROA_page-0001-1086x1536.jpg 1086w, https://blogsaverroes.juntadeandalucia.es/ceipgenarorincon/files/2022/04/PROA_page-0001.jpg 1131w" sizes="(max-width: 412px) 100vw, 412px" /></a></p>
<p>&nbsp;</p>
<p>en el siguiente enlace podemos ver vídeos del taller de Metroflexia en infantil y primer ciclo de primaria&nbsp;</p>
<p><a title="VIDEOS DE METROFLEXIA" href="http://VIDEOS DE METROFLEXIA" target="_blank" rel="noopener noreferrer">VIDEOS DE METROFLEXIA</a></p>
<h1>NUESTRA PROPUESTA CURSO 2022-2023</h1>
<p>En Educación Infantil se ha retomado la actividad de METROFLEXIA , con una sesión semanal.&nbsp;</p>

<p>PROA TRANSFÓRMATE + &nbsp; Nuestro centro participará en un nuevo programa educativo denominado PROA + TRANSFÓRMATE, orientado y dirigido a mejorar la calidad, equidad, inclusión y el éxito educativo entre todo el alumnado. Dicho&#46;&#46;&#46;</p>
