{"id":870,"date":"2015-03-16T07:24:27","date_gmt":"2015-03-16T07:24:27","guid":{"rendered":"http:\/\/blogsaverroes.juntadeandalucia.es\/pre\/ceip\/?page_id=103"},"modified":"2025-01-20T14:39:14","modified_gmt":"2025-01-20T14:39:14","slug":"aula-matinal","status":"publish","type":"page","link":"https:\/\/blogsaverroes.juntadeandalucia.es\/ceipgenarorincon\/aula-matinal\/","title":{"rendered":"Aula Matinal"},"content":{"rendered":"<p><a href=\"https:\/\/blogsaverroes.juntadeandalucia.es\/ceipgenarorincon\/files\/2020\/04\/aula-matinal1.jpg\"><img loading=\"lazy\" decoding=\"async\" class=\"size-medium wp-image-2736 aligncenter\" src=\"https:\/\/blogsaverroes.juntadeandalucia.es\/ceipgenarorincon\/files\/2020\/04\/aula-matinal1-300x134.jpg\" alt=\"\" width=\"300\" height=\"134\" srcset=\"https:\/\/blogsaverroes.juntadeandalucia.es\/ceipgenarorincon\/files\/2020\/04\/aula-matinal1-300x134.jpg 300w, https:\/\/blogsaverroes.juntadeandalucia.es\/ceipgenarorincon\/files\/2020\/04\/aula-matinal1-24x11.jpg 24w, https:\/\/blogsaverroes.juntadeandalucia.es\/ceipgenarorincon\/files\/2020\/04\/aula-matinal1-36x16.jpg 36w, https:\/\/blogsaverroes.juntadeandalucia.es\/ceipgenarorincon\/files\/2020\/04\/aula-matinal1-48x22.jpg 48w, https:\/\/blogsaverroes.juntadeandalucia.es\/ceipgenarorincon\/files\/2020\/04\/aula-matinal1.jpg 750w\" sizes=\"(max-width: 300px) 100vw, 300px\" \/><\/a><\/p>\n<h4>&nbsp;<\/h4>\n<p>El <strong>Aula Matinal<\/strong> abre a las 7.30 horas de lunes a viernes, ofreciendo actividades diversas a los estudiantes hasta el comienzo del horario lectivo.<\/p>\n<p>Este servicio est\u00e1 dentro del Plan de Apoyo a las familias, y lo hacemos bajo un contrato con la empresa INCIDE (Inclusi\u00f3n Ciudadana diversidad y Educaci\u00f3n).&nbsp;<\/p>\n<p>En el&nbsp; aula Matinal tenemos tres monitores que realizan un gran trabajo<\/p>\n<p>&nbsp;<\/p>\n<p>Puede utilizarse cualquier d\u00eda previa inscripci\u00f3n y domiciliaci\u00f3n bancaria.<\/p>\n<p>Desc\u00e1rgate aqu\u00ed el formulario, rell\u00e9nalo y env\u00edanoslo por email&nbsp; o entr\u00e9galo en la secretar\u00eda del Colegio.<\/p>\n<p>&nbsp;<\/p>\n","protected":false},"excerpt":{"rendered":"<p>&nbsp; El Aula Matinal abre a las 7.30 horas de lunes a viernes, ofreciendo actividades diversas a los estudiantes hasta el comienzo del horario lectivo. Este servicio est\u00e1 dentro del Plan de Apoyo a&#46;&#46;&#46;<\/p>\n","protected":false},"author":1,"featured_media":0,"parent":0,"menu_order":0,"comment_status":"closed","ping_status":"open","template":"page-cs.php","meta":{"ngg_post_thumbnail":0,"footnotes":"","_mc_calendar":[]},"aioseo_notices":[],"_links":{"self":[{"href":"https:\/\/blogsaverroes.juntadeandalucia.es\/ceipgenarorincon\/wp-json\/wp\/v2\/pages\/870"}],"collection":[{"href":"https:\/\/blogsaverroes.juntadeandalucia.es\/ceipgenarorincon\/wp-json\/wp\/v2\/pages"}],"about":[{"href":"https:\/\/blogsaverroes.juntadeandalucia.es\/ceipgenarorincon\/wp-json\/wp\/v2\/types\/page"}],"author":[{"embeddable":true,"href":"https:\/\/blogsaverroes.juntadeandalucia.es\/ceipgenarorincon\/wp-json\/wp\/v2\/users\/1"}],"replies":[{"embeddable":true,"href":"https:\/\/blogsaverroes.juntadeandalucia.es\/ceipgenarorincon\/wp-json\/wp\/v2\/comments?post=870"}],"version-history":[{"count":15,"href":"https:\/\/blogsaverroes.juntadeandalucia.es\/ceipgenarorincon\/wp-json\/wp\/v2\/pages\/870\/revisions"}],"predecessor-version":[{"id":5782,"href":"https:\/\/blogsaverroes.juntadeandalucia.es\/ceipgenarorincon\/wp-json\/wp\/v2\/pages\/870\/revisions\/5782"}],"wp:attachment":[{"href":"https:\/\/blogsaverroes.juntadeandalucia.es\/ceipgenarorincon\/wp-json\/wp\/v2\/media?parent=870"}],"curies":[{"name":"wp","href":"https:\/\/api.w.org\/{rel}","templated":true}]}}

<p><a href="https://blogsaverroes.juntadeandalucia.es/ceipgenarorincon/files/2020/04/aula-matinal1.jpg"><img loading="lazy" decoding="async" class="size-medium wp-image-2736 aligncenter" src="https://blogsaverroes.juntadeandalucia.es/ceipgenarorincon/files/2020/04/aula-matinal1-300x134.jpg" alt="" width="300" height="134" srcset="https://blogsaverroes.juntadeandalucia.es/ceipgenarorincon/files/2020/04/aula-matinal1-300x134.jpg 300w, https://blogsaverroes.juntadeandalucia.es/ceipgenarorincon/files/2020/04/aula-matinal1-24x11.jpg 24w, https://blogsaverroes.juntadeandalucia.es/ceipgenarorincon/files/2020/04/aula-matinal1-36x16.jpg 36w, https://blogsaverroes.juntadeandalucia.es/ceipgenarorincon/files/2020/04/aula-matinal1-48x22.jpg 48w, https://blogsaverroes.juntadeandalucia.es/ceipgenarorincon/files/2020/04/aula-matinal1.jpg 750w" sizes="(max-width: 300px) 100vw, 300px" /></a></p>
<h4>&nbsp;</h4>
<p>El <strong>Aula Matinal</strong> abre a las 7.30 horas de lunes a viernes, ofreciendo actividades diversas a los estudiantes hasta el comienzo del horario lectivo.</p>
<p>Este servicio está dentro del Plan de Apoyo a las familias, y lo hacemos bajo un contrato con la empresa INCIDE (Inclusión Ciudadana diversidad y Educación).&nbsp;</p>
<p>En el&nbsp; aula Matinal tenemos tres monitores que realizan un gran trabajo</p>
<p>&nbsp;</p>
<p>Puede utilizarse cualquier día previa inscripción y domiciliación bancaria.</p>
<p>Descárgate aquí el formulario, rellénalo y envíanoslo por email&nbsp; o entrégalo en la secretaría del Colegio.</p>
<p>&nbsp;</p>

<p>&nbsp; El Aula Matinal abre a las 7.30 horas de lunes a viernes, ofreciendo actividades diversas a los estudiantes hasta el comienzo del horario lectivo. Este servicio está dentro del Plan de Apoyo a&#46;&#46;&#46;</p>
