{"id":1522,"date":"2025-05-08T17:37:30","date_gmt":"2025-05-08T17:37:30","guid":{"rendered":"https:\/\/blogsaverroes.juntadeandalucia.es\/ceipgenil\/?page_id=1522"},"modified":"2025-05-10T16:19:59","modified_gmt":"2025-05-10T16:19:59","slug":"programa-zts-impulsando-el-exito-educativo-y-social-en-nuestro-centro","status":"publish","type":"page","link":"https:\/\/blogsaverroes.juntadeandalucia.es\/ceipgenil\/programa-zts-impulsando-el-exito-educativo-y-social-en-nuestro-centro\/","title":{"rendered":"PROGRAMA ZTS: IMPULSANDO EL \u00c9XITO EDUCATIVO Y SOCIAL"},"content":{"rendered":"<p style=\"text-align: justify\">Nos complace informar a nuestra comunidad educativa sobre nuestra participaci\u00f3n en el Programa de Atenci\u00f3n Socioeducativa en Zonas con Necesidades de Transformaci\u00f3n Social (Z.T.S.). Este programa es una iniciativa fundamental cuyo objetivo principal es mejorar el acceso, la permanencia y la promoci\u00f3n del alumnado en situaci\u00f3n de vulnerabilidad socioeducativa, eliminando las barreras que puedan dificultar su progreso educativo.<br \/>\nEl Programa ZTS busca ofrecer respuestas educativas adaptadas a las necesidades espec\u00edficas de nuestro alumnado, con un enfoque particular en reducir las tasas de absentismo escolar y prevenir el abandono escolar temprano. Adem\u00e1s, persigue incrementar el \u00e9xito escolar, mejorar la adquisici\u00f3n de competencias clave y favorecer que m\u00e1s alumnado contin\u00fae sus estudios postobligatorios. Tambi\u00e9n contribuye a la mejora de las condiciones sociales y la integraci\u00f3n de las familias y fomenta la participaci\u00f3n de toda la comunidad educativa.<\/p>\n<p style=\"text-align: justify\">La participaci\u00f3n de nuestro centro en este programa es posible gracias a la cofinanciaci\u00f3n del Fondo Social Europeo Plus (FSE+), que apoya estas importantes acciones en el \u00e1mbito de la educaci\u00f3n y la atenci\u00f3n a la diversidad.<br \/>\nEste programa representa una valiosa oportunidad para fortalecer el apoyo que ofrecemos a nuestro alumnado y sus familias, trabajando juntos para construir un futuro educativo m\u00e1s equitativo y exitoso.<\/p>\n<p><img fetchpriority=\"high\" decoding=\"async\" class=\"wp-image-1523 aligncenter\" src=\"https:\/\/blogsaverroes.juntadeandalucia.es\/ceipgenil\/files\/2025\/05\/WhatsApp-Image-2025-05-08-at-19.34.43-212x300.jpeg\" alt=\"\" width=\"333\" height=\"471\" srcset=\"https:\/\/blogsaverroes.juntadeandalucia.es\/ceipgenil\/files\/2025\/05\/WhatsApp-Image-2025-05-08-at-19.34.43-212x300.jpeg 212w, https:\/\/blogsaverroes.juntadeandalucia.es\/ceipgenil\/files\/2025\/05\/WhatsApp-Image-2025-05-08-at-19.34.43-724x1024.jpeg 724w, https:\/\/blogsaverroes.juntadeandalucia.es\/ceipgenil\/files\/2025\/05\/WhatsApp-Image-2025-05-08-at-19.34.43-768x1086.jpeg 768w, https:\/\/blogsaverroes.juntadeandalucia.es\/ceipgenil\/files\/2025\/05\/WhatsApp-Image-2025-05-08-at-19.34.43-1086x1536.jpeg 1086w, https:\/\/blogsaverroes.juntadeandalucia.es\/ceipgenil\/files\/2025\/05\/WhatsApp-Image-2025-05-08-at-19.34.43.jpeg 1131w\" sizes=\"(max-width: 333px) 100vw, 333px\" \/><img decoding=\"async\" class=\"wp-image-1519 aligncenter\" src=\"https:\/\/blogsaverroes.juntadeandalucia.es\/ceipgenil\/files\/2025\/05\/WhatsApp-Image-2025-05-08-at-17.04.31-1-212x300.jpeg\" alt=\"\" width=\"340\" height=\"481\" srcset=\"https:\/\/blogsaverroes.juntadeandalucia.es\/ceipgenil\/files\/2025\/05\/WhatsApp-Image-2025-05-08-at-17.04.31-1-212x300.jpeg 212w, https:\/\/blogsaverroes.juntadeandalucia.es\/ceipgenil\/files\/2025\/05\/WhatsApp-Image-2025-05-08-at-17.04.31-1-724x1024.jpeg 724w, https:\/\/blogsaverroes.juntadeandalucia.es\/ceipgenil\/files\/2025\/05\/WhatsApp-Image-2025-05-08-at-17.04.31-1-768x1086.jpeg 768w, https:\/\/blogsaverroes.juntadeandalucia.es\/ceipgenil\/files\/2025\/05\/WhatsApp-Image-2025-05-08-at-17.04.31-1-1086x1536.jpeg 1086w, https:\/\/blogsaverroes.juntadeandalucia.es\/ceipgenil\/files\/2025\/05\/WhatsApp-Image-2025-05-08-at-17.04.31-1.jpeg 1131w\" sizes=\"(max-width: 340px) 100vw, 340px\" \/><\/p>\n<p>&nbsp;<\/p>\n<p><img decoding=\"async\" class=\"alignnone wp-image-1529\" src=\"https:\/\/blogsaverroes.juntadeandalucia.es\/ceipgenil\/files\/2025\/05\/Encabez_logos-FSE-21-27_actualizadoFeb25-1-1-300x19.png\" alt=\"\" width=\"947\" height=\"60\" srcset=\"https:\/\/blogsaverroes.juntadeandalucia.es\/ceipgenil\/files\/2025\/05\/Encabez_logos-FSE-21-27_actualizadoFeb25-1-1-300x19.png 300w, https:\/\/blogsaverroes.juntadeandalucia.es\/ceipgenil\/files\/2025\/05\/Encabez_logos-FSE-21-27_actualizadoFeb25-1-1-1024x65.png 1024w, https:\/\/blogsaverroes.juntadeandalucia.es\/ceipgenil\/files\/2025\/05\/Encabez_logos-FSE-21-27_actualizadoFeb25-1-1-768x49.png 768w, https:\/\/blogsaverroes.juntadeandalucia.es\/ceipgenil\/files\/2025\/05\/Encabez_logos-FSE-21-27_actualizadoFeb25-1-1-1536x97.png 1536w, https:\/\/blogsaverroes.juntadeandalucia.es\/ceipgenil\/files\/2025\/05\/Encabez_logos-FSE-21-27_actualizadoFeb25-1-1.png 1600w\" sizes=\"(max-width: 947px) 100vw, 947px\" \/><\/p>\n","protected":false},"excerpt":{"rendered":"<p>Nos complace informar a nuestra comunidad educativa sobre nuestra participaci\u00f3n en el Programa de Atenci\u00f3n Socioeducativa en Zonas con Necesidades de Transformaci\u00f3n Social (Z.T.S.). Este programa es una iniciativa fundamental cuyo objetivo principal es&#46;&#46;&#46;<\/p>\n","protected":false},"author":7415,"featured_media":0,"parent":0,"menu_order":0,"comment_status":"closed","ping_status":"closed","template":"","meta":{"ngg_post_thumbnail":0,"footnotes":""},"aioseo_notices":[],"_links":{"self":[{"href":"https:\/\/blogsaverroes.juntadeandalucia.es\/ceipgenil\/wp-json\/wp\/v2\/pages\/1522"}],"collection":[{"href":"https:\/\/blogsaverroes.juntadeandalucia.es\/ceipgenil\/wp-json\/wp\/v2\/pages"}],"about":[{"href":"https:\/\/blogsaverroes.juntadeandalucia.es\/ceipgenil\/wp-json\/wp\/v2\/types\/page"}],"author":[{"embeddable":true,"href":"https:\/\/blogsaverroes.juntadeandalucia.es\/ceipgenil\/wp-json\/wp\/v2\/users\/7415"}],"replies":[{"embeddable":true,"href":"https:\/\/blogsaverroes.juntadeandalucia.es\/ceipgenil\/wp-json\/wp\/v2\/comments?post=1522"}],"version-history":[{"count":5,"href":"https:\/\/blogsaverroes.juntadeandalucia.es\/ceipgenil\/wp-json\/wp\/v2\/pages\/1522\/revisions"}],"predecessor-version":[{"id":1544,"href":"https:\/\/blogsaverroes.juntadeandalucia.es\/ceipgenil\/wp-json\/wp\/v2\/pages\/1522\/revisions\/1544"}],"wp:attachment":[{"href":"https:\/\/blogsaverroes.juntadeandalucia.es\/ceipgenil\/wp-json\/wp\/v2\/media?parent=1522"}],"curies":[{"name":"wp","href":"https:\/\/api.w.org\/{rel}","templated":true}]}}