{"id":154,"date":"2020-04-13T17:38:46","date_gmt":"2020-04-13T17:38:46","guid":{"rendered":"https:\/\/blogsaverroes.juntadeandalucia.es\/ceipgenil\/?page_id=154"},"modified":"2022-11-28T10:07:37","modified_gmt":"2022-11-28T10:07:37","slug":"actividades-extraescolares","status":"publish","type":"page","link":"https:\/\/blogsaverroes.juntadeandalucia.es\/ceipgenil\/actividades-extraescolares\/","title":{"rendered":"ACTIVIDADES EXTRAESCOLARES 22\/23"},"content":{"rendered":"<table id=\"\" border=\"0\" width=\"100%\" cellspacing=\"0\" cellpadding=\"0\">\n<tbody>\n<tr>\n<td class=\"col-contenido\" valign=\"top\">\n<div id=\"contenido\" class=\"contenido \">\n<div id=\"contenido_sitio\" class=\"tiny_personalizado\">\n<p><strong>INFORMACION ACTIVIDADES EXTRAESCOLARES:<\/strong><\/p>\n<p><strong>Durante el curso 2022\/23 se van a impartir en el centro, en horario de 16 a 18 horas y de lunes a jueves, las siguientes Actividades Extraescolares:<\/strong><\/p>\n<p>&nbsp;&nbsp;<strong>-C.L Centro de lenguas y estudios&nbsp; :<\/strong><strong>Actividades subvencionadas por la Junta de Andaluc\u00eda.<\/strong><\/p>\n<p><strong>&nbsp;Precio m\u00e1ximo: 16\u201910 euros<\/strong><\/p>\n<table style=\"width: 68.793%;height: 205px\" border=\"0\" width=\"488\">\n<tbody>\n<tr style=\"height: 24px\">\n<td style=\"height: 24px\"><strong>ACTIVIDAD EXT.<\/strong><\/td>\n<td style=\"height: 24px\"><strong>DIAS<\/strong><\/td>\n<td style=\"height: 24px\"><strong>HORARIO<\/strong><\/td>\n<\/tr>\n<tr style=\"height: 24px\">\n<td style=\"height: 24px\">FUTBOL SALA<\/td>\n<td style=\"height: 24px\">LUNES-MIERCOLES<\/td>\n<td style=\"height: 24px\">16-18 H.<\/td>\n<\/tr>\n<tr style=\"height: 24px\">\n<td style=\"height: 24px\">GIMNASIA RITMICA<\/td>\n<td style=\"height: 24px\">LUNES-MIERCOLES<\/td>\n<td style=\"height: 24px\">16-18 H<\/td>\n<\/tr>\n<tr style=\"height: 24px\">\n<td style=\"height: 24px\">INGLES<\/td>\n<td style=\"height: 24px\">MARTES-JUEVES<\/td>\n<td style=\"height: 24px\">16-18 H.<\/td>\n<\/tr>\n<tr style=\"height: 24px\">\n<td style=\"height: 24px\">PATINAJE<\/td>\n<td style=\"height: 24px\">MARTES-JUEVES<\/td>\n<td style=\"height: 24px\">16-18 H.<\/td>\n<\/tr>\n<tr style=\"height: 24px\">\n<td style=\"height: 24px\">BAILE MODERNO\/STREET DANCE<\/td>\n<td style=\"height: 24px\">MARTES-JUEVES<\/td>\n<td style=\"height: 24px\">16-18 H<\/td>\n<\/tr>\n<tr style=\"height: 24px\">\n<td style=\"height: 24px\">&nbsp;<\/td>\n<td style=\"height: 24px\">&nbsp;<\/td>\n<td style=\"height: 24px\">&nbsp;<\/td>\n<\/tr>\n<\/tbody>\n<\/table>\n<p><strong>&nbsp;<\/strong><strong>Actividades no sujetas a bonificaci\u00f3n:<\/strong><\/p>\n<ul>\n<li><strong>ROB\u00d3TICA. CL. : MARTES Y JUEVES DE 16 A 18 H.<\/strong><\/li>\n<\/ul>\n<ul style=\"list-style-type: circle\">\n<li><strong>&nbsp;<\/strong><strong>BALONCESTO . C.B. GRANADA<\/strong> :&nbsp; &nbsp;<strong>LUNES y MI\u00c9RCOLES&nbsp; &nbsp;DE 16 A 18 H.<\/strong><\/li>\n<\/ul>\n<p>&nbsp; &nbsp; &nbsp; &nbsp;<strong>M\u00e1s informaci\u00f3n: www. fundacioncbgranada.es<\/strong><\/p>\n<p>&nbsp;El AMPA del centro organiza Talleres de&nbsp; Manualidades tambi\u00e9n por las tardes de Lunes a Jueves. M\u00e1s informaci\u00f3n en ampagenil@gmail.com<\/p>\n<p>&nbsp;<\/p>\n<p>&nbsp;<\/p>\n<\/div>\n<div>&nbsp;<\/div>\n<\/div>\n<\/td>\n<\/tr>\n<tr>\n<td id=\"curva-col-secciones\" class=\"fondoMenuIzq col-secciones\">&nbsp;<\/td>\n<\/tr>\n<\/tbody>\n<\/table>\n","protected":false},"excerpt":{"rendered":"<p>INFORMACION ACTIVIDADES EXTRAESCOLARES: Durante el curso 2022\/23 se van a impartir en el centro, en horario de 16 a 18 horas y de lunes a jueves, las siguientes Actividades Extraescolares: &nbsp;&nbsp;-C.L Centro de lenguas&#46;&#46;&#46;<\/p>\n","protected":false},"author":7415,"featured_media":0,"parent":0,"menu_order":0,"comment_status":"closed","ping_status":"closed","template":"","meta":{"ngg_post_thumbnail":0,"footnotes":""},"aioseo_notices":[],"_links":{"self":[{"href":"https:\/\/blogsaverroes.juntadeandalucia.es\/ceipgenil\/wp-json\/wp\/v2\/pages\/154"}],"collection":[{"href":"https:\/\/blogsaverroes.juntadeandalucia.es\/ceipgenil\/wp-json\/wp\/v2\/pages"}],"about":[{"href":"https:\/\/blogsaverroes.juntadeandalucia.es\/ceipgenil\/wp-json\/wp\/v2\/types\/page"}],"author":[{"embeddable":true,"href":"https:\/\/blogsaverroes.juntadeandalucia.es\/ceipgenil\/wp-json\/wp\/v2\/users\/7415"}],"replies":[{"embeddable":true,"href":"https:\/\/blogsaverroes.juntadeandalucia.es\/ceipgenil\/wp-json\/wp\/v2\/comments?post=154"}],"version-history":[{"count":7,"href":"https:\/\/blogsaverroes.juntadeandalucia.es\/ceipgenil\/wp-json\/wp\/v2\/pages\/154\/revisions"}],"predecessor-version":[{"id":1087,"href":"https:\/\/blogsaverroes.juntadeandalucia.es\/ceipgenil\/wp-json\/wp\/v2\/pages\/154\/revisions\/1087"}],"wp:attachment":[{"href":"https:\/\/blogsaverroes.juntadeandalucia.es\/ceipgenil\/wp-json\/wp\/v2\/media?parent=154"}],"curies":[{"name":"wp","href":"https:\/\/api.w.org\/{rel}","templated":true}]}}