{"id":1545,"date":"2025-05-10T16:41:27","date_gmt":"2025-05-10T16:41:27","guid":{"rendered":"https:\/\/blogsaverroes.juntadeandalucia.es\/ceipgenil\/?page_id=1545"},"modified":"2025-05-10T16:41:41","modified_gmt":"2025-05-10T16:41:41","slug":"programa-mas-equidad","status":"publish","type":"page","link":"https:\/\/blogsaverroes.juntadeandalucia.es\/ceipgenil\/programa-mas-equidad\/","title":{"rendered":"PROGRAMA M\u00c1S EQUIDAD"},"content":{"rendered":"<div class=\"paragraph normal ng-star-inserted\" data-start-index=\"285\"><span class=\"ng-star-inserted\" data-start-index=\"285\">Nuestro centro participa este curso en el <\/span><span class=\"bold ng-star-inserted\" data-start-index=\"366\">Programa M\u00e1s Equidad<\/span><span class=\"ng-star-inserted\" data-start-index=\"386\">. Este programa de la Junta de Andaluc\u00eda tiene un objetivo fundamental: <\/span><span class=\"bold ng-star-inserted\" data-start-index=\"458\">garantizar la igualdad de oportunidades<\/span><span class=\"ng-star-inserted\" data-start-index=\"497\"> y <\/span><span class=\"bold ng-star-inserted\" data-start-index=\"500\">mejorar el \u00e9xito educativo de todo nuestro alumnado.<\/span><span class=\"ng-star-inserted\" data-start-index=\"551\"> Est\u00e1 pensado para trabajar en entornos donde un apoyo extra puede marcar una gran diferencia para la educaci\u00f3n de los estudiantes.<\/span><\/div>\n<div class=\"paragraph normal ng-star-inserted\" data-start-index=\"713\"><span class=\"ng-star-inserted\" data-start-index=\"713\">La idea principal del programa es que la <\/span><span class=\"bold ng-star-inserted\" data-start-index=\"754\">equidad y la calidad educativa van siempre de la mano.<\/span><span class=\"ng-star-inserted\" data-start-index=\"807\"> Queremos que cada alumno y alumna pueda desarrollar al m\u00e1ximo sus capacidades, intereses y expectativas.&nbsp;<\/span><\/div>\n<div data-start-index=\"713\"><span class=\"ng-star-inserted\" data-start-index=\"2809\">El Programa M\u00e1s Equidad nos permite ofrecer a los alumnos\/as <\/span><span class=\"bold ng-star-inserted\" data-start-index=\"2882\">oportunidades educativas adicionales y enfoques pedag\u00f3gicos innovadores<\/span><span class=\"ng-star-inserted\" data-start-index=\"2953\"> dise\u00f1ados para ayudarles a <\/span><span class=\"bold ng-star-inserted\" data-start-index=\"2981\">desarrollar plenamente sus capacidades<\/span><span class=\"ng-star-inserted\" data-start-index=\"3019\"> y asegurar que todos tengan la posibilidad de alcanzar su m\u00e1ximo potencial. <\/span><\/div>\n","protected":false},"excerpt":{"rendered":"<p>Nuestro centro participa este curso en el Programa M\u00e1s Equidad. Este programa de la Junta de Andaluc\u00eda tiene un objetivo fundamental: garantizar la igualdad de oportunidades y mejorar el \u00e9xito educativo de todo nuestro&#46;&#46;&#46;<\/p>\n","protected":false},"author":7415,"featured_media":0,"parent":0,"menu_order":0,"comment_status":"closed","ping_status":"closed","template":"","meta":{"ngg_post_thumbnail":0,"footnotes":""},"aioseo_notices":[],"_links":{"self":[{"href":"https:\/\/blogsaverroes.juntadeandalucia.es\/ceipgenil\/wp-json\/wp\/v2\/pages\/1545"}],"collection":[{"href":"https:\/\/blogsaverroes.juntadeandalucia.es\/ceipgenil\/wp-json\/wp\/v2\/pages"}],"about":[{"href":"https:\/\/blogsaverroes.juntadeandalucia.es\/ceipgenil\/wp-json\/wp\/v2\/types\/page"}],"author":[{"embeddable":true,"href":"https:\/\/blogsaverroes.juntadeandalucia.es\/ceipgenil\/wp-json\/wp\/v2\/users\/7415"}],"replies":[{"embeddable":true,"href":"https:\/\/blogsaverroes.juntadeandalucia.es\/ceipgenil\/wp-json\/wp\/v2\/comments?post=1545"}],"version-history":[{"count":1,"href":"https:\/\/blogsaverroes.juntadeandalucia.es\/ceipgenil\/wp-json\/wp\/v2\/pages\/1545\/revisions"}],"predecessor-version":[{"id":1546,"href":"https:\/\/blogsaverroes.juntadeandalucia.es\/ceipgenil\/wp-json\/wp\/v2\/pages\/1545\/revisions\/1546"}],"wp:attachment":[{"href":"https:\/\/blogsaverroes.juntadeandalucia.es\/ceipgenil\/wp-json\/wp\/v2\/media?parent=1545"}],"curies":[{"name":"wp","href":"https:\/\/api.w.org\/{rel}","templated":true}]}}

PROGRAMA MÁS EQUIDAD

<div class="paragraph normal ng-star-inserted" data-start-index="285"><span class="ng-star-inserted" data-start-index="285">Nuestro centro participa este curso en el </span><span class="bold ng-star-inserted" data-start-index="366">Programa Más Equidad</span><span class="ng-star-inserted" data-start-index="386">. Este programa de la Junta de Andalucía tiene un objetivo fundamental: </span><span class="bold ng-star-inserted" data-start-index="458">garantizar la igualdad de oportunidades</span><span class="ng-star-inserted" data-start-index="497"> y </span><span class="bold ng-star-inserted" data-start-index="500">mejorar el éxito educativo de todo nuestro alumnado.</span><span class="ng-star-inserted" data-start-index="551"> Está pensado para trabajar en entornos donde un apoyo extra puede marcar una gran diferencia para la educación de los estudiantes.</span></div>
<div class="paragraph normal ng-star-inserted" data-start-index="713"><span class="ng-star-inserted" data-start-index="713">La idea principal del programa es que la </span><span class="bold ng-star-inserted" data-start-index="754">equidad y la calidad educativa van siempre de la mano.</span><span class="ng-star-inserted" data-start-index="807"> Queremos que cada alumno y alumna pueda desarrollar al máximo sus capacidades, intereses y expectativas.&nbsp;</span></div>
<div data-start-index="713"><span class="ng-star-inserted" data-start-index="2809">El Programa Más Equidad nos permite ofrecer a los alumnos/as </span><span class="bold ng-star-inserted" data-start-index="2882">oportunidades educativas adicionales y enfoques pedagógicos innovadores</span><span class="ng-star-inserted" data-start-index="2953"> diseñados para ayudarles a </span><span class="bold ng-star-inserted" data-start-index="2981">desarrollar plenamente sus capacidades</span><span class="ng-star-inserted" data-start-index="3019"> y asegurar que todos tengan la posibilidad de alcanzar su máximo potencial. </span></div>

<p>Nuestro centro participa este curso en el Programa Más Equidad. Este programa de la Junta de Andalucía tiene un objetivo fundamental: garantizar la igualdad de oportunidades y mejorar el éxito educativo de todo nuestro&#46;&#46;&#46;</p>
