{"id":213,"date":"2020-04-14T09:06:41","date_gmt":"2020-04-14T09:06:41","guid":{"rendered":"https:\/\/blogsaverroes.juntadeandalucia.es\/ceipgenil\/?page_id=213"},"modified":"2020-10-25T19:57:27","modified_gmt":"2020-10-25T19:57:27","slug":"biblioteca","status":"publish","type":"page","link":"https:\/\/blogsaverroes.juntadeandalucia.es\/ceipgenil\/biblioteca\/","title":{"rendered":"NUESTRA BIBLIOTECA ESCOLAR"},"content":{"rendered":"<p><img fetchpriority=\"high\" decoding=\"async\" class=\"size-medium wp-image-497 alignleft\" src=\"https:\/\/blogsaverroes.juntadeandalucia.es\/ceipgenil\/files\/2020\/05\/DSC02492-e1588504195363-200x300.jpg\" alt=\"\" width=\"200\" height=\"300\" srcset=\"https:\/\/blogsaverroes.juntadeandalucia.es\/ceipgenil\/files\/2020\/05\/DSC02492-e1588504195363-200x300.jpg 200w, https:\/\/blogsaverroes.juntadeandalucia.es\/ceipgenil\/files\/2020\/05\/DSC02492-e1588504195363-768x1152.jpg 768w, https:\/\/blogsaverroes.juntadeandalucia.es\/ceipgenil\/files\/2020\/05\/DSC02492-e1588504195363-683x1024.jpg 683w, https:\/\/blogsaverroes.juntadeandalucia.es\/ceipgenil\/files\/2020\/05\/DSC02492-e1588504195363-16x24.jpg 16w, https:\/\/blogsaverroes.juntadeandalucia.es\/ceipgenil\/files\/2020\/05\/DSC02492-e1588504195363-24x36.jpg 24w, https:\/\/blogsaverroes.juntadeandalucia.es\/ceipgenil\/files\/2020\/05\/DSC02492-e1588504195363-32x48.jpg 32w, https:\/\/blogsaverroes.juntadeandalucia.es\/ceipgenil\/files\/2020\/05\/DSC02492-e1588504195363.jpg 1067w\" sizes=\"(max-width: 200px) 100vw, 200px\" \/>&nbsp; &nbsp;EL C.E.I.P Genil dispone de una biblioteca muy especial . Tiene un gran \u00e1rbol m\u00e1gico que cuenta cuentos y un espacio alfombrado y c\u00f3modo para tumbarse y disfrutar del placer de los libros. All\u00ed se realizan un mont\u00f3n de actividades de animaci\u00f3n a la lectura , pr\u00e9stamo y consulta de libros y actividades culturales como pueden consultar en el submenu.&nbsp; Hay que destacar el Escape Room de Alicia, El cluedo de Calendario maya y de la Familia Addams o El Grinch.&nbsp;<\/p>\n<p>La responsable de Biblioteca de este curso 20\/21 es Cecilia Medina Vico y cuenta con un gran \u00e9quipo de apoyo&nbsp; a la gesti\u00f3n de los fondos y programaci\u00f3n de actividades de este espacio tan particular.&nbsp;<\/p>\n<p>Tenemos un blog muy activo que te invitamos a conocer:<\/p>\n<p><a href=\"https:\/\/sites.google.com\/colegiogenil.com\/bibliogenil\/inicio?authuser=5\">https:\/\/sites.google.com\/colegiogenil.com\/bibliogenil\/inicio?authuser=5<\/a><\/p>\n","protected":false},"excerpt":{"rendered":"<p>&nbsp; &nbsp;EL C.E.I.P Genil dispone de una biblioteca muy especial . Tiene un gran \u00e1rbol m\u00e1gico que cuenta cuentos y un espacio alfombrado y c\u00f3modo para tumbarse y disfrutar del placer de los libros.&#46;&#46;&#46;<\/p>\n","protected":false},"author":7415,"featured_media":0,"parent":0,"menu_order":0,"comment_status":"closed","ping_status":"closed","template":"","meta":{"ngg_post_thumbnail":0,"footnotes":""},"aioseo_notices":[],"_links":{"self":[{"href":"https:\/\/blogsaverroes.juntadeandalucia.es\/ceipgenil\/wp-json\/wp\/v2\/pages\/213"}],"collection":[{"href":"https:\/\/blogsaverroes.juntadeandalucia.es\/ceipgenil\/wp-json\/wp\/v2\/pages"}],"about":[{"href":"https:\/\/blogsaverroes.juntadeandalucia.es\/ceipgenil\/wp-json\/wp\/v2\/types\/page"}],"author":[{"embeddable":true,"href":"https:\/\/blogsaverroes.juntadeandalucia.es\/ceipgenil\/wp-json\/wp\/v2\/users\/7415"}],"replies":[{"embeddable":true,"href":"https:\/\/blogsaverroes.juntadeandalucia.es\/ceipgenil\/wp-json\/wp\/v2\/comments?post=213"}],"version-history":[{"count":11,"href":"https:\/\/blogsaverroes.juntadeandalucia.es\/ceipgenil\/wp-json\/wp\/v2\/pages\/213\/revisions"}],"predecessor-version":[{"id":794,"href":"https:\/\/blogsaverroes.juntadeandalucia.es\/ceipgenil\/wp-json\/wp\/v2\/pages\/213\/revisions\/794"}],"wp:attachment":[{"href":"https:\/\/blogsaverroes.juntadeandalucia.es\/ceipgenil\/wp-json\/wp\/v2\/media?parent=213"}],"curies":[{"name":"wp","href":"https:\/\/api.w.org\/{rel}","templated":true}]}}

<p><img fetchpriority="high" decoding="async" class="size-medium wp-image-497 alignleft" src="https://blogsaverroes.juntadeandalucia.es/ceipgenil/files/2020/05/DSC02492-e1588504195363-200x300.jpg" alt="" width="200" height="300" srcset="https://blogsaverroes.juntadeandalucia.es/ceipgenil/files/2020/05/DSC02492-e1588504195363-200x300.jpg 200w, https://blogsaverroes.juntadeandalucia.es/ceipgenil/files/2020/05/DSC02492-e1588504195363-768x1152.jpg 768w, https://blogsaverroes.juntadeandalucia.es/ceipgenil/files/2020/05/DSC02492-e1588504195363-683x1024.jpg 683w, https://blogsaverroes.juntadeandalucia.es/ceipgenil/files/2020/05/DSC02492-e1588504195363-16x24.jpg 16w, https://blogsaverroes.juntadeandalucia.es/ceipgenil/files/2020/05/DSC02492-e1588504195363-24x36.jpg 24w, https://blogsaverroes.juntadeandalucia.es/ceipgenil/files/2020/05/DSC02492-e1588504195363-32x48.jpg 32w, https://blogsaverroes.juntadeandalucia.es/ceipgenil/files/2020/05/DSC02492-e1588504195363.jpg 1067w" sizes="(max-width: 200px) 100vw, 200px" />&nbsp; &nbsp;EL C.E.I.P Genil dispone de una biblioteca muy especial . Tiene un gran árbol mágico que cuenta cuentos y un espacio alfombrado y cómodo para tumbarse y disfrutar del placer de los libros. Allí se realizan un montón de actividades de animación a la lectura , préstamo y consulta de libros y actividades culturales como pueden consultar en el submenu.&nbsp; Hay que destacar el Escape Room de Alicia, El cluedo de Calendario maya y de la Familia Addams o El Grinch.&nbsp;</p>
<p>La responsable de Biblioteca de este curso 20/21 es Cecilia Medina Vico y cuenta con un gran équipo de apoyo&nbsp; a la gestión de los fondos y programación de actividades de este espacio tan particular.&nbsp;</p>
<p>Tenemos un blog muy activo que te invitamos a conocer:</p>
<p><a href="https://sites.google.com/colegiogenil.com/bibliogenil/inicio?authuser=5">https://sites.google.com/colegiogenil.com/bibliogenil/inicio?authuser=5</a></p>

<p>&nbsp; &nbsp;EL C.E.I.P Genil dispone de una biblioteca muy especial . Tiene un gran árbol mágico que cuenta cuentos y un espacio alfombrado y cómodo para tumbarse y disfrutar del placer de los libros.&#46;&#46;&#46;</p>
