{"id":384,"date":"2020-04-16T06:25:06","date_gmt":"2020-04-16T06:25:06","guid":{"rendered":"https:\/\/blogsaverroes.juntadeandalucia.es\/ceipgenil\/?page_id=384"},"modified":"2020-04-16T06:25:06","modified_gmt":"2020-04-16T06:25:06","slug":"proyectos-audiovisuales","status":"publish","type":"page","link":"https:\/\/blogsaverroes.juntadeandalucia.es\/ceipgenil\/proyectos-audiovisuales\/","title":{"rendered":"PROYECTOS AUDIOVISUALES"},"content":{"rendered":"<p style=\"text-align: left\">Nuestro centro rod\u00f3 en los cursos 2015\/16 y&nbsp; 2016\/17 dos proyectos audiovisuales con la participaci\u00f3n de toda la comunidad educativa.&nbsp; Fueron proyectos globales ya que todo el alumnado , profesorado y familias ayudaron en escenograf\u00eda,&nbsp; grabaci\u00f3n, montaje y m\u00fasica.&nbsp;<\/p>\n<p style=\"text-align: left\">La primera pel\u00edcula fue \u00ab<strong>Historia del Cine grabada por una vieja c\u00e1mara\u00bb<\/strong> en la que se hac\u00eda una retrospectiva de las mejores escenas de pel\u00edculas del s\u00e9ptimo arte. Se grab\u00f3 en el curso 2015\/16 y fue estrenada en el Palacio de Congresos de Granada con gr\u00e1n \u00e9xito. La pieza de \u00abViaje a la luna\u00bb de Meli\u00e8s fue reconocida y galardonada por Educaixa .<\/p>\n<p style=\"text-align: left\">La segunda pel\u00edcula fue \u00bb <strong>Tras las puertas de Granada\u00bb.<\/strong> A trav\u00e9s de un juego de rol , cuatro alumnos\/as se sumergen en un mundo m\u00e1gico a trav\u00e9s de las puertas de la ciudad que les llevan a conocer sus tradiciones, cultura, personajes e historia.&nbsp; Grabada en el curso 2016\/17, fue tambi\u00e9n estrenada en el Palacio de Congresos . Este proyecto fue galardonado con el Primer Premio de Buenas Pr\u00e1cticas educativas del Ayuntamiento de Granada en 2018.&nbsp;<\/p>\n<p style=\"text-align: left\">Parte de este proyecto fue la pieza <strong>\u00bb 1 DE ENERO DE 1492. Un MENSAJE de paz\u00bb ,<\/strong> primer premio de Alumnado del concurso \u00abEl Audiovisual en la Escuela \u00ab. Consejo Audiovisual de Andaluc\u00eda. 2018.<\/p>\n<p>Pueden visionar las pel\u00edculas en el submenu.<\/p>\n","protected":false},"excerpt":{"rendered":"<p>Nuestro centro rod\u00f3 en los cursos 2015\/16 y&nbsp; 2016\/17 dos proyectos audiovisuales con la participaci\u00f3n de toda la comunidad educativa.&nbsp; Fueron proyectos globales ya que todo el alumnado , profesorado y familias ayudaron en&#46;&#46;&#46;<\/p>\n","protected":false},"author":7415,"featured_media":0,"parent":0,"menu_order":0,"comment_status":"closed","ping_status":"closed","template":"","meta":{"ngg_post_thumbnail":0,"footnotes":""},"aioseo_notices":[],"_links":{"self":[{"href":"https:\/\/blogsaverroes.juntadeandalucia.es\/ceipgenil\/wp-json\/wp\/v2\/pages\/384"}],"collection":[{"href":"https:\/\/blogsaverroes.juntadeandalucia.es\/ceipgenil\/wp-json\/wp\/v2\/pages"}],"about":[{"href":"https:\/\/blogsaverroes.juntadeandalucia.es\/ceipgenil\/wp-json\/wp\/v2\/types\/page"}],"author":[{"embeddable":true,"href":"https:\/\/blogsaverroes.juntadeandalucia.es\/ceipgenil\/wp-json\/wp\/v2\/users\/7415"}],"replies":[{"embeddable":true,"href":"https:\/\/blogsaverroes.juntadeandalucia.es\/ceipgenil\/wp-json\/wp\/v2\/comments?post=384"}],"version-history":[{"count":1,"href":"https:\/\/blogsaverroes.juntadeandalucia.es\/ceipgenil\/wp-json\/wp\/v2\/pages\/384\/revisions"}],"predecessor-version":[{"id":385,"href":"https:\/\/blogsaverroes.juntadeandalucia.es\/ceipgenil\/wp-json\/wp\/v2\/pages\/384\/revisions\/385"}],"wp:attachment":[{"href":"https:\/\/blogsaverroes.juntadeandalucia.es\/ceipgenil\/wp-json\/wp\/v2\/media?parent=384"}],"curies":[{"name":"wp","href":"https:\/\/api.w.org\/{rel}","templated":true}]}}