{"id":2219,"date":"2022-12-05T11:54:33","date_gmt":"2022-12-05T10:54:33","guid":{"rendered":"https:\/\/blogsaverroes.juntadeandalucia.es\/ceipgenillamontiela\/?page_id=2219"},"modified":"2025-05-19T20:31:47","modified_gmt":"2025-05-19T19:31:47","slug":"programa-reto","status":"publish","type":"page","link":"https:\/\/blogsaverroes.juntadeandalucia.es\/ceipgenillamontiela\/programa-reto\/","title":{"rendered":"Programa Reto"},"content":{"rendered":"<p>[et_pb_section fb_built=&#8221;1&#8243; admin_label=&#8221;section&#8221; _builder_version=&#8221;4.16&#8243; global_colors_info=&#8221;{}&#8221;][et_pb_row admin_label=&#8221;row&#8221; _builder_version=&#8221;4.16&#8243; background_size=&#8221;initial&#8221; background_position=&#8221;top_left&#8221; background_repeat=&#8221;repeat&#8221; global_colors_info=&#8221;{}&#8221;][et_pb_column type=&#8221;4_4&#8243; _builder_version=&#8221;4.16&#8243; custom_padding=&#8221;|||&#8221; global_colors_info=&#8221;{}&#8221; custom_padding__hover=&#8221;|||&#8221;][et_pb_text admin_label=&#8221;Text&#8221; _builder_version=&#8221;4.16&#8243; background_size=&#8221;initial&#8221; background_position=&#8221;top_left&#8221; background_repeat=&#8221;repeat&#8221; hover_enabled=&#8221;0&#8243; global_colors_info=&#8221;{}&#8221; sticky_enabled=&#8221;0&#8243;]<\/p>\n<p><span style=\"font-family: 'comic sans ms', sans-serif;font-size: 14pt\"><em>\u201cNuestras emociones influyen en el aprendizaje, la conducta y la salud\u201d.&nbsp;<\/em>RETO, es un proyecto de educaci\u00f3n emocional destinado a los alumnos y alumnas de 0 a 16 a\u00f1os.&nbsp; Sus piezas angulares son: el respeto a los dem\u00e1s, la empat\u00eda y la tolerancia. A trav\u00e9s de las actividades del programa RETO desarrollaremos la&nbsp;<strong>conciencia emocional&nbsp;&nbsp;<\/strong>del alumnado creando&nbsp;<strong>espacios y dedicando tiempos&nbsp;<\/strong>en los que puedan aprender a identificar, a expresar sus emociones y gestionarlas de forma positiva.<\/span><\/p>\n<p><span style=\"font-family: 'comic sans ms', sans-serif;font-size: 14pt\">Este curso hemos incorporado este proyecto porque educar las emociones tiene que ser un objetivo de centro. Si queremos mejorar la convivencia de la escuela y que nuestro alumnado aprenda a convivir con sus compa\u00f1eros es necesario seguir un proyecto de centro en el que todos los maestros est\u00e9n implicados&nbsp; y con ese fin se he creado una programaci\u00f3n anual de actividades RETO para educaci\u00f3n infantil y primaria.<\/span><\/p>\n<p><span style=\"font-family: 'comic sans ms', sans-serif;font-size: 14pt\">A lo largo del curso y junto a otros planes y proyectos del cole,&nbsp; aprenderemos a descubrir y expresar las emociones, elaboraremos recursos que nos ayudar\u00e1n a gestionarlas, trabajaremos el respeto, la autoestima, realizaremos meditaciones y relajaciones\u2026todo un mundo de emociones. \u00bfAceptas el RETO?.<\/span><\/p>\n<p>[\/et_pb_text][et_pb_image title_text=&#8221;Dia de la Paz&#8221; _builder_version=&#8221;4.16&#8243; _module_preset=&#8221;default&#8221; width=&#8221;50%&#8221; max_width=&#8221;50%&#8221; module_alignment=&#8221;center&#8221; global_colors_info=&#8221;{}&#8221;][\/et_pb_image][et_pb_text _builder_version=&#8221;4.16&#8243; _module_preset=&#8221;default&#8221; hover_enabled=&#8221;0&#8243; global_colors_info=&#8221;{}&#8221; sticky_enabled=&#8221;0&#8243;][\/et_pb_text][et_pb_video _builder_version=&#8221;4.16&#8243; _module_preset=&#8221;default&#8221; global_colors_info=&#8221;{}&#8221;][\/et_pb_video][et_pb_image src=&#8221;https:\/\/blogsaverroes.juntadeandalucia.es\/ceipgenillamontiela\/files\/2022\/12\/WhatsApp-Image-2022-12-07-at-17.55.38.jpeg&#8221; title_text=&#8221;WhatsApp Image 2022-12-07 at 17.55.38&#8243; _builder_version=&#8221;4.16&#8243; _module_preset=&#8221;default&#8221; width=&#8221;50%&#8221; max_width=&#8221;50%&#8221; module_alignment=&#8221;center&#8221; global_colors_info=&#8221;{}&#8221;][\/et_pb_image][et_pb_text _builder_version=&#8221;4.24.2&#8243; _module_preset=&#8221;default&#8221; hover_enabled=&#8221;0&#8243; global_colors_info=&#8221;{}&#8221; sticky_enabled=&#8221;0&#8243;]<\/p>\n<p><span style=\"font-family: 'comic sans ms', sans-serif;font-size: 14pt\">Aqu\u00ed ten\u00e9is nuestro &#8220;\u00c1RBOL DE LOS DESEOS&#8221;, donde todos los miembros de la Comunidad Educativa pod\u00e9is expresar vuestros anhelos \u00a1AN\u00cdMATE Y PARTICIPA!<\/span><\/p>\n<p>&nbsp;<\/p>\n<p>&nbsp; &nbsp; &nbsp; &nbsp; &nbsp; &nbsp; &nbsp; &nbsp; &nbsp; &nbsp; &nbsp; &nbsp; &nbsp; &nbsp; &nbsp; &nbsp; &nbsp; &nbsp; &nbsp; &nbsp; &nbsp; &nbsp; &nbsp; &nbsp; &nbsp; &nbsp; &nbsp; &nbsp; &nbsp; &nbsp; &nbsp; &nbsp; &nbsp; &nbsp;<img loading=\"lazy\" decoding=\"async\" class=\"alignnone wp-image-2296 size-medium\" src=\"https:\/\/blogsaverroes.juntadeandalucia.es\/ceipgenillamontiela\/files\/2022\/12\/WhatsApp-Image-2022-12-07-at-21.34.30-225x300.jpeg\" alt=\"\" width=\"225\" height=\"300\">&nbsp; &nbsp; &nbsp; &nbsp; &nbsp; &nbsp; &nbsp; &nbsp; &nbsp; &nbsp; &nbsp; &nbsp; &nbsp; &nbsp; &nbsp; &nbsp; &nbsp; &nbsp; &nbsp; <img loading=\"lazy\" decoding=\"async\" class=\"wp-image-2295 alignnone size-medium\" src=\"https:\/\/blogsaverroes.juntadeandalucia.es\/ceipgenillamontiela\/files\/2022\/12\/MADRES-ARBOL-300x225.jpg\" alt=\"\" width=\"300\" height=\"225\"><\/p>\n<p>&nbsp;<\/p>\n<p><span style=\"font-family: 'comic sans ms', sans-serif;font-size: 14pt\">Queremos agradecer a todas las mamis que han hecho estos \u00e1rboles tan bonitos, GRACIAS POR HACERLO POSIBLE&nbsp; \u00a1SOIS MARAVILLOSAS!<\/span><\/p>\n<p>[\/et_pb_text][et_pb_text _builder_version=&#8221;4.16&#8243; _module_preset=&#8221;default&#8221; global_colors_info=&#8221;{}&#8221;][\/et_pb_text][et_pb_video _builder_version=&#8221;4.16&#8243; _module_preset=&#8221;default&#8221; width=&#8221;60%&#8221; max_width=&#8221;60%&#8221; module_alignment=&#8221;center&#8221; global_colors_info=&#8221;{}&#8221;][\/et_pb_video][et_pb_image src=&#8221;https:\/\/blogsaverroes.juntadeandalucia.es\/ceipgenillamontiela\/files\/2022\/11\/22.jpg&#8221; title_text=&#8221;22&#8243; _builder_version=&#8221;4.16&#8243; _module_preset=&#8221;default&#8221; width=&#8221;50%&#8221; max_width=&#8221;50%&#8221; module_alignment=&#8221;center&#8221; global_colors_info=&#8221;{}&#8221;][\/et_pb_image][et_pb_image title_text=&#8221;D\u00eda contra la violencia de g\u00e9nero&#8221; _builder_version=&#8221;4.16&#8243; _module_preset=&#8221;default&#8221; width=&#8221;50%&#8221; max_width=&#8221;50%&#8221; module_alignment=&#8221;center&#8221; global_colors_info=&#8221;{}&#8221;][\/et_pb_image][et_pb_image title_text=&#8221;WhatsApp Image 2022-12-07 at 21.39.17&#8243; _builder_version=&#8221;4.16&#8243; _module_preset=&#8221;default&#8221; width=&#8221;50%&#8221; max_width=&#8221;50%&#8221; module_alignment=&#8221;center&#8221; global_colors_info=&#8221;{}&#8221;][\/et_pb_image][\/et_pb_column][\/et_pb_row][\/et_pb_section]<\/p>\n","protected":false},"excerpt":{"rendered":"<p>\u201cNuestras emociones influyen en el aprendizaje, la conducta y la salud\u201d.&nbsp;RETO, es un proyecto de educaci\u00f3n emocional destinado a los alumnos y alumnas de 0 a 16 a\u00f1os.&nbsp; Sus piezas angulares son: el respeto a los dem\u00e1s, la empat\u00eda y la tolerancia. A trav\u00e9s de las actividades del programa RETO desarrollaremos la&nbsp;conciencia emocional&nbsp;&nbsp;del alumnado creando&nbsp;espacios [&hellip;]<\/p>\n","protected":false},"author":16269,"featured_media":0,"parent":0,"menu_order":0,"comment_status":"closed","ping_status":"closed","template":"","meta":{"_et_pb_use_builder":"on","_et_pb_old_content":"<span style=\"font-family: 'comic sans ms', sans-serif\"><em>\u201cNuestras emociones influyen en el aprendizaje, la conducta y la salud\u201d.\u00a0<\/em>RETO, es un proyecto de educaci\u00f3n emocional destinado a los alumnos y alumnas de 0 a 16 a\u00f1os.\u00a0 Sus piezas angulares son: el respeto a los dem\u00e1s, la empat\u00eda y la tolerancia. A trav\u00e9s de las actividades del programa RETO desarrollaremos la\u00a0<strong>conciencia emocional\u00a0\u00a0<\/strong>del alumnado creando\u00a0<strong>espacios y dedicando tiempos\u00a0<\/strong>en los que puedan aprender a identificar, a expresar sus emociones y gestionarlas de forma positiva.<\/span>\r\n\r\n<span style=\"font-family: 'comic sans ms', sans-serif\">Este curso hemos incorporado este proyecto porque educar las emociones tiene que ser un objetivo de centro. Si queremos mejorar la convivencia de la escuela y que nuestro alumnado aprenda a convivir con sus compa\u00f1eros es necesario seguir un proyecto de centro en el que todos los maestros est\u00e9n implicados\u00a0 y con ese fin se he creado una programaci\u00f3n anual de actividades RETO para educaci\u00f3n infantil y primaria.<\/span>\r\n\r\n<span style=\"font-family: 'comic sans ms', sans-serif\">A lo largo del curso y junto a otros planes y proyectos del cole,\u00a0 aprenderemos a descubrir y expresar las emociones, elaboraremos recursos que nos ayudar\u00e1n a gestionarlas, trabajaremos el respeto, la autoestima, realizaremos meditaciones y relajaciones\u2026todo un mundo de emociones. \u00bf Aceptas el RETO?.<\/span>","_et_gb_content_width":"","ngg_post_thumbnail":0,"footnotes":""},"aioseo_notices":[],"_links":{"self":[{"href":"https:\/\/blogsaverroes.juntadeandalucia.es\/ceipgenillamontiela\/wp-json\/wp\/v2\/pages\/2219"}],"collection":[{"href":"https:\/\/blogsaverroes.juntadeandalucia.es\/ceipgenillamontiela\/wp-json\/wp\/v2\/pages"}],"about":[{"href":"https:\/\/blogsaverroes.juntadeandalucia.es\/ceipgenillamontiela\/wp-json\/wp\/v2\/types\/page"}],"author":[{"embeddable":true,"href":"https:\/\/blogsaverroes.juntadeandalucia.es\/ceipgenillamontiela\/wp-json\/wp\/v2\/users\/16269"}],"replies":[{"embeddable":true,"href":"https:\/\/blogsaverroes.juntadeandalucia.es\/ceipgenillamontiela\/wp-json\/wp\/v2\/comments?post=2219"}],"version-history":[{"count":16,"href":"https:\/\/blogsaverroes.juntadeandalucia.es\/ceipgenillamontiela\/wp-json\/wp\/v2\/pages\/2219\/revisions"}],"predecessor-version":[{"id":8396,"href":"https:\/\/blogsaverroes.juntadeandalucia.es\/ceipgenillamontiela\/wp-json\/wp\/v2\/pages\/2219\/revisions\/8396"}],"wp:attachment":[{"href":"https:\/\/blogsaverroes.juntadeandalucia.es\/ceipgenillamontiela\/wp-json\/wp\/v2\/media?parent=2219"}],"curies":[{"name":"wp","href":"https:\/\/api.w.org\/{rel}","templated":true}]}}