{"id":2757,"date":"2020-03-27T08:30:24","date_gmt":"2020-03-27T08:30:24","guid":{"rendered":"https:\/\/blogsaverroes.juntadeandalucia.es\/ceipgloriafuertes\/?page_id=2757"},"modified":"2020-04-23T09:11:48","modified_gmt":"2020-04-23T09:11:48","slug":"cuentos","status":"publish","type":"page","link":"https:\/\/blogsaverroes.juntadeandalucia.es\/ceipgloriafuertes\/cuentos\/","title":{"rendered":"BIBLIOTECAS, CUENTOS Y LECTURAS"},"content":{"rendered":"<h1 style=\"text-align: center\"><span style=\"text-decoration: underline\"><strong><span style=\"color: #0000ff;text-decoration: underline\">RECURSOS WEB BIBLIOTECAS<\/span><\/strong><\/span><\/h1>\n<p>&nbsp;<\/p>\n<h2><a href=\"https:\/\/padlet.com\/maestraazahara\/m72lapauojl9g1u\" target=\"_blank\" rel=\"noopener noreferrer\"><span style=\"color: #ff0000\">BIBLIOTECA VIRTUAL PARA NI\u00d1OS<\/span><\/a><\/h2>\n<p><span style=\"text-decoration: underline\"><span style=\"color: #ff0000;text-decoration: underline\"><a style=\"color: #ff0000;text-decoration: underline\" href=\"https:\/\/www.wdl.org\/es\/\" target=\"_blank\" rel=\"noopener noreferrer\">BIBLIOTECA DIGITAL MUNDIAL <\/a><\/span><\/span><\/p>\n<p><a href=\"https:\/\/ws096.juntadeandalucia.es\/tarjetaUsuarioBibliotecas\/entrada.do\" target=\"_blank\" rel=\"noopener noreferrer\"><span style=\"color: #ff0000\">BIBLIOTECA DE ANDALUC\u00cdA<\/span><\/a><\/p>\n<p>&nbsp;<\/p>\n<p>&nbsp;<\/p>\n<h1 style=\"text-align: center\"><span style=\"text-decoration: underline\"><strong><span style=\"color: #0000ff;text-decoration: underline\">RELACI\u00d3N DE CUENTOS<\/span><\/strong><\/span><\/h1>\n<p>&nbsp;<\/p>\n<h2><a href=\"https:\/\/drive.google.com\/open?id=1UpShPbHnP5p9RVazAaMUyShTeCzNRuEO\" target=\"_blank\" rel=\"noopener noreferrer\"><span style=\"text-decoration: underline\"><strong><span style=\"color: #ff00ff;text-decoration: underline\">VIDEO CUENTO DE YAIZA. ALUMNA DE 6\u00baA<\/span><\/strong><\/span><\/a><\/h2>\n<p>&nbsp;<\/p>\n<h2><a href=\"https:\/\/sites.google.com\/view\/cuentoshavefunwithcoco\/home\" target=\"_blank\" rel=\"noopener noreferrer\"><strong>CUENTOS INFANTILES<\/strong><\/a><\/h2>\n<p>&nbsp;<\/p>\n<p><a href=\"https:\/\/sites.google.com\/view\/cuentoshavefunwithcoco\/home\" target=\"_blank\" rel=\"noopener noreferrer\"><span style=\"color: #ff9900\">VIDEO CUENTOS PARA LOS PEQUES<\/span><\/a><\/p>\n<p>&nbsp;<\/p>\n<p style=\"text-align: center\"><span style=\"color: #99cc00\"><strong><a style=\"color: #99cc00\" href=\"https:\/\/drive.google.com\/open?id=1nP16ZIiC_BCg3SCEO3kMB6xJvng0Rf_8\" target=\"_blank\" rel=\"noopener noreferrer\">CUENTOS EN&nbsp; CASA &nbsp; &nbsp; &nbsp; &nbsp; &nbsp;<\/a><\/strong><strong><a style=\"color: #99cc00\" href=\"https:\/\/drive.google.com\/open?id=1dYLURlnFMrQSADxzdCWuufDcCDnYqVje\" target=\"_blank\" rel=\"noopener noreferrer\">CUENTO DE EMOCIONES. AMOR &nbsp; &nbsp; &nbsp; &nbsp; &nbsp;<\/a><\/strong><strong><a style=\"color: #99cc00\" href=\"https:\/\/drive.google.com\/open?id=1mbp99RrGf5byHbdhGCYKV9OSdMwlYR45\" target=\"_blank\" rel=\"noopener noreferrer\">PINOCHO<\/a><\/strong><\/span><\/p>\n<p style=\"text-align: center\"><span style=\"color: #99cc00\"><strong><a style=\"color: #99cc00\" href=\"https:\/\/drive.google.com\/open?id=1-eBroEGcG63d0whY6kvSKCmpvknE0HMN\" target=\"_blank\" rel=\"noopener noreferrer\">CUENTO DE EMOCIONES. ILUSI\u00d3N &nbsp; &nbsp; &nbsp; &nbsp; &nbsp;<\/a><\/strong><a style=\"color: #99cc00\" href=\"https:\/\/drive.google.com\/open?id=1o-Sblar8RsyGJt-MmvDhgIm6gOhRruA4\" target=\"_blank\" rel=\"noopener noreferrer\"><strong>CUENTO EMOCIONES. MIEDO<\/strong><\/a><\/span><\/p>\n<p style=\"text-align: center\"><span style=\"color: #99cc00\"><a style=\"color: #99cc00\" href=\"https:\/\/mail.google.com\/mail\/u\/2?ui=2&amp;ik=79b1aaee86&amp;attid=0.1&amp;permmsgid=msg-f:1662941661274971375&amp;th=1713f4a15a7e1cef&amp;view=att&amp;disp=inline&amp;realattid=1713f48802d43f8f5bc4\" target=\"_blank\" rel=\"noopener noreferrer\">CUENTO EL SE\u00d1OR CUADRADO Y SUS AMIGOS &nbsp; &nbsp; &nbsp; &nbsp; &nbsp; <\/a><a style=\"color: #99cc00\" href=\"https:\/\/mail.google.com\/mail\/u\/2?ui=2&amp;ik=79b1aaee86&amp;attid=0.2&amp;permmsgid=msg-f:1662941661274971375&amp;th=1713f4a15a7e1cef&amp;view=att&amp;disp=inline&amp;realattid=1713f48801f7e7d307f3\" target=\"_blank\" rel=\"noopener noreferrer\">CUENTO EL MONSTRUO DE COLORES<\/a><\/span><\/p>\n<p style=\"text-align: center\"><span style=\"color: #99cc00\"><a style=\"color: #99cc00\" href=\"https:\/\/mail.google.com\/mail\/u\/2?ui=2&amp;ik=79b1aaee86&amp;attid=0.3&amp;permmsgid=msg-f:1662941661274971375&amp;th=1713f4a15a7e1cef&amp;view=att&amp;disp=inline&amp;realattid=1713f48803da4fa07d5\" target=\"_blank\" rel=\"noopener noreferrer\">CUENTO LA VOCECITA &nbsp; &nbsp; &nbsp; &nbsp; &nbsp;<\/a><a style=\"color: #99cc00\" href=\"https:\/\/mail.google.com\/mail\/u\/2?ui=2&amp;ik=79b1aaee86&amp;attid=0.4&amp;permmsgid=msg-f:1662941661274971375&amp;th=1713f4a15a7e1cef&amp;view=att&amp;disp=inline&amp;realattid=1713f488001a87cca3e1\" target=\"_blank\" rel=\"noopener noreferrer\">CUENTO LA NI\u00d1A DEL PARQUE<\/a><\/span><\/p>\n<p style=\"text-align: center\"><span style=\"color: #99cc00\"><a style=\"color: #99cc00\" href=\"https:\/\/mail.google.com\/mail\/u\/2?ui=2&amp;ik=79b1aaee86&amp;attid=0.5&amp;permmsgid=msg-f:1662941661274971375&amp;th=1713f4a15a7e1cef&amp;view=att&amp;disp=inline&amp;realattid=1713f488011fcaa8e5a2\" target=\"_blank\" rel=\"noopener noreferrer\">CUENTO AMAR CUENTO MAS SE NECESITA &nbsp; &nbsp; &nbsp; &nbsp; &nbsp;<\/a><a style=\"color: #99cc00\" href=\"https:\/\/mail.google.com\/mail\/u\/2?ui=2&amp;ik=79b1aaee86&amp;attid=0.6&amp;permmsgid=msg-f:1662941661274971375&amp;th=1713f4a15a7e1cef&amp;view=att&amp;disp=inline&amp;realattid=1713f48804dfddee3de6\" target=\"_blank\" rel=\"noopener noreferrer\">CUENTO LA MOSCA<\/a><\/span><\/p>\n<p>&nbsp;<\/p>\n<h1><a href=\"https:\/\/stories.audible.com\/start-listen\" target=\"_blank\" rel=\"noopener noreferrer\"><strong><span style=\"color: #339966\">CUENTOS PARA ESCUCHAR I (AUDIBLES)<\/span><\/strong><\/a><\/h1>\n<p>&nbsp;<\/p>\n<h1><strong><span style=\"color: #008000\"><a style=\"color: #008000\" href=\"https:\/\/biblioteca.cordoba.es\/index.php\/hora-cuento-casa.html\" target=\"_blank\" rel=\"noopener noreferrer\"><span style=\"text-decoration: underline\">HORA DEL CUENTO PARA ESCUCHAR II (AUDIBLES)<\/span><\/a><\/span><\/strong><\/h1>\n<p>&nbsp;<\/p>\n","protected":false},"excerpt":{"rendered":"<p>RECURSOS WEB BIBLIOTECAS &nbsp; BIBLIOTECA VIRTUAL PARA NI\u00d1OS BIBLIOTECA DIGITAL MUNDIAL BIBLIOTECA DE ANDALUC\u00cdA &nbsp; &nbsp; RELACI\u00d3N DE CUENTOS &nbsp; VIDEO CUENTO DE YAIZA. ALUMNA DE 6\u00baA &nbsp; CUENTOS INFANTILES &nbsp; VIDEO CUENTOS PARA&#46;&#46;&#46;<\/p>\n","protected":false},"author":5592,"featured_media":0,"parent":0,"menu_order":0,"comment_status":"closed","ping_status":"closed","template":"","meta":{"_exactmetrics_skip_tracking":false,"_exactmetrics_sitenote_active":false,"_exactmetrics_sitenote_note":"","_exactmetrics_sitenote_category":0,"ngg_post_thumbnail":0,"footnotes":"","_mc_calendar":[]},"aioseo_notices":[],"_links":{"self":[{"href":"https:\/\/blogsaverroes.juntadeandalucia.es\/ceipgloriafuertes\/wp-json\/wp\/v2\/pages\/2757"}],"collection":[{"href":"https:\/\/blogsaverroes.juntadeandalucia.es\/ceipgloriafuertes\/wp-json\/wp\/v2\/pages"}],"about":[{"href":"https:\/\/blogsaverroes.juntadeandalucia.es\/ceipgloriafuertes\/wp-json\/wp\/v2\/types\/page"}],"author":[{"embeddable":true,"href":"https:\/\/blogsaverroes.juntadeandalucia.es\/ceipgloriafuertes\/wp-json\/wp\/v2\/users\/5592"}],"replies":[{"embeddable":true,"href":"https:\/\/blogsaverroes.juntadeandalucia.es\/ceipgloriafuertes\/wp-json\/wp\/v2\/comments?post=2757"}],"version-history":[{"count":14,"href":"https:\/\/blogsaverroes.juntadeandalucia.es\/ceipgloriafuertes\/wp-json\/wp\/v2\/pages\/2757\/revisions"}],"predecessor-version":[{"id":3156,"href":"https:\/\/blogsaverroes.juntadeandalucia.es\/ceipgloriafuertes\/wp-json\/wp\/v2\/pages\/2757\/revisions\/3156"}],"wp:attachment":[{"href":"https:\/\/blogsaverroes.juntadeandalucia.es\/ceipgloriafuertes\/wp-json\/wp\/v2\/media?parent=2757"}],"curies":[{"name":"wp","href":"https:\/\/api.w.org\/{rel}","templated":true}]}}