{"id":2762,"date":"2020-03-27T08:30:24","date_gmt":"2020-03-27T08:30:24","guid":{"rendered":"https:\/\/blogsaverroes.juntadeandalucia.es\/ceipgloriafuertes\/?page_id=2762"},"modified":"2020-04-23T08:39:00","modified_gmt":"2020-04-23T08:39:00","slug":"juegos","status":"publish","type":"page","link":"https:\/\/blogsaverroes.juntadeandalucia.es\/ceipgloriafuertes\/juegos\/","title":{"rendered":"JUEGOS DIVERTIDOS"},"content":{"rendered":"<p>Os presentamos una lista de juegos de todo tipo para pasar un rato muy entretenido. <span style=\"color: #ff9900\">Pincha en los que m\u00e1s te gusten!!!<\/span><\/p>\n<p>&nbsp;<\/p>\n<h2><a href=\"https:\/\/drive.google.com\/open?id=1arz7ItQs6jL1296ALlg5jz4mdJ38RtmD\" target=\"_blank\" rel=\"noopener noreferrer\"><span style=\"text-decoration: underline\"><strong><span style=\"color: #3366ff;text-decoration: underline\">75 ACERTIJOS DE L\u00d3GICA DIVERTIDOS<\/span><\/strong><\/span><\/a><\/h2>\n<p>&nbsp;<\/p>\n<h2><a href=\"http:\/\/www.educacionfisicaenprimaria.es\/juegos-interactivos1.html\" target=\"_blank\" rel=\"noopener noreferrer\"><span style=\"color: #ff6600\"><strong>JUEGOS EDUCACI\u00d3N F\u00cdSICA INTERACTIVOS<\/strong><\/span><\/a><\/h2>\n<p>&nbsp;<\/p>\n<h2><strong><span style=\"color: #ff6600\"><a style=\"color: #ff6600\" href=\"https:\/\/drive.google.com\/open?id=1LpegXKoY9QuwXL-e1I96eFqGX4p9E3Rx\" target=\"_blank\" rel=\"noopener noreferrer\">JUEGOS PARA DIVERTIRSE DURANTE LA CUARENTENA<\/a><\/span><\/strong><\/h2>\n<p>&nbsp;<\/p>\n<h2><a href=\"https:\/\/drive.google.com\/open?id=1PVTyJ_Yo_t6WUMpqI_zSr-5pGSdiqFe-\" target=\"_blank\" rel=\"noopener noreferrer\"><span style=\"color: #ff6600\"><strong>JUEGO DE LA OCA EN CASA<\/strong><\/span><\/a><\/h2>\n<p>&nbsp;<\/p>\n<h2><span style=\"color: #ff6600\"><strong><a style=\"color: #ff6600\" href=\"https:\/\/drive.google.com\/open?id=10hLMTGA32ENo3eqjow70IHXvsDB9Baf0\" target=\"_blank\" rel=\"noopener noreferrer\">SUPERVIVIENCIA Y JUEGOS&nbsp;<\/a><\/strong>&nbsp;<\/span><\/h2>\n<p>&nbsp;<\/p>\n<h2><strong><span style=\"color: #ff6600\"><a style=\"color: #ff6600\" href=\"https:\/\/view.genial.ly\/5e7a34cad608730d914b6129\" target=\"_blank\" rel=\"noopener noreferrer\">JUEGO: LA RULETA DEL CONOCIMIENTO DE ANDALUC\u00cdA<\/a><\/span><\/strong><\/h2>\n<p>&nbsp;<\/p>\n<p>&nbsp;<\/p>\n","protected":false},"excerpt":{"rendered":"<p>Os presentamos una lista de juegos de todo tipo para pasar un rato muy entretenido. Pincha en los que m\u00e1s te gusten!!! &nbsp; 75 ACERTIJOS DE L\u00d3GICA DIVERTIDOS &nbsp; JUEGOS EDUCACI\u00d3N F\u00cdSICA INTERACTIVOS &nbsp;&#46;&#46;&#46;<\/p>\n","protected":false},"author":5592,"featured_media":0,"parent":0,"menu_order":0,"comment_status":"closed","ping_status":"closed","template":"","meta":{"_exactmetrics_skip_tracking":false,"_exactmetrics_sitenote_active":false,"_exactmetrics_sitenote_note":"","_exactmetrics_sitenote_category":0,"ngg_post_thumbnail":0,"footnotes":"","_mc_calendar":[]},"aioseo_notices":[],"_links":{"self":[{"href":"https:\/\/blogsaverroes.juntadeandalucia.es\/ceipgloriafuertes\/wp-json\/wp\/v2\/pages\/2762"}],"collection":[{"href":"https:\/\/blogsaverroes.juntadeandalucia.es\/ceipgloriafuertes\/wp-json\/wp\/v2\/pages"}],"about":[{"href":"https:\/\/blogsaverroes.juntadeandalucia.es\/ceipgloriafuertes\/wp-json\/wp\/v2\/types\/page"}],"author":[{"embeddable":true,"href":"https:\/\/blogsaverroes.juntadeandalucia.es\/ceipgloriafuertes\/wp-json\/wp\/v2\/users\/5592"}],"replies":[{"embeddable":true,"href":"https:\/\/blogsaverroes.juntadeandalucia.es\/ceipgloriafuertes\/wp-json\/wp\/v2\/comments?post=2762"}],"version-history":[{"count":7,"href":"https:\/\/blogsaverroes.juntadeandalucia.es\/ceipgloriafuertes\/wp-json\/wp\/v2\/pages\/2762\/revisions"}],"predecessor-version":[{"id":3140,"href":"https:\/\/blogsaverroes.juntadeandalucia.es\/ceipgloriafuertes\/wp-json\/wp\/v2\/pages\/2762\/revisions\/3140"}],"wp:attachment":[{"href":"https:\/\/blogsaverroes.juntadeandalucia.es\/ceipgloriafuertes\/wp-json\/wp\/v2\/media?parent=2762"}],"curies":[{"name":"wp","href":"https:\/\/api.w.org\/{rel}","templated":true}]}}