{"id":2375,"date":"2021-11-21T10:19:46","date_gmt":"2021-11-21T10:19:46","guid":{"rendered":"https:\/\/blogsaverroes.juntadeandalucia.es\/ceipgregoriomaranon\/?page_id=2375"},"modified":"2021-11-22T19:14:06","modified_gmt":"2021-11-22T19:14:06","slug":"proyecto-de-gestion","status":"publish","type":"page","link":"https:\/\/blogsaverroes.juntadeandalucia.es\/ceipgregoriomaranon\/proyecto-educativo\/proyecto-de-gestion\/","title":{"rendered":"Proyecto de Gesti\u00f3n"},"content":{"rendered":"<p>El&nbsp;<b>Proyecto de Gesti\u00f3n<\/b>&nbsp;es una parte del Plan de&nbsp;<b>Centro<\/b>. Es un documento que establece los criterios a seguir en las decisiones relativas a la&nbsp;<b>gesti\u00f3n<\/b>&nbsp;de los recursos humanos, materiales y econ\u00f3micos del&nbsp;<b>Centro<\/b>, favoreciendo y velando por el uso responsable de los mismos.<\/p>\n<p><b>El\/la Secretario\/a del centro <\/b>es el responsable de <b>elaborar el Proyecto de Gesti\u00f3n<\/b> y el presupuesto del econ\u00f3mico cada a\u00f1o acad\u00e9mico.<\/p>\n<p>Pincha en el siguiente enlace para ver el Proyecto de Gesti\u00f3n de nuestro Centro Educativo<\/p>\n<p>&nbsp;<\/p>\n<h3 style=\"text-align: center\"><a href=\"https:\/\/blogsaverroes.juntadeandalucia.es\/ceipgregoriomaranon\/files\/2021\/11\/PROYECTO-DE-GESTI\u00d3N-1_page-0001.jpg\"><img fetchpriority=\"high\" decoding=\"async\" class=\"size-medium wp-image-2376 aligncenter\" src=\"https:\/\/blogsaverroes.juntadeandalucia.es\/ceipgregoriomaranon\/files\/2021\/11\/PROYECTO-DE-GESTI\u00d3N-1_page-0001-212x300.jpg\" alt=\"\" width=\"212\" height=\"300\" srcset=\"https:\/\/blogsaverroes.juntadeandalucia.es\/ceipgregoriomaranon\/files\/2021\/11\/PROYECTO-DE-GESTI\u00d3N-1_page-0001-212x300.jpg 212w, https:\/\/blogsaverroes.juntadeandalucia.es\/ceipgregoriomaranon\/files\/2021\/11\/PROYECTO-DE-GESTI\u00d3N-1_page-0001-724x1024.jpg 724w, https:\/\/blogsaverroes.juntadeandalucia.es\/ceipgregoriomaranon\/files\/2021\/11\/PROYECTO-DE-GESTI\u00d3N-1_page-0001-768x1086.jpg 768w, https:\/\/blogsaverroes.juntadeandalucia.es\/ceipgregoriomaranon\/files\/2021\/11\/PROYECTO-DE-GESTI\u00d3N-1_page-0001-1086x1536.jpg 1086w, https:\/\/blogsaverroes.juntadeandalucia.es\/ceipgregoriomaranon\/files\/2021\/11\/PROYECTO-DE-GESTI\u00d3N-1_page-0001.jpg 1131w\" sizes=\"(max-width: 212px) 100vw, 212px\" \/><\/a>&nbsp;<a href=\"https:\/\/drive.google.com\/file\/d\/1HCwsqJXr_izrP33_UP-l3rhR1TGmAQUn\/view?usp=sharing\">Proyecto de Gesti\u00f3n<\/a><\/h3>\n<p>&nbsp;<\/p>\n","protected":false},"excerpt":{"rendered":"<p>El&nbsp;Proyecto de Gesti\u00f3n&nbsp;es una parte del Plan de&nbsp;Centro. Es un documento que establece los criterios a seguir en las decisiones relativas a la&nbsp;gesti\u00f3n&nbsp;de los recursos humanos, materiales y econ\u00f3micos del&nbsp;Centro, favoreciendo y velando por&#46;&#46;&#46;<\/p>\n","protected":false},"author":8187,"featured_media":0,"parent":49,"menu_order":1,"comment_status":"closed","ping_status":"closed","template":"","meta":{"ngg_post_thumbnail":0,"footnotes":"","_mc_calendar":[]},"aioseo_notices":[],"_links":{"self":[{"href":"https:\/\/blogsaverroes.juntadeandalucia.es\/ceipgregoriomaranon\/wp-json\/wp\/v2\/pages\/2375"}],"collection":[{"href":"https:\/\/blogsaverroes.juntadeandalucia.es\/ceipgregoriomaranon\/wp-json\/wp\/v2\/pages"}],"about":[{"href":"https:\/\/blogsaverroes.juntadeandalucia.es\/ceipgregoriomaranon\/wp-json\/wp\/v2\/types\/page"}],"author":[{"embeddable":true,"href":"https:\/\/blogsaverroes.juntadeandalucia.es\/ceipgregoriomaranon\/wp-json\/wp\/v2\/users\/8187"}],"replies":[{"embeddable":true,"href":"https:\/\/blogsaverroes.juntadeandalucia.es\/ceipgregoriomaranon\/wp-json\/wp\/v2\/comments?post=2375"}],"version-history":[{"count":3,"href":"https:\/\/blogsaverroes.juntadeandalucia.es\/ceipgregoriomaranon\/wp-json\/wp\/v2\/pages\/2375\/revisions"}],"predecessor-version":[{"id":2420,"href":"https:\/\/blogsaverroes.juntadeandalucia.es\/ceipgregoriomaranon\/wp-json\/wp\/v2\/pages\/2375\/revisions\/2420"}],"up":[{"embeddable":true,"href":"https:\/\/blogsaverroes.juntadeandalucia.es\/ceipgregoriomaranon\/wp-json\/wp\/v2\/pages\/49"}],"wp:attachment":[{"href":"https:\/\/blogsaverroes.juntadeandalucia.es\/ceipgregoriomaranon\/wp-json\/wp\/v2\/media?parent=2375"}],"curies":[{"name":"wp","href":"https:\/\/api.w.org\/{rel}","templated":true}]}}

Proyecto de Gestión

<p>El&nbsp;<b>Proyecto de Gestión</b>&nbsp;es una parte del Plan de&nbsp;<b>Centro</b>. Es un documento que establece los criterios a seguir en las decisiones relativas a la&nbsp;<b>gestión</b>&nbsp;de los recursos humanos, materiales y económicos del&nbsp;<b>Centro</b>, favoreciendo y velando por el uso responsable de los mismos.</p>
<p><b>El/la Secretario/a del centro </b>es el responsable de <b>elaborar el Proyecto de Gestión</b> y el presupuesto del económico cada año académico.</p>
<p>Pincha en el siguiente enlace para ver el Proyecto de Gestión de nuestro Centro Educativo</p>
<p>&nbsp;</p>
<h3 style="text-align: center"><a href="https://blogsaverroes.juntadeandalucia.es/ceipgregoriomaranon/files/2021/11/PROYECTO-DE-GESTIÓN-1_page-0001.jpg"><img fetchpriority="high" decoding="async" class="size-medium wp-image-2376 aligncenter" src="https://blogsaverroes.juntadeandalucia.es/ceipgregoriomaranon/files/2021/11/PROYECTO-DE-GESTIÓN-1_page-0001-212x300.jpg" alt="" width="212" height="300" srcset="https://blogsaverroes.juntadeandalucia.es/ceipgregoriomaranon/files/2021/11/PROYECTO-DE-GESTIÓN-1_page-0001-212x300.jpg 212w, https://blogsaverroes.juntadeandalucia.es/ceipgregoriomaranon/files/2021/11/PROYECTO-DE-GESTIÓN-1_page-0001-724x1024.jpg 724w, https://blogsaverroes.juntadeandalucia.es/ceipgregoriomaranon/files/2021/11/PROYECTO-DE-GESTIÓN-1_page-0001-768x1086.jpg 768w, https://blogsaverroes.juntadeandalucia.es/ceipgregoriomaranon/files/2021/11/PROYECTO-DE-GESTIÓN-1_page-0001-1086x1536.jpg 1086w, https://blogsaverroes.juntadeandalucia.es/ceipgregoriomaranon/files/2021/11/PROYECTO-DE-GESTIÓN-1_page-0001.jpg 1131w" sizes="(max-width: 212px) 100vw, 212px" /></a>&nbsp;<a href="https://drive.google.com/file/d/1HCwsqJXr_izrP33_UP-l3rhR1TGmAQUn/view?usp=sharing">Proyecto de Gestión</a></h3>
<p>&nbsp;</p>

<p>El&nbsp;Proyecto de Gestión&nbsp;es una parte del Plan de&nbsp;Centro. Es un documento que establece los criterios a seguir en las decisiones relativas a la&nbsp;gestión&nbsp;de los recursos humanos, materiales y económicos del&nbsp;Centro, favoreciendo y velando por&#46;&#46;&#46;</p>
