{"id":2382,"date":"2021-11-21T10:37:21","date_gmt":"2021-11-21T10:37:21","guid":{"rendered":"https:\/\/blogsaverroes.juntadeandalucia.es\/ceipgregoriomaranon\/?page_id=2382"},"modified":"2023-01-17T16:43:51","modified_gmt":"2023-01-17T16:43:51","slug":"plan-de-igualdad-de-genero","status":"publish","type":"page","link":"https:\/\/blogsaverroes.juntadeandalucia.es\/ceipgregoriomaranon\/planes-y-proyectos\/plan-de-igualdad-de-genero\/","title":{"rendered":"Plan de Igualdad de G\u00e9nero"},"content":{"rendered":"<p>El <strong>Plan de igualdad<\/strong> (o plan coeducativo) es un documento program\u00e1tico a trav\u00e9s del cual los centros educativos pueden recoger las medidas de acci\u00f3n positiva para abordar la promoci\u00f3n de la igualdad entre mujeres y hombres y para sensibilizar, prevenir e intervenir frente a la violencia machista, que incluye la violencia de g\u00e9nero y la LGBTIfobia.<\/p>\n<p>Pinchado en el siguiente enlace pod\u00e9is ver el Plan de Igualdad de nuestro Centro Educativo.<\/p>\n<p style=\"text-align: center\"><a href=\"https:\/\/blogsaverroes.juntadeandalucia.es\/ceipgregoriomaranon\/files\/2021\/11\/PROGRAMACI\u00d3N-IGUALDAD-20-21-1_page-0001.jpg\"><img fetchpriority=\"high\" decoding=\"async\" class=\"alignnone size-medium wp-image-2383\" src=\"https:\/\/blogsaverroes.juntadeandalucia.es\/ceipgregoriomaranon\/files\/2021\/11\/PROGRAMACI\u00d3N-IGUALDAD-20-21-1_page-0001-212x300.jpg\" alt=\"\" width=\"212\" height=\"300\" srcset=\"https:\/\/blogsaverroes.juntadeandalucia.es\/ceipgregoriomaranon\/files\/2021\/11\/PROGRAMACI\u00d3N-IGUALDAD-20-21-1_page-0001-212x300.jpg 212w, https:\/\/blogsaverroes.juntadeandalucia.es\/ceipgregoriomaranon\/files\/2021\/11\/PROGRAMACI\u00d3N-IGUALDAD-20-21-1_page-0001-724x1024.jpg 724w, https:\/\/blogsaverroes.juntadeandalucia.es\/ceipgregoriomaranon\/files\/2021\/11\/PROGRAMACI\u00d3N-IGUALDAD-20-21-1_page-0001-768x1086.jpg 768w, https:\/\/blogsaverroes.juntadeandalucia.es\/ceipgregoriomaranon\/files\/2021\/11\/PROGRAMACI\u00d3N-IGUALDAD-20-21-1_page-0001-1086x1536.jpg 1086w, https:\/\/blogsaverroes.juntadeandalucia.es\/ceipgregoriomaranon\/files\/2021\/11\/PROGRAMACI\u00d3N-IGUALDAD-20-21-1_page-0001.jpg 1131w\" sizes=\"(max-width: 212px) 100vw, 212px\" \/><\/a><\/p>\n<p style=\"text-align: center\"><a href=\"https:\/\/drive.google.com\/file\/d\/15vGqHvWqrhuVCm6cTeVHeEF1kE5z18qz\/view?usp=sharing\">Plan de Igualdad de G\u00e9nero<\/a><\/p>\n<p>En el siguiente enlace se puede ver el blogs en el que se van colgando todas las evidencias de este proyecto<\/p>\n<p><a title=\"IGUALDAD GREGORIO MARA\u00d1\u00d3N\" href=\"https:\/\/igualdadceipgregoriomaranonn.blogspot.com\/?m=1\">IGUALDAD GREGORIO MARA\u00d1\u00d3N<\/a>&nbsp;<\/p>\n","protected":false},"excerpt":{"rendered":"<p>El Plan de igualdad (o plan coeducativo) es un documento program\u00e1tico a trav\u00e9s del cual los centros educativos pueden recoger las medidas de acci\u00f3n positiva para abordar la promoci\u00f3n de la igualdad entre mujeres&#46;&#46;&#46;<\/p>\n","protected":false},"author":8187,"featured_media":0,"parent":44,"menu_order":1,"comment_status":"closed","ping_status":"closed","template":"","meta":{"ngg_post_thumbnail":0,"footnotes":"","_mc_calendar":[]},"aioseo_notices":[],"_links":{"self":[{"href":"https:\/\/blogsaverroes.juntadeandalucia.es\/ceipgregoriomaranon\/wp-json\/wp\/v2\/pages\/2382"}],"collection":[{"href":"https:\/\/blogsaverroes.juntadeandalucia.es\/ceipgregoriomaranon\/wp-json\/wp\/v2\/pages"}],"about":[{"href":"https:\/\/blogsaverroes.juntadeandalucia.es\/ceipgregoriomaranon\/wp-json\/wp\/v2\/types\/page"}],"author":[{"embeddable":true,"href":"https:\/\/blogsaverroes.juntadeandalucia.es\/ceipgregoriomaranon\/wp-json\/wp\/v2\/users\/8187"}],"replies":[{"embeddable":true,"href":"https:\/\/blogsaverroes.juntadeandalucia.es\/ceipgregoriomaranon\/wp-json\/wp\/v2\/comments?post=2382"}],"version-history":[{"count":4,"href":"https:\/\/blogsaverroes.juntadeandalucia.es\/ceipgregoriomaranon\/wp-json\/wp\/v2\/pages\/2382\/revisions"}],"predecessor-version":[{"id":2911,"href":"https:\/\/blogsaverroes.juntadeandalucia.es\/ceipgregoriomaranon\/wp-json\/wp\/v2\/pages\/2382\/revisions\/2911"}],"up":[{"embeddable":true,"href":"https:\/\/blogsaverroes.juntadeandalucia.es\/ceipgregoriomaranon\/wp-json\/wp\/v2\/pages\/44"}],"wp:attachment":[{"href":"https:\/\/blogsaverroes.juntadeandalucia.es\/ceipgregoriomaranon\/wp-json\/wp\/v2\/media?parent=2382"}],"curies":[{"name":"wp","href":"https:\/\/api.w.org\/{rel}","templated":true}]}}

Plan de Igualdad de Género

<p>El <strong>Plan de igualdad</strong> (o plan coeducativo) es un documento programático a través del cual los centros educativos pueden recoger las medidas de acción positiva para abordar la promoción de la igualdad entre mujeres y hombres y para sensibilizar, prevenir e intervenir frente a la violencia machista, que incluye la violencia de género y la LGBTIfobia.</p>
<p>Pinchado en el siguiente enlace podéis ver el Plan de Igualdad de nuestro Centro Educativo.</p>
<p style="text-align: center"><a href="https://blogsaverroes.juntadeandalucia.es/ceipgregoriomaranon/files/2021/11/PROGRAMACIÓN-IGUALDAD-20-21-1_page-0001.jpg"><img fetchpriority="high" decoding="async" class="alignnone size-medium wp-image-2383" src="https://blogsaverroes.juntadeandalucia.es/ceipgregoriomaranon/files/2021/11/PROGRAMACIÓN-IGUALDAD-20-21-1_page-0001-212x300.jpg" alt="" width="212" height="300" srcset="https://blogsaverroes.juntadeandalucia.es/ceipgregoriomaranon/files/2021/11/PROGRAMACIÓN-IGUALDAD-20-21-1_page-0001-212x300.jpg 212w, https://blogsaverroes.juntadeandalucia.es/ceipgregoriomaranon/files/2021/11/PROGRAMACIÓN-IGUALDAD-20-21-1_page-0001-724x1024.jpg 724w, https://blogsaverroes.juntadeandalucia.es/ceipgregoriomaranon/files/2021/11/PROGRAMACIÓN-IGUALDAD-20-21-1_page-0001-768x1086.jpg 768w, https://blogsaverroes.juntadeandalucia.es/ceipgregoriomaranon/files/2021/11/PROGRAMACIÓN-IGUALDAD-20-21-1_page-0001-1086x1536.jpg 1086w, https://blogsaverroes.juntadeandalucia.es/ceipgregoriomaranon/files/2021/11/PROGRAMACIÓN-IGUALDAD-20-21-1_page-0001.jpg 1131w" sizes="(max-width: 212px) 100vw, 212px" /></a></p>
<p style="text-align: center"><a href="https://drive.google.com/file/d/15vGqHvWqrhuVCm6cTeVHeEF1kE5z18qz/view?usp=sharing">Plan de Igualdad de Género</a></p>
<p>En el siguiente enlace se puede ver el blogs en el que se van colgando todas las evidencias de este proyecto</p>
<p><a title="IGUALDAD GREGORIO MARAÑÓN" href="https://igualdadceipgregoriomaranonn.blogspot.com/?m=1">IGUALDAD GREGORIO MARAÑÓN</a>&nbsp;</p>

<p>El Plan de igualdad (o plan coeducativo) es un documento programático a través del cual los centros educativos pueden recoger las medidas de acción positiva para abordar la promoción de la igualdad entre mujeres&#46;&#46;&#46;</p>
