{"id":2476,"date":"2022-02-05T19:25:32","date_gmt":"2022-02-05T19:25:32","guid":{"rendered":"https:\/\/blogsaverroes.juntadeandalucia.es\/ceipgregoriomaranon\/?page_id=2476"},"modified":"2022-02-21T15:02:19","modified_gmt":"2022-02-21T15:02:19","slug":"programa-creciendo-en-salud","status":"publish","type":"page","link":"https:\/\/blogsaverroes.juntadeandalucia.es\/ceipgregoriomaranon\/planes-y-proyectos\/programa-creciendo-en-salud\/","title":{"rendered":"Programa Creciendo en Salud"},"content":{"rendered":"<p>El Programa para la Innovaci\u00f3n Educativa, H\u00e1bitos de Vida Saludable, modalidad &#8216;Creciendo en Salud&#8217; tiene como objetivo promover, entrenar y capacitar al alumnado para el desarrollo de habilidades cognitivos-conductuales que, de forma adaptada a cada edad, les permitan adoptar estilos de vida saludables, mediante la toma de decisiones razonadas en el marco de entornos no siempre favorables a la protecci\u00f3n y al fomento de la salud.<\/p>\n<p>Creciendo en Salud pone a disposici\u00f3n de los centros escolares de Andaluc\u00eda, sostenidos con fondos p\u00fablicos, que imparten ense\u00f1anzas de educaci\u00f3n infantil y primaria y cuya poblaci\u00f3n diana son los ni\u00f1os y ni\u00f1as de 3 a 12 a\u00f1os, las siguientes l\u00edneas de intervenci\u00f3n:<\/p>\n<ul>\n<li>Educaci\u00f3n Emocional.<\/li>\n<li>Estilos de vida saludables.<\/li>\n<li>Autocuidados y Accidentalidad.<\/li>\n<li>Uso Positivo de las Tecnolog\u00edas de la Informaci\u00f3n y de la Comunicaci\u00f3n.<\/li>\n<li>Prevenci\u00f3n del Consumo de Sustancias Adictivas.<\/li>\n<\/ul>\n<p><strong>Pincha en el siguiente enlace para ver el la programaci\u00f3n que se lleva a cabo en nuestro centro en relaci\u00f3n a este programa.<\/strong><\/p>\n<p><strong><a href=\"https:\/\/blogsaverroes.juntadeandalucia.es\/ceipgregoriomaranon\/files\/2022\/02\/Portada_CS_2021.png\"><img fetchpriority=\"high\" decoding=\"async\" class=\"size-medium wp-image-2477 alignleft\" src=\"https:\/\/blogsaverroes.juntadeandalucia.es\/ceipgregoriomaranon\/files\/2022\/02\/Portada_CS_2021-213x300.png\" alt=\"\" width=\"213\" height=\"300\" srcset=\"https:\/\/blogsaverroes.juntadeandalucia.es\/ceipgregoriomaranon\/files\/2022\/02\/Portada_CS_2021-213x300.png 213w, https:\/\/blogsaverroes.juntadeandalucia.es\/ceipgregoriomaranon\/files\/2022\/02\/Portada_CS_2021.png 635w\" sizes=\"(max-width: 213px) 100vw, 213px\" \/><\/a><\/strong><\/p>\n<p>&nbsp;<\/p>\n<p>&nbsp;<\/p>\n<p>&nbsp;<\/p>\n<p><a title=\"PROGRAMA CRECIENDO EN SALUD\" href=\"https:\/\/drive.google.com\/file\/d\/1pqiT95gAtYRVibU989l0Nsyp-R8Mzevr\/view?usp=sharing\">PROGRAMA CRECIENDO EN SALUD<\/a><\/p>\n<p>&nbsp;<\/p>\n<p>&nbsp;<\/p>\n<p>&nbsp;<\/p>\n<p>&nbsp;<\/p>\n<p><strong>En el siguiente enlace puedes ver todas la evidencias de este programa<\/strong><\/p>\n<p style=\"text-align: center\"><a title=\"CRECIENDO EN SALUD\" href=\"https:\/\/creciendoensalud2020.blogspot.com\/?m=1\">CRECIENDO EN SALUD<\/a><\/p>\n","protected":false},"excerpt":{"rendered":"<p>El Programa para la Innovaci\u00f3n Educativa, H\u00e1bitos de Vida Saludable, modalidad &#8216;Creciendo en Salud&#8217; tiene como objetivo promover, entrenar y capacitar al alumnado para el desarrollo de habilidades cognitivos-conductuales que, de forma adaptada a&#46;&#46;&#46;<\/p>\n","protected":false},"author":8187,"featured_media":0,"parent":44,"menu_order":1,"comment_status":"closed","ping_status":"closed","template":"","meta":{"ngg_post_thumbnail":0,"footnotes":"","_mc_calendar":[]},"aioseo_notices":[],"_links":{"self":[{"href":"https:\/\/blogsaverroes.juntadeandalucia.es\/ceipgregoriomaranon\/wp-json\/wp\/v2\/pages\/2476"}],"collection":[{"href":"https:\/\/blogsaverroes.juntadeandalucia.es\/ceipgregoriomaranon\/wp-json\/wp\/v2\/pages"}],"about":[{"href":"https:\/\/blogsaverroes.juntadeandalucia.es\/ceipgregoriomaranon\/wp-json\/wp\/v2\/types\/page"}],"author":[{"embeddable":true,"href":"https:\/\/blogsaverroes.juntadeandalucia.es\/ceipgregoriomaranon\/wp-json\/wp\/v2\/users\/8187"}],"replies":[{"embeddable":true,"href":"https:\/\/blogsaverroes.juntadeandalucia.es\/ceipgregoriomaranon\/wp-json\/wp\/v2\/comments?post=2476"}],"version-history":[{"count":4,"href":"https:\/\/blogsaverroes.juntadeandalucia.es\/ceipgregoriomaranon\/wp-json\/wp\/v2\/pages\/2476\/revisions"}],"predecessor-version":[{"id":2515,"href":"https:\/\/blogsaverroes.juntadeandalucia.es\/ceipgregoriomaranon\/wp-json\/wp\/v2\/pages\/2476\/revisions\/2515"}],"up":[{"embeddable":true,"href":"https:\/\/blogsaverroes.juntadeandalucia.es\/ceipgregoriomaranon\/wp-json\/wp\/v2\/pages\/44"}],"wp:attachment":[{"href":"https:\/\/blogsaverroes.juntadeandalucia.es\/ceipgregoriomaranon\/wp-json\/wp\/v2\/media?parent=2476"}],"curies":[{"name":"wp","href":"https:\/\/api.w.org\/{rel}","templated":true}]}}