{"id":424,"date":"2015-03-20T07:05:20","date_gmt":"2015-03-20T07:05:20","guid":{"rendered":"http:\/\/blogsaverroes.juntadeandalucia.es\/pre\/ceip\/?page_id=424"},"modified":"2025-02-02T05:45:40","modified_gmt":"2025-02-02T05:45:40","slug":"educacion-infantil","status":"publish","type":"page","link":"https:\/\/blogsaverroes.juntadeandalucia.es\/ceipgregoriomaranon\/educacion-infantil\/","title":{"rendered":"Educaci\u00f3n Infantil"},"content":{"rendered":"<p style=\"text-align: center\"><a href=\"https:\/\/blogsaverroes.juntadeandalucia.es\/ceipgregoriomaranon\/files\/2024\/01\/IMAGEN-PROGRAMACI\u00d3N-INFANTIL.jpg\"><img fetchpriority=\"high\" decoding=\"async\" class=\"wp-image-3061 aligncenter\" src=\"https:\/\/blogsaverroes.juntadeandalucia.es\/ceipgregoriomaranon\/files\/2024\/01\/IMAGEN-PROGRAMACI\u00d3N-INFANTIL-300x240.jpg\" alt=\"\" width=\"293\" height=\"234\" srcset=\"https:\/\/blogsaverroes.juntadeandalucia.es\/ceipgregoriomaranon\/files\/2024\/01\/IMAGEN-PROGRAMACI\u00d3N-INFANTIL-300x240.jpg 300w, https:\/\/blogsaverroes.juntadeandalucia.es\/ceipgregoriomaranon\/files\/2024\/01\/IMAGEN-PROGRAMACI\u00d3N-INFANTIL.jpg 400w\" sizes=\"(max-width: 293px) 100vw, 293px\" \/><\/a><\/p>\n<p style=\"text-align: center\"><a title=\"PROPUESTA PEDAG\u00d3GICA RELIGI\u00d3N Y MORAL CAT\u00d3LICA\" href=\"https:\/\/drive.google.com\/file\/d\/1gAjn5Q8LSLkXVAzDkEkr7S0zqHMoK5le\/view?usp=sharing\">PROPUESTA PEDAG\u00d3GICA RELIGI\u00d3N Y MORAL CAT\u00d3LICA<\/a><\/p>\n<p style=\"text-align: center\"><a title=\"PROGRAMACI\u00d3N DID\u00c1CTICA DESCUBRIMIENTO Y EXPLORACI\u00d3N DEL ENTORNO\" href=\"https:\/\/drive.google.com\/file\/d\/11oFyOP9csgZHKD2rYkX7pcODRsuajnus\/view?usp=sharing\">PROGRAMACI\u00d3N DID\u00c1CTICA DESCUBRIMIENTO Y EXPLORACI\u00d3N DEL ENTORNO<\/a><\/p>\n<p style=\"text-align: center\"><a title=\"PROGRAMACI\u00d3N DID\u00c1CTICA CRECIMIENTO EN ARMON\u00cdA\" href=\"https:\/\/drive.google.com\/file\/d\/1AXZBp2qqRbeGfdNdLiNgFCDWb9_qAqPU\/view?usp=sharing\">PROGRAMACI\u00d3N DID\u00c1CTICA CRECIMIENTO EN ARMON\u00cdA<\/a><\/p>\n<p style=\"text-align: center\"><a title=\"PROGRAMACI\u00d3N DID\u00c1CTICA COMUNICACI\u00d3N Y REPRESENTACI\u00d3N DE LA REALIDAD\" href=\"https:\/\/drive.google.com\/file\/d\/1Rt1KA4auTeVVUZoaadf5DSphw0aedwwd\/view?usp=sharing\">PROGRAMACI\u00d3N DID\u00c1CTICA COMUNICACI\u00d3N Y REPRESENTACI\u00d3N DE LA REALIDAD<\/a><\/p>\n<p>&nbsp;<\/p>\n<p>&nbsp;<\/p>\n<p>&nbsp;<\/p>\n<p>&nbsp;<\/p>\n<p style=\"text-align: center\">&nbsp;<\/p>\n<p>&nbsp;<\/p>\n","protected":false},"excerpt":{"rendered":"<p>PROPUESTA PEDAG\u00d3GICA RELIGI\u00d3N Y MORAL CAT\u00d3LICA PROGRAMACI\u00d3N DID\u00c1CTICA DESCUBRIMIENTO Y EXPLORACI\u00d3N DEL ENTORNO PROGRAMACI\u00d3N DID\u00c1CTICA CRECIMIENTO EN ARMON\u00cdA PROGRAMACI\u00d3N DID\u00c1CTICA COMUNICACI\u00d3N Y REPRESENTACI\u00d3N DE LA REALIDAD &nbsp; &nbsp; &nbsp; &nbsp; &nbsp; &nbsp;<\/p>\n","protected":false},"author":1,"featured_media":0,"parent":0,"menu_order":0,"comment_status":"closed","ping_status":"closed","template":"","meta":{"ngg_post_thumbnail":0,"footnotes":"","_mc_calendar":[]},"aioseo_notices":[],"_links":{"self":[{"href":"https:\/\/blogsaverroes.juntadeandalucia.es\/ceipgregoriomaranon\/wp-json\/wp\/v2\/pages\/424"}],"collection":[{"href":"https:\/\/blogsaverroes.juntadeandalucia.es\/ceipgregoriomaranon\/wp-json\/wp\/v2\/pages"}],"about":[{"href":"https:\/\/blogsaverroes.juntadeandalucia.es\/ceipgregoriomaranon\/wp-json\/wp\/v2\/types\/page"}],"author":[{"embeddable":true,"href":"https:\/\/blogsaverroes.juntadeandalucia.es\/ceipgregoriomaranon\/wp-json\/wp\/v2\/users\/1"}],"replies":[{"embeddable":true,"href":"https:\/\/blogsaverroes.juntadeandalucia.es\/ceipgregoriomaranon\/wp-json\/wp\/v2\/comments?post=424"}],"version-history":[{"count":12,"href":"https:\/\/blogsaverroes.juntadeandalucia.es\/ceipgregoriomaranon\/wp-json\/wp\/v2\/pages\/424\/revisions"}],"predecessor-version":[{"id":3196,"href":"https:\/\/blogsaverroes.juntadeandalucia.es\/ceipgregoriomaranon\/wp-json\/wp\/v2\/pages\/424\/revisions\/3196"}],"wp:attachment":[{"href":"https:\/\/blogsaverroes.juntadeandalucia.es\/ceipgregoriomaranon\/wp-json\/wp\/v2\/media?parent=424"}],"curies":[{"name":"wp","href":"https:\/\/api.w.org\/{rel}","templated":true}]}}