{"id":871,"date":"2015-03-16T07:25:46","date_gmt":"2015-03-16T07:25:46","guid":{"rendered":"http:\/\/blogsaverroes.juntadeandalucia.es\/pre\/ceip\/?page_id=106"},"modified":"2024-11-12T19:14:40","modified_gmt":"2024-11-12T19:14:40","slug":"actividades-extraescolares","status":"publish","type":"page","link":"https:\/\/blogsaverroes.juntadeandalucia.es\/ceipgregoriomaranon\/actividades-extraescolares\/","title":{"rendered":"Actividades extraescolares"},"content":{"rendered":"<p style=\"text-align: left\"><a href=\"http:\/\/blogsaverroes.juntadeandalucia.es\/temahueman\/files\/2015\/03\/talleres.jpg\"><img fetchpriority=\"high\" decoding=\"async\" class=\" alignnone wp-image-228 size-medium alignleft\" src=\"http:\/\/blogsaverroes.juntadeandalucia.es\/temahueman\/files\/2015\/03\/talleres-300x199.jpg\" alt=\"\" width=\"300\" height=\"199\" srcset=\"https:\/\/blogsaverroes.juntadeandalucia.es\/ceipgregoriomaranon\/files\/2015\/03\/talleres-300x199.jpg 300w, https:\/\/blogsaverroes.juntadeandalucia.es\/ceipgregoriomaranon\/files\/2015\/03\/talleres-1024x682.jpg 1024w, https:\/\/blogsaverroes.juntadeandalucia.es\/ceipgregoriomaranon\/files\/2015\/03\/talleres.jpg 1280w\" sizes=\"(max-width: 300px) 100vw, 300px\" \/><\/a><\/p>\n<p>&nbsp;<\/p>\n<p style=\"text-align: left\">Las actividades extraescolares tienen lugar en horario de tarde,&nbsp; de 16:00 a 18.00h , y abarcan aspectos como la lectura, el deporte, la m\u00fasica, la inform\u00e1tica, los idiomas, la danza o el teatro, entre otras actividades l\u00fadicas y formativas.<\/p>\n<p>&nbsp;<\/p>\n<p>&nbsp;<\/p>\n<p>Los objetivos que se pretenden con `las&nbsp; actividades extraescolares son:<\/p>\n<ul>\n<li>Realizar actividades que favorezcan el desarrollo integral del alumno\/a.<\/li>\n<li>Realizar actividades l\u00fadicas y vivenciales distintas a las posibles en horario lectivo.<\/li>\n<li>Favorecer la convivencia de los distintos sectores de la comunidad educativa.<\/li>\n<li>Crear actividades que refuercen la confianza en s\u00ed mismos y la valoraci\u00f3n personal.<\/li>\n<li>Incentivar la interacci\u00f3n entre pares para mejorar habilidades comunicativas y de colaboraci\u00f3n, as\u00ed como fomentar la empat\u00eda.<\/li>\n<li>Incluir una variedad de actividades f\u00edsicas que motiven al alumnado a moverse regularmente, adapt\u00e1ndose a sus intereses y habilidades.<\/li>\n<li>Ofrecer actividades que profundicen y\/o refuercen \u00e1reas de inter\u00e9s particular.<\/li>\n<li>Reforzar la competencia lingu\u00edstica y promover el refuerzo y\/o ampliaci\u00f3n de la segunda lengua extranjera (ingl\u00e9s)<\/li>\n<\/ul>\n<p>La planificaci\u00f3n de dichas actividades quedan distribuidas del siguiente modo (pudiendo variar a lo largo del curso en funci\u00f3n del n\u00famero de usuarios)<\/p>\n<p><a href=\"https:\/\/blogsaverroes.juntadeandalucia.es\/ceipgregoriomaranon\/files\/2024\/11\/AAEE.jpg\"><img decoding=\"async\" class=\"aligncenter wp-image-3126\" src=\"https:\/\/blogsaverroes.juntadeandalucia.es\/ceipgregoriomaranon\/files\/2024\/11\/AAEE-300x212.jpg\" alt=\"\" width=\"393\" height=\"278\" srcset=\"https:\/\/blogsaverroes.juntadeandalucia.es\/ceipgregoriomaranon\/files\/2024\/11\/AAEE-300x212.jpg 300w, https:\/\/blogsaverroes.juntadeandalucia.es\/ceipgregoriomaranon\/files\/2024\/11\/AAEE-1024x724.jpg 1024w, https:\/\/blogsaverroes.juntadeandalucia.es\/ceipgregoriomaranon\/files\/2024\/11\/AAEE-768x543.jpg 768w, https:\/\/blogsaverroes.juntadeandalucia.es\/ceipgregoriomaranon\/files\/2024\/11\/AAEE-1536x1086.jpg 1536w, https:\/\/blogsaverroes.juntadeandalucia.es\/ceipgregoriomaranon\/files\/2024\/11\/AAEE.jpg 1600w\" sizes=\"(max-width: 393px) 100vw, 393px\" \/><\/a><\/p>\n<p>A partir delas 18:00h el centro cede sus instalaciones previa aprobaci\u00f3n por Consejo Escolar y autorizaci\u00f3n de Delegaci\u00f3n Provincial de lunes a jueves a RBC, viernes y fines de semana.<\/p>\n<p>&nbsp;<\/p>\n<p>&nbsp;<\/p>\n<p>&nbsp;<\/p>\n","protected":false},"excerpt":{"rendered":"<p>&nbsp; Las actividades extraescolares tienen lugar en horario de tarde,&nbsp; de 16:00 a 18.00h , y abarcan aspectos como la lectura, el deporte, la m\u00fasica, la inform\u00e1tica, los idiomas, la danza o el teatro,&#46;&#46;&#46;<\/p>\n","protected":false},"author":1,"featured_media":0,"parent":0,"menu_order":0,"comment_status":"open","ping_status":"open","template":"","meta":{"ngg_post_thumbnail":0,"footnotes":"","_mc_calendar":[]},"aioseo_notices":[],"_links":{"self":[{"href":"https:\/\/blogsaverroes.juntadeandalucia.es\/ceipgregoriomaranon\/wp-json\/wp\/v2\/pages\/871"}],"collection":[{"href":"https:\/\/blogsaverroes.juntadeandalucia.es\/ceipgregoriomaranon\/wp-json\/wp\/v2\/pages"}],"about":[{"href":"https:\/\/blogsaverroes.juntadeandalucia.es\/ceipgregoriomaranon\/wp-json\/wp\/v2\/types\/page"}],"author":[{"embeddable":true,"href":"https:\/\/blogsaverroes.juntadeandalucia.es\/ceipgregoriomaranon\/wp-json\/wp\/v2\/users\/1"}],"replies":[{"embeddable":true,"href":"https:\/\/blogsaverroes.juntadeandalucia.es\/ceipgregoriomaranon\/wp-json\/wp\/v2\/comments?post=871"}],"version-history":[{"count":9,"href":"https:\/\/blogsaverroes.juntadeandalucia.es\/ceipgregoriomaranon\/wp-json\/wp\/v2\/pages\/871\/revisions"}],"predecessor-version":[{"id":3128,"href":"https:\/\/blogsaverroes.juntadeandalucia.es\/ceipgregoriomaranon\/wp-json\/wp\/v2\/pages\/871\/revisions\/3128"}],"wp:attachment":[{"href":"https:\/\/blogsaverroes.juntadeandalucia.es\/ceipgregoriomaranon\/wp-json\/wp\/v2\/media?parent=871"}],"curies":[{"name":"wp","href":"https:\/\/api.w.org\/{rel}","templated":true}]}}

<p style="text-align: left"><a href="http://blogsaverroes.juntadeandalucia.es/temahueman/files/2015/03/talleres.jpg"><img fetchpriority="high" decoding="async" class=" alignnone wp-image-228 size-medium alignleft" src="http://blogsaverroes.juntadeandalucia.es/temahueman/files/2015/03/talleres-300x199.jpg" alt="" width="300" height="199" srcset="https://blogsaverroes.juntadeandalucia.es/ceipgregoriomaranon/files/2015/03/talleres-300x199.jpg 300w, https://blogsaverroes.juntadeandalucia.es/ceipgregoriomaranon/files/2015/03/talleres-1024x682.jpg 1024w, https://blogsaverroes.juntadeandalucia.es/ceipgregoriomaranon/files/2015/03/talleres.jpg 1280w" sizes="(max-width: 300px) 100vw, 300px" /></a></p>
<p>&nbsp;</p>
<p style="text-align: left">Las actividades extraescolares tienen lugar en horario de tarde,&nbsp; de 16:00 a 18.00h , y abarcan aspectos como la lectura, el deporte, la música, la informática, los idiomas, la danza o el teatro, entre otras actividades lúdicas y formativas.</p>
<p>&nbsp;</p>
<p>&nbsp;</p>
<p>Los objetivos que se pretenden con `las&nbsp; actividades extraescolares son:</p>
<ul>
<li>Realizar actividades que favorezcan el desarrollo integral del alumno/a.</li>
<li>Realizar actividades lúdicas y vivenciales distintas a las posibles en horario lectivo.</li>
<li>Favorecer la convivencia de los distintos sectores de la comunidad educativa.</li>
<li>Crear actividades que refuercen la confianza en sí mismos y la valoración personal.</li>
<li>Incentivar la interacción entre pares para mejorar habilidades comunicativas y de colaboración, así como fomentar la empatía.</li>
<li>Incluir una variedad de actividades físicas que motiven al alumnado a moverse regularmente, adaptándose a sus intereses y habilidades.</li>
<li>Ofrecer actividades que profundicen y/o refuercen áreas de interés particular.</li>
<li>Reforzar la competencia linguística y promover el refuerzo y/o ampliación de la segunda lengua extranjera (inglés)</li>
</ul>
<p>La planificación de dichas actividades quedan distribuidas del siguiente modo (pudiendo variar a lo largo del curso en función del número de usuarios)</p>
<p><a href="https://blogsaverroes.juntadeandalucia.es/ceipgregoriomaranon/files/2024/11/AAEE.jpg"><img decoding="async" class="aligncenter wp-image-3126" src="https://blogsaverroes.juntadeandalucia.es/ceipgregoriomaranon/files/2024/11/AAEE-300x212.jpg" alt="" width="393" height="278" srcset="https://blogsaverroes.juntadeandalucia.es/ceipgregoriomaranon/files/2024/11/AAEE-300x212.jpg 300w, https://blogsaverroes.juntadeandalucia.es/ceipgregoriomaranon/files/2024/11/AAEE-1024x724.jpg 1024w, https://blogsaverroes.juntadeandalucia.es/ceipgregoriomaranon/files/2024/11/AAEE-768x543.jpg 768w, https://blogsaverroes.juntadeandalucia.es/ceipgregoriomaranon/files/2024/11/AAEE-1536x1086.jpg 1536w, https://blogsaverroes.juntadeandalucia.es/ceipgregoriomaranon/files/2024/11/AAEE.jpg 1600w" sizes="(max-width: 393px) 100vw, 393px" /></a></p>
<p>A partir delas 18:00h el centro cede sus instalaciones previa aprobación por Consejo Escolar y autorización de Delegación Provincial de lunes a jueves a RBC, viernes y fines de semana.</p>
<p>&nbsp;</p>
<p>&nbsp;</p>
<p>&nbsp;</p>

<p>&nbsp; Las actividades extraescolares tienen lugar en horario de tarde,&nbsp; de 16:00 a 18.00h , y abarcan aspectos como la lectura, el deporte, la música, la informática, los idiomas, la danza o el teatro,&#46;&#46;&#46;</p>
