{"id":3866,"date":"2024-10-15T13:34:25","date_gmt":"2024-10-15T13:34:25","guid":{"rendered":"https:\/\/blogsaverroes.juntadeandalucia.es\/ceipguliena\/?page_id=3866"},"modified":"2025-10-14T10:34:38","modified_gmt":"2025-10-14T10:34:38","slug":"bases","status":"publish","type":"page","link":"https:\/\/blogsaverroes.juntadeandalucia.es\/ceipguliena\/english-version\/erasmus\/bases\/","title":{"rendered":"BASES"},"content":{"rendered":"<p>Actualmente nuestro centro tiene concedida la Acreditaci\u00f3n Erasmus + y es considerado Escuela eTwinning.&nbsp;<\/p>\n<p>Existe una <strong>comisi\u00f3n<\/strong> Erasmus+ en el centro, formada por: Equipo directivo, docentes de ingl\u00e9s, coordinadora biling\u00fce y tutores de las clases de 6\u00ba, presidenta del AMPA. Otros docentes que la coordinaci\u00f3n erasmus considere relevante.<\/p>\n<p>Dicha comisi\u00f3n tiene las siguientes <strong>funciones<\/strong>:<\/p>\n<ol>\n<li>Organizar las movilidades de cada curso escolar.<\/li>\n<li>Determinar las directrices a seguir para la selecci\u00f3n del personal (alumnado y docentes) que realizar\u00e1n dichas movilidades.<\/li>\n<li>Participar en el proceso de selecci\u00f3n de los candidatos de forma activa.<\/li>\n<li>Promover la difusi\u00f3n del programa Erasmus+.<\/li>\n<li>Otras funciones que pueda acordar la coordinadora del programa.<\/li>\n<\/ol>\n<p>&nbsp;<\/p>\n<p>Se lanzar\u00e1n las distintas convocatorias seg\u00fan considere la Comisi\u00f3n Erasmus, con suficiente tiempo de antelaci\u00f3n para que los alumnos\/as interesados puedan presentar sus solicitudes a esta beca. Los grupos ser\u00e1n realizados por la comisi\u00f3n Erasmus y el alumnado no podr\u00e1 elegir la movilidad. Esto responde a la necesidad pedag\u00f3gica de heterogeneidad.<\/p>\n<p><strong>Criterios <\/strong>para determinar la selecci\u00f3n del alumnado participante en las diferentes movilidades del programa:<\/p>\n<ol>\n<li>El alumno\/a debe presentar la solicitud de participaci\u00f3n en el programa Erasmus+, con la aprobaci\u00f3n expl\u00edcita de ambos tutores legales. Se tendr\u00e1 como primer requisito la autonom\u00eda del menor.<\/li>\n<li>Quedan excluidos de la solicitud el alumnado que presente partes de incidencias (este curso o el anterior) que la comisi\u00f3n considere suficientemente graves como para asumir la responsabilidad del menor en el extranjero.<\/li>\n<li>Se prioriza al alumnado de 6\u00ba y en segundo lugar a los de 5\u00ba de El alumnado que haya participado durante el mismo curso en una movilidad no tendr\u00e1 acceso a otra movilidad durante ese curso, excepto si las plazas quedaran desiertas.<\/li>\n<li>El alumnado que haya participado en movilidades anteriores pierde la prioridad y no entra en el proceso hasta que est\u00e9 en igualdad de condiciones con el resto de candidatos.<\/li>\n<li>Existir\u00e1 una graduaci\u00f3n de puntos que garanticen la prioridad de unos alumnos sobre otros que estar\u00e1 expuesta:<\/li>\n<li style=\"list-style-type: none\">\n<ol style=\"list-style-type: lower-alpha\">\n<li>Nivel de ingl\u00e9s (se tomar\u00e1 como referencia la evaluaci\u00f3n del curso anterior o la del trimestre anterior): suficiente 1 punto, bien 2 puntos, notable 3 puntos, sobresaliente 4<\/li>\n<li>Riesgo de exclusi\u00f3n social: 1<\/li>\n<li>Participaci\u00f3n previa en actividades Erasmus: De 1 a 3 actividades: 1 punto; de 3 a 4: 2 puntos; en todas las actividades propuestas 4 puntos.<\/li>\n<li>Idoneidad y madurez del alumno\/a seg\u00fan criterios pedag\u00f3gicos en su trayectoria escolar. Esta r\u00fabrica permite evaluar diferentes dimensiones de la idoneidad del alumno de forma integral, considerando tanto sus capacidades personales como acad\u00e9micas, y su nivel de preparaci\u00f3n para enfrentarse a una experiencia.<\/li>\n<\/ol>\n<\/li>\n<\/ol>\n<p>&nbsp;<\/p>\n<table style=\"width: 98.073%\">\n<tbody>\n<tr>\n<td style=\"width: 18.7335%\">Criterio<\/td>\n<td style=\"width: 18.8654%\">1 punto<\/td>\n<td style=\"width: 20.5805%\">2 puntos<\/td>\n<td style=\"width: 19.657%\">3 puntos<\/td>\n<td style=\"width: 85.3059%\">4 puntos<\/td>\n<\/tr>\n<tr>\n<td style=\"width: 18.7335%\">Madurez personal<\/td>\n<td style=\"width: 18.8654%\">Muestra inmadurez en situaciones sociales&nbsp;&nbsp;&nbsp;&nbsp;&nbsp;&nbsp;&nbsp;&nbsp;&nbsp;&nbsp;&nbsp;&nbsp;&nbsp;&nbsp;&nbsp;&nbsp;&nbsp; y<\/p>\n<p>acad\u00e9micas. Depende completamente de otros para resolver problemas.<\/td>\n<td style=\"width: 20.5805%\">Demuestra cierta capacidad de tomar decisiones, pero se deja&nbsp;&nbsp;&nbsp;&nbsp;&nbsp;&nbsp;&nbsp;&nbsp;&nbsp;&nbsp;&nbsp;&nbsp;&nbsp;&nbsp;&nbsp; influir<\/p>\n<p>f\u00e1cilmente o evita situaciones dif\u00edciles. Le cuesta adaptarse a&nbsp;&nbsp;&nbsp;&nbsp;&nbsp;&nbsp;&nbsp;&nbsp;&nbsp;&nbsp;&nbsp;&nbsp;&nbsp;&nbsp;&nbsp;&nbsp;&nbsp;&nbsp; nuevas<\/p>\n<p>circunstancias.<\/td>\n<td style=\"width: 19.657%\">\n<p style=\"text-align: left\">Muestra una buena capacidad&nbsp;&nbsp;&nbsp;&nbsp;&nbsp;&nbsp;&nbsp;&nbsp;&nbsp; para<\/p>\n<p>manejar&nbsp;&nbsp;&nbsp;&nbsp;&nbsp;&nbsp;&nbsp;&nbsp;&nbsp;&nbsp;&nbsp;&nbsp;&nbsp; sus emociones y toma decisiones razonables&nbsp;&nbsp;&nbsp;&nbsp;&nbsp;&nbsp;&nbsp;&nbsp;&nbsp;&nbsp;&nbsp; en situaciones cotidianas.&nbsp;&nbsp;&nbsp;&nbsp;&nbsp;&nbsp;&nbsp;&nbsp;&nbsp;&nbsp;&nbsp; Se adapta a cambios, aunque con algo de<\/p>\n<p>apoyo externo.<\/td>\n<td style=\"width: 85.3059%\">Demuestra una alta capacidad&nbsp;&nbsp;&nbsp;&nbsp;&nbsp;&nbsp;&nbsp;&nbsp;&nbsp;&nbsp;&nbsp;&nbsp; de autogesti\u00f3n, madurez en la toma de decisiones y es flexible&nbsp;&nbsp;&nbsp;&nbsp;&nbsp;&nbsp;&nbsp; en&nbsp;&nbsp;&nbsp;&nbsp;&nbsp;&nbsp; la<\/p>\n<p>adaptaci\u00f3n&nbsp;&nbsp;&nbsp;&nbsp;&nbsp;&nbsp;&nbsp;&nbsp;&nbsp;&nbsp;&nbsp;&nbsp;&nbsp; a situaciones nuevas o desafiantes.<\/td>\n<\/tr>\n<tr>\n<td style=\"width: 18.7335%\">Responsabilidad acad\u00e9mica<\/td>\n<td style=\"width: 18.8654%\">Falta&nbsp;&nbsp;&nbsp;&nbsp;&nbsp;&nbsp;&nbsp;&nbsp;&nbsp;&nbsp;&nbsp;&nbsp;&nbsp;&nbsp;&nbsp;&nbsp;&nbsp;&nbsp;&nbsp; de<\/p>\n<p>responsabilidad en el cumplimiento de plazos, y su asistencia a clase es irregular. No toma la iniciativa.<\/td>\n<td style=\"width: 20.5805%\">Cumple con plazos y responsabilidades, pero&nbsp;&nbsp;&nbsp;&nbsp;&nbsp;&nbsp; a&nbsp;&nbsp;&nbsp;&nbsp;&nbsp;&nbsp; veces necesita recordatorios&nbsp;&nbsp;&nbsp;&nbsp;&nbsp;&nbsp;&nbsp;&nbsp;&nbsp; o apoyo.&nbsp;&nbsp;&nbsp;&nbsp;&nbsp;&nbsp;&nbsp;&nbsp;&nbsp;&nbsp;&nbsp; Asiste regularmente, pero su compromiso es variable.<\/td>\n<td style=\"width: 19.657%\">Cumple con plazos de&nbsp;&nbsp;&nbsp;&nbsp;&nbsp;&nbsp;&nbsp;&nbsp;&nbsp;&nbsp;&nbsp;&nbsp;&nbsp;&nbsp;&nbsp; manera consistente&nbsp;&nbsp;&nbsp;&nbsp;&nbsp;&nbsp;&nbsp;&nbsp;&nbsp;&nbsp;&nbsp;&nbsp; y<\/p>\n<p>demuestra&nbsp;&nbsp;&nbsp;&nbsp;&nbsp;&nbsp;&nbsp;&nbsp;&nbsp;&nbsp;&nbsp; un compromiso estable. Asume la responsabilidad de su trabajo con poca supervisi\u00f3n.<\/td>\n<td style=\"width: 85.3059%\">Cumple todos los plazos y es proactivo. Tiene un alto sentido de la responsabilidad en su&nbsp;&nbsp;&nbsp;&nbsp;&nbsp;&nbsp;&nbsp;&nbsp;&nbsp;&nbsp;&nbsp;&nbsp;&nbsp;&nbsp;&nbsp;&nbsp; trabajo<\/p>\n<p>acad\u00e9mico&nbsp;&nbsp;&nbsp;&nbsp;&nbsp;&nbsp;&nbsp;&nbsp;&nbsp;&nbsp;&nbsp;&nbsp;&nbsp; y<\/p>\n<p>gestiona&nbsp;&nbsp;&nbsp;&nbsp;&nbsp;&nbsp;&nbsp;&nbsp;&nbsp;&nbsp;&nbsp;&nbsp;&nbsp; sus compromisos sin necesidad&nbsp;&nbsp;&nbsp;&nbsp;&nbsp;&nbsp;&nbsp;&nbsp;&nbsp;&nbsp;&nbsp;&nbsp; de supervisi\u00f3n.<\/td>\n<\/tr>\n<tr>\n<td style=\"width: 18.7335%\">Compromiso con el Proyecto Erasmus<\/td>\n<td style=\"width: 18.8654%\">No demuestra inter\u00e9s o motivaci\u00f3n para participar en el proyecto. No est\u00e1 preparado para comprometerse a un&nbsp;&nbsp;&nbsp;&nbsp;&nbsp;&nbsp;&nbsp;&nbsp;&nbsp;&nbsp;&nbsp; programa internacional.<\/td>\n<td style=\"width: 20.5805%\">Muestra un inter\u00e9s inicial, pero su compromiso&nbsp;&nbsp;&nbsp; y<\/p>\n<p>motivaci\u00f3n son fluctuantes.<\/p>\n<p>Necesita mejorar en t\u00e9rminos&nbsp;&nbsp;&nbsp;&nbsp;&nbsp;&nbsp;&nbsp;&nbsp;&nbsp;&nbsp;&nbsp;&nbsp;&nbsp; de preparaci\u00f3n para asumir&nbsp;&nbsp;&nbsp;&nbsp;&nbsp;&nbsp;&nbsp;&nbsp;&nbsp;&nbsp;&nbsp;&nbsp; retos internacionales.<\/td>\n<td style=\"width: 19.657%\">Muestra motivaci\u00f3n e&nbsp;&nbsp;&nbsp; inter\u00e9s&nbsp;&nbsp;&nbsp; por&nbsp;&nbsp;&nbsp; el programa Erasmus. Est\u00e1&nbsp;&nbsp;&nbsp; dispuesto&nbsp;&nbsp;&nbsp;&nbsp; a comprometerse, aunque&nbsp;&nbsp;&nbsp;&nbsp;&nbsp;&nbsp;&nbsp;&nbsp;&nbsp;&nbsp; pueda<\/p>\n<p>necesitar&nbsp;&nbsp;&nbsp;&nbsp;&nbsp;&nbsp;&nbsp; apoyo<\/p>\n<p>adicional&nbsp;&nbsp;&nbsp;&nbsp;&nbsp;&nbsp;&nbsp;&nbsp;&nbsp;&nbsp;&nbsp; para preparar&nbsp;&nbsp;&nbsp; el&nbsp;&nbsp;&nbsp; viaje.<\/td>\n<td style=\"width: 85.3059%\">Demuestra un alto nivel&nbsp;&nbsp;&nbsp;&nbsp;&nbsp;&nbsp;&nbsp;&nbsp;&nbsp;&nbsp;&nbsp;&nbsp;&nbsp;&nbsp;&nbsp;&nbsp;&nbsp;&nbsp;&nbsp; de<\/p>\n<p>compromiso&nbsp;&nbsp;&nbsp;&nbsp;&nbsp;&nbsp;&nbsp;&nbsp;&nbsp;&nbsp;&nbsp; y motivaci\u00f3n por el proyecto.&nbsp;&nbsp;&nbsp;&nbsp;&nbsp;&nbsp;&nbsp;&nbsp;&nbsp;&nbsp; Est\u00e1 completamente preparado&nbsp;&nbsp;&nbsp;&nbsp;&nbsp;&nbsp;&nbsp;&nbsp;&nbsp;&nbsp;&nbsp;&nbsp;&nbsp;&nbsp; y dispuesto a asumir los&nbsp;&nbsp;&nbsp; retos&nbsp;&nbsp;&nbsp; de&nbsp;&nbsp;&nbsp; un programa<\/p>\n<p>internacional.<\/td>\n<\/tr>\n<\/tbody>\n<\/table>\n<table style=\"width: 98.0456%\">\n<tbody>\n<tr>\n<td style=\"width: 20.9396%\" width=\"137\">Autonom\u00eda&nbsp;&nbsp;&nbsp;&nbsp;&nbsp;&nbsp;&nbsp;&nbsp;&nbsp;&nbsp;&nbsp;&nbsp;&nbsp; y Gesti\u00f3n del Tiempo<\/td>\n<td style=\"width: 18.9262%\" width=\"137\">Incapaz&nbsp;&nbsp;&nbsp;&nbsp;&nbsp;&nbsp;&nbsp;&nbsp;&nbsp;&nbsp;&nbsp;&nbsp;&nbsp;&nbsp;&nbsp; de gestionar su tiempo de manera efectiva. Depende de otros para&nbsp; organizarse.<\/td>\n<td style=\"width: 18.9262%\" width=\"137\">Puede gestionar su tiempo,&nbsp;&nbsp;&nbsp;&nbsp;&nbsp;&nbsp;&nbsp;&nbsp;&nbsp;&nbsp;&nbsp;&nbsp; pero requiere recordatorios frecuentes&nbsp;&nbsp;&nbsp;&nbsp;&nbsp;&nbsp;&nbsp;&nbsp; para completar tareas o ajustarse a plazos.<\/td>\n<td style=\"width: 20.4027%\" width=\"138\">Tiene&nbsp;&nbsp;&nbsp;&nbsp; habilidades de&nbsp;&nbsp;&nbsp;&nbsp;&nbsp; gesti\u00f3n&nbsp;&nbsp;&nbsp;&nbsp;&nbsp;&nbsp; del tiempo adecuadas y suele completar sus responsabilidades sin&nbsp;&nbsp;&nbsp;&nbsp;&nbsp;&nbsp;&nbsp; intervenci\u00f3n externa,&nbsp;&nbsp;&nbsp;&nbsp;&nbsp;&nbsp;&nbsp; aunque<\/p>\n<p>puede&nbsp;&nbsp;&nbsp;&nbsp;&nbsp;&nbsp;&nbsp;&nbsp;&nbsp;&nbsp;&nbsp;&nbsp;&nbsp; tener<\/p>\n<p>dificultades&nbsp;&nbsp;&nbsp;&nbsp;&nbsp;&nbsp;&nbsp;&nbsp; con<\/p>\n<p>tareas&nbsp;&nbsp;&nbsp;&nbsp;&nbsp;&nbsp;&nbsp;&nbsp;&nbsp;&nbsp;&nbsp;&nbsp;&nbsp;&nbsp;&nbsp; m\u00e1s<\/p>\n<p>complejas.<\/td>\n<td style=\"width: 100.671%\" width=\"137\">Gestiona su tiempo de&nbsp;&nbsp;&nbsp;&nbsp;&nbsp;&nbsp;&nbsp;&nbsp;&nbsp;&nbsp;&nbsp;&nbsp;&nbsp;&nbsp;&nbsp; manera aut\u00f3noma, prioriza tareas y cumple sus compromisos de forma eficiente y organizada.<\/td>\n<\/tr>\n<tr>\n<td style=\"width: 20.9396%\" width=\"137\">Habilidades&nbsp;&nbsp;&nbsp;&nbsp;&nbsp;&nbsp;&nbsp;&nbsp;&nbsp; de<\/p>\n<p>Comunicaci\u00f3n&nbsp;&nbsp;&nbsp;&nbsp;&nbsp;&nbsp;&nbsp;&nbsp; y<\/p>\n<p>Resoluci\u00f3n&nbsp;&nbsp;&nbsp;&nbsp;&nbsp;&nbsp;&nbsp;&nbsp;&nbsp;&nbsp;&nbsp; de Conflictos<\/td>\n<td style=\"width: 18.9262%\" width=\"137\">Evita&nbsp;&nbsp;&nbsp;&nbsp;&nbsp;&nbsp;&nbsp;&nbsp;&nbsp;&nbsp;&nbsp;&nbsp;&nbsp;&nbsp;&nbsp;&nbsp;&nbsp;&nbsp;&nbsp;&nbsp; la<\/p>\n<p>comunicaci\u00f3n en situaciones dif\u00edciles o muestra poca capacidad de di\u00e1logo. Incapaz de resolver conflictos de&nbsp;&nbsp;&nbsp;&nbsp;&nbsp;&nbsp;&nbsp;&nbsp;&nbsp;&nbsp;&nbsp;&nbsp;&nbsp;&nbsp;&nbsp; manera constructiva.<\/td>\n<td style=\"width: 18.9262%\" width=\"137\">Comunica sus ideas, pero&nbsp;&nbsp;&nbsp;&nbsp;&nbsp; con&nbsp;&nbsp;&nbsp;&nbsp; cierta dificultad&nbsp;&nbsp;&nbsp;&nbsp;&nbsp;&nbsp;&nbsp;&nbsp;&nbsp;&nbsp;&nbsp;&nbsp;&nbsp; en situaciones desafiantes.<\/p>\n<p>Resuelve conflictos con apoyo externo.<\/td>\n<td style=\"width: 20.4027%\" width=\"138\">Comunica&nbsp;&nbsp;&nbsp;&nbsp;&nbsp;&nbsp;&nbsp;&nbsp;&nbsp;&nbsp;&nbsp;&nbsp; de manera efectiva en la mayor\u00eda de las situaciones&nbsp;&nbsp;&nbsp;&nbsp;&nbsp; y&nbsp;&nbsp;&nbsp;&nbsp; es capaz de resolver conflictos&nbsp;&nbsp;&nbsp;&nbsp;&nbsp;&nbsp;&nbsp;&nbsp;&nbsp;&nbsp;&nbsp;&nbsp;&nbsp; de manera constructiva, aunque&nbsp;&nbsp;&nbsp;&nbsp;&nbsp;&nbsp;&nbsp;&nbsp;&nbsp; puede necesitar<\/p>\n<p>orientaci\u00f3n.<\/td>\n<td style=\"width: 100.671%\" width=\"137\">Muestra habilidades de&nbsp;&nbsp;&nbsp;&nbsp;&nbsp; comunicaci\u00f3n claras y asertivas, y resuelve&nbsp;&nbsp;&nbsp; conflictos de manera eficiente y&nbsp;&nbsp;&nbsp;&nbsp;&nbsp;&nbsp;&nbsp;&nbsp;&nbsp;&nbsp;&nbsp;&nbsp; aut\u00f3noma, demostrando madurez emocional.<\/td>\n<\/tr>\n<\/tbody>\n<\/table>\n<p>&nbsp;<\/p>\n<p>6. El alumnado con dictamen NEAE o NEE obtendr\u00e1 1 punto, siempre y cuando presente autonom\u00eda y no tenga ning\u00fan registro de incidencias que valorar\u00e1 la Comisi\u00f3n. Ser\u00e1 la Comisi\u00f3n erasmus quien proponga a este alumnado.<\/p>\n<p>7. El alumno\/a aspirante debe tener aprobado el \u00e1rea de ingl\u00e9s.<\/p>\n<p>8. Se realizar\u00e1 una prueba oral a los candidatos con un m\u00ednimo de conocimientos de ingl\u00e9s hablado por parte de la docente de ingl\u00e9s, bas\u00e1ndose en las presentaciones Erasmus realizadas en movilidades anteriores. Esta prueba, si no es superada, se considera eliminatoria.<\/p>\n<p>9. Igualmente deber\u00e1 realizar una prueba de expresi\u00f3n oral en lengua castellana ante sus compa\u00f1eros y compa\u00f1eras que ser\u00e1 valorada por los docentes y calificada de 0 a 5, siendo 5 la m\u00e1xima puntuaci\u00f3n.<\/p>\n<p>10. Se tendr\u00e1 en cuenta la participaci\u00f3n de las familias de los aspirantes en las diferentes actividades de acogida del proyecto Erasmus+.<\/p>\n<p>11. Llegados a este punto, y si existiera alg\u00fan empate, ser\u00e1 la comisi\u00f3n Erasmus en su calidad y autonom\u00eda pedag\u00f3gica quienes consideren la idoneidad del disfrute de esta beca para la mejora y aprovechamiento por parte del alumno\/a candidato.<\/p>\n<p>12. Una vez que el alumno\/a ha sido seleccionado para la participaci\u00f3n en las movilidades, la colaboraci\u00f3n de las familias en el programa Erasmus+ es imprescindible y obligatoria.<\/p>\n<p>&nbsp;<\/p>\n<p><span style=\"font-weight: 400\">A la hora de asignar las movilidades Erasmus al personal docente, se tendr\u00e1n en cuenta los siguientes aspectos fundamentales:<\/span><\/p>\n<ul>\n<li style=\"font-weight: 400\"><span style=\"font-weight: 400\">La implicaci\u00f3n del docente en la vida del centro, valor\u00e1ndose especialmente una participaci\u00f3n activa y regular en proyectos de innovaci\u00f3n educativa, equipos y comisiones, as\u00ed como la colaboraci\u00f3n en actividades y difusi\u00f3n de resultados de proyectos europeos o innovadores., o en actividades de acogida cuando el centro recibe a docentes o alumnado Erasmus.<\/span><\/li>\n<li style=\"font-weight: 400\"><span style=\"font-weight: 400\">El compromiso de continuidad en el centro, atendiendo a la antig\u00fcedad del candidato y la formalizaci\u00f3n de un compromiso de permanencia tras la movilidad. Se considerar\u00e1, adem\u00e1s, la disposici\u00f3n del docente para realizar tareas de mentor\u00eda y apoyo en futuras movilidades.\u200b<\/span><\/li>\n<li style=\"font-weight: 400\"><span style=\"font-weight: 400\">La preparaci\u00f3n y adecuaci\u00f3n del perfil profesional en relaci\u00f3n con la tem\u00e1tica concreta de la movilidad a realizar. Por ejemplo, si la movilidad aborda tem\u00e1ticas de lectoescritura, se dar\u00e1 prioridad al profesorado de primer ciclo y aquel que guarde mayor relaci\u00f3n con la materia objeto de la estancia, as\u00ed como a quienes acrediten formaci\u00f3n o experiencia previa vinculada.\u200b<\/span><\/li>\n<li style=\"font-weight: 400\"><span style=\"font-weight: 400\">La motivaci\u00f3n personal y el impacto potencial de la movilidad, a trav\u00e9s de la presentaci\u00f3n de una carta de motivaci\u00f3n donde se evidencien propuestas claras de aplicaci\u00f3n pr\u00e1ctica para el alumnado y el centro, as\u00ed como ideas innovadoras que contribuyan al desarrollo institucional y profesional.\u200b<\/span><\/li>\n<li style=\"font-weight: 400\"><span style=\"font-weight: 400\">La experiencia previa en proyectos europeos o internacionales, teniendo en cuenta la trayectoria del docente en iniciativas Erasmus+, eTwinning u otros proyectos de internacionalizaci\u00f3n, para promover el esp\u00edritu colaborativo y el uso de buenas pr\u00e1cticas educativas.\u200b<\/span><\/li>\n<\/ul>\n<p>&nbsp;<\/p>\n<p><span style=\"font-weight: 400\">Estos criterios se consideran conjuntamente para asegurar una asignaci\u00f3n objetiva y alineada con las necesidades y prioridades del centro escolar y el Plan Europeo del centro.<\/span><\/p>\n","protected":false},"excerpt":{"rendered":"<p>&#46;&#46;&#46;<\/p>\n","protected":false},"author":4890,"featured_media":0,"parent":3321,"menu_order":1,"comment_status":"closed","ping_status":"closed","template":"page-templates\/child-menu.php","meta":{"ngg_post_thumbnail":0,"footnotes":"","_mc_calendar":[]},"aioseo_notices":[],"_links":{"self":[{"href":"https:\/\/blogsaverroes.juntadeandalucia.es\/ceipguliena\/wp-json\/wp\/v2\/pages\/3866"}],"collection":[{"href":"https:\/\/blogsaverroes.juntadeandalucia.es\/ceipguliena\/wp-json\/wp\/v2\/pages"}],"about":[{"href":"https:\/\/blogsaverroes.juntadeandalucia.es\/ceipguliena\/wp-json\/wp\/v2\/types\/page"}],"author":[{"embeddable":true,"href":"https:\/\/blogsaverroes.juntadeandalucia.es\/ceipguliena\/wp-json\/wp\/v2\/users\/4890"}],"replies":[{"embeddable":true,"href":"https:\/\/blogsaverroes.juntadeandalucia.es\/ceipguliena\/wp-json\/wp\/v2\/comments?post=3866"}],"version-history":[{"count":5,"href":"https:\/\/blogsaverroes.juntadeandalucia.es\/ceipguliena\/wp-json\/wp\/v2\/pages\/3866\/revisions"}],"predecessor-version":[{"id":3950,"href":"https:\/\/blogsaverroes.juntadeandalucia.es\/ceipguliena\/wp-json\/wp\/v2\/pages\/3866\/revisions\/3950"}],"up":[{"embeddable":true,"href":"https:\/\/blogsaverroes.juntadeandalucia.es\/ceipguliena\/wp-json\/wp\/v2\/pages\/3321"}],"wp:attachment":[{"href":"https:\/\/blogsaverroes.juntadeandalucia.es\/ceipguliena\/wp-json\/wp\/v2\/media?parent=3866"}],"curies":[{"name":"wp","href":"https:\/\/api.w.org\/{rel}","templated":true}]}}