{"id":42,"date":"2015-03-13T08:40:47","date_gmt":"2015-03-13T08:40:47","guid":{"rendered":"http:\/\/blogsaverroes.juntadeandalucia.es\/pre\/ceip\/?page_id=42"},"modified":"2024-09-16T15:41:55","modified_gmt":"2024-09-16T15:41:55","slug":"equipo-directivo","status":"publish","type":"page","link":"https:\/\/blogsaverroes.juntadeandalucia.es\/ceipguliena\/equipo-directivo\/","title":{"rendered":"Equipo directivo"},"content":{"rendered":"<p style=\"text-align: center\"><a href=\"http:\/\/blogsaverroes.juntadeandalucia.es\/ceipguliena\/equipo-directivo\/attachment\/38\/\" rel=\"attachment wp-att-2623\"><img loading=\"lazy\" decoding=\"async\" class=\"alignnone size-medium wp-image-2623\" src=\"https:\/\/blogsaverroes.juntadeandalucia.es\/ceipguliena\/files\/2015\/03\/38-300x225.jpg\" alt=\"\" width=\"300\" height=\"225\" srcset=\"https:\/\/blogsaverroes.juntadeandalucia.es\/ceipguliena\/files\/2015\/03\/38-300x225.jpg 300w, https:\/\/blogsaverroes.juntadeandalucia.es\/ceipguliena\/files\/2015\/03\/38-24x18.jpg 24w, https:\/\/blogsaverroes.juntadeandalucia.es\/ceipguliena\/files\/2015\/03\/38-36x27.jpg 36w, https:\/\/blogsaverroes.juntadeandalucia.es\/ceipguliena\/files\/2015\/03\/38-48x36.jpg 48w, https:\/\/blogsaverroes.juntadeandalucia.es\/ceipguliena\/files\/2015\/03\/38.jpg 400w\" sizes=\"(max-width: 300px) 100vw, 300px\" \/><\/a><\/p>\n<p>&nbsp;<\/p>\n<p>El equipo directivo de CEIP Guliena est\u00e1 formado por:<\/p>\n<p>&nbsp;<\/p>\n<p><strong>Direcci\u00f3n: <\/strong>Alma Mar\u00eda Gil Navas<strong><br \/>\n<\/strong><\/p>\n<p><strong>Jefatura de estudios:<\/strong> Maria Carmen Luque Oliva<strong><br \/>\n<\/strong><\/p>\n<p><strong>Secretar\u00eda:&nbsp;<\/strong>Adri\u00e1n Vidal Vecino<strong><br \/>\n<\/strong><\/p>\n<p>&nbsp;<\/p>\n<p>A continuaci\u00f3n las familias pueden ver el organigrama del centro de atenci\u00f3n a las mismas. No deben olvidar que los asuntos de tutor\u00eda deben pasar primero por la reuni\u00f3n con el tutor o docente especialista, antes de ser atendidos por jefatura y\/o direcci\u00f3n. Las reuniones ser\u00e1n siempre bajo cita previa.<\/p>\n<p>&nbsp;<\/p>\n<p>&nbsp;<\/p>\n<p><a href=\"https:\/\/blogsaverroes.juntadeandalucia.es\/ceipguliena\/files\/2024\/09\/grafico-organigrama-gratis-empresa-ilustracion-moderno-celeste.jpg\"><img loading=\"lazy\" decoding=\"async\" class=\"size-full wp-image-3861 aligncenter\" src=\"https:\/\/blogsaverroes.juntadeandalucia.es\/ceipguliena\/files\/2024\/09\/grafico-organigrama-gratis-empresa-ilustracion-moderno-celeste.jpg\" alt=\"\" width=\"1024\" height=\"768\" srcset=\"https:\/\/blogsaverroes.juntadeandalucia.es\/ceipguliena\/files\/2024\/09\/grafico-organigrama-gratis-empresa-ilustracion-moderno-celeste.jpg 1024w, https:\/\/blogsaverroes.juntadeandalucia.es\/ceipguliena\/files\/2024\/09\/grafico-organigrama-gratis-empresa-ilustracion-moderno-celeste-300x225.jpg 300w, https:\/\/blogsaverroes.juntadeandalucia.es\/ceipguliena\/files\/2024\/09\/grafico-organigrama-gratis-empresa-ilustracion-moderno-celeste-768x576.jpg 768w\" sizes=\"(max-width: 1024px) 100vw, 1024px\" \/><\/a><\/p>\n","protected":false},"excerpt":{"rendered":"<p>&#46;&#46;&#46;<\/p>\n","protected":false},"author":1,"featured_media":0,"parent":0,"menu_order":0,"comment_status":"closed","ping_status":"open","template":"","meta":{"ngg_post_thumbnail":0,"footnotes":"","_mc_calendar":[]},"aioseo_notices":[],"_links":{"self":[{"href":"https:\/\/blogsaverroes.juntadeandalucia.es\/ceipguliena\/wp-json\/wp\/v2\/pages\/42"}],"collection":[{"href":"https:\/\/blogsaverroes.juntadeandalucia.es\/ceipguliena\/wp-json\/wp\/v2\/pages"}],"about":[{"href":"https:\/\/blogsaverroes.juntadeandalucia.es\/ceipguliena\/wp-json\/wp\/v2\/types\/page"}],"author":[{"embeddable":true,"href":"https:\/\/blogsaverroes.juntadeandalucia.es\/ceipguliena\/wp-json\/wp\/v2\/users\/1"}],"replies":[{"embeddable":true,"href":"https:\/\/blogsaverroes.juntadeandalucia.es\/ceipguliena\/wp-json\/wp\/v2\/comments?post=42"}],"version-history":[{"count":8,"href":"https:\/\/blogsaverroes.juntadeandalucia.es\/ceipguliena\/wp-json\/wp\/v2\/pages\/42\/revisions"}],"predecessor-version":[{"id":3862,"href":"https:\/\/blogsaverroes.juntadeandalucia.es\/ceipguliena\/wp-json\/wp\/v2\/pages\/42\/revisions\/3862"}],"wp:attachment":[{"href":"https:\/\/blogsaverroes.juntadeandalucia.es\/ceipguliena\/wp-json\/wp\/v2\/media?parent=42"}],"curies":[{"name":"wp","href":"https:\/\/api.w.org\/{rel}","templated":true}]}}

<p style="text-align: center"><a href="http://blogsaverroes.juntadeandalucia.es/ceipguliena/equipo-directivo/attachment/38/" rel="attachment wp-att-2623"><img loading="lazy" decoding="async" class="alignnone size-medium wp-image-2623" src="https://blogsaverroes.juntadeandalucia.es/ceipguliena/files/2015/03/38-300x225.jpg" alt="" width="300" height="225" srcset="https://blogsaverroes.juntadeandalucia.es/ceipguliena/files/2015/03/38-300x225.jpg 300w, https://blogsaverroes.juntadeandalucia.es/ceipguliena/files/2015/03/38-24x18.jpg 24w, https://blogsaverroes.juntadeandalucia.es/ceipguliena/files/2015/03/38-36x27.jpg 36w, https://blogsaverroes.juntadeandalucia.es/ceipguliena/files/2015/03/38-48x36.jpg 48w, https://blogsaverroes.juntadeandalucia.es/ceipguliena/files/2015/03/38.jpg 400w" sizes="(max-width: 300px) 100vw, 300px" /></a></p>
<p>&nbsp;</p>
<p>El equipo directivo de CEIP Guliena está formado por:</p>
<p>&nbsp;</p>
<p><strong>Dirección: </strong>Alma María Gil Navas<strong><br />
</strong></p>
<p><strong>Jefatura de estudios:</strong> Maria Carmen Luque Oliva<strong><br />
</strong></p>
<p><strong>Secretaría:&nbsp;</strong>Adrián Vidal Vecino<strong><br />
</strong></p>
<p>&nbsp;</p>
<p>A continuación las familias pueden ver el organigrama del centro de atención a las mismas. No deben olvidar que los asuntos de tutoría deben pasar primero por la reunión con el tutor o docente especialista, antes de ser atendidos por jefatura y/o dirección. Las reuniones serán siempre bajo cita previa.</p>
<p>&nbsp;</p>
<p>&nbsp;</p>
<p><a href="https://blogsaverroes.juntadeandalucia.es/ceipguliena/files/2024/09/grafico-organigrama-gratis-empresa-ilustracion-moderno-celeste.jpg"><img loading="lazy" decoding="async" class="size-full wp-image-3861 aligncenter" src="https://blogsaverroes.juntadeandalucia.es/ceipguliena/files/2024/09/grafico-organigrama-gratis-empresa-ilustracion-moderno-celeste.jpg" alt="" width="1024" height="768" srcset="https://blogsaverroes.juntadeandalucia.es/ceipguliena/files/2024/09/grafico-organigrama-gratis-empresa-ilustracion-moderno-celeste.jpg 1024w, https://blogsaverroes.juntadeandalucia.es/ceipguliena/files/2024/09/grafico-organigrama-gratis-empresa-ilustracion-moderno-celeste-300x225.jpg 300w, https://blogsaverroes.juntadeandalucia.es/ceipguliena/files/2024/09/grafico-organigrama-gratis-empresa-ilustracion-moderno-celeste-768x576.jpg 768w" sizes="(max-width: 1024px) 100vw, 1024px" /></a></p>
