{"id":200,"date":"2015-03-17T10:04:24","date_gmt":"2015-03-17T10:04:24","guid":{"rendered":"http:\/\/blogsaverroes.juntadeandalucia.es\/pre\/ceip\/?page_id=200"},"modified":"2019-02-04T09:53:06","modified_gmt":"2019-02-04T09:53:06","slug":"quienes-formamos-el-ampa","status":"publish","type":"page","link":"https:\/\/blogsaverroes.juntadeandalucia.es\/ceiphermanosarellano\/quienes-formamos-el-ampa\/","title":{"rendered":"\u00bfQuienes formamos el AMPA?"},"content":{"rendered":"<p>Desde \u201cAMPA CACHONEROS\u201d queremos dar las gracias a nuestro centro por la oportunidad que nos brinda de tener un espacio dentro de la pagina web de nuestro centro .Con ello esperamos poder acercarnos m\u00e1s a padres, maestr@s y alumn@s. Ya que el fin es tener una participaci\u00f3n m\u00e1s directa, con sugerencias, dudas y todo aquello que nos inquiete a favor de la educaci\u00f3n y bienestar de nuestr@s hij@s.<\/p>\n<table style=\"border-color: #030202\" cellpadding=\"2\">\n<tbody>\n<tr>\n<td style=\"text-align: center\">\n<h3>Presidenta<\/h3>\n<\/td>\n<td style=\"text-align: center\">Marta Masserini<\/td>\n<\/tr>\n<tr>\n<td style=\"text-align: center\">\n<h3>Secretar\u00eda<\/h3>\n<\/td>\n<td style=\"text-align: center\">Davide Taccola<\/td>\n<\/tr>\n<tr>\n<td style=\"text-align: center\">\n<h3>Tesorer\u00eda<\/h3>\n<\/td>\n<td style=\"text-align: center\">Yolanda M\u00e1rquez&nbsp;<\/td>\n<\/tr>\n<tr>\n<td style=\"text-align: center\">\n<h3>&nbsp;<\/h3>\n<h3>Vocales<\/h3>\n<\/td>\n<td style=\"text-align: center\">&nbsp;<\/td>\n<\/tr>\n<\/tbody>\n<\/table>\n<p>&nbsp;<\/p>\n<p>&nbsp;<\/p>\n","protected":false},"excerpt":{"rendered":"<p>Desde \u201cAMPA CACHONEROS\u201d queremos dar las gracias a nuestro centro por la oportunidad que nos brinda de tener un espacio dentro de la pagina web de nuestro centro .Con ello esperamos poder acercarnos m\u00e1s&#46;&#46;&#46;<\/p>\n","protected":false},"author":1,"featured_media":0,"parent":0,"menu_order":0,"comment_status":"closed","ping_status":"open","template":"","meta":{"ngg_post_thumbnail":0,"footnotes":"","_mc_calendar":[]},"aioseo_notices":[],"_links":{"self":[{"href":"https:\/\/blogsaverroes.juntadeandalucia.es\/ceiphermanosarellano\/wp-json\/wp\/v2\/pages\/200"}],"collection":[{"href":"https:\/\/blogsaverroes.juntadeandalucia.es\/ceiphermanosarellano\/wp-json\/wp\/v2\/pages"}],"about":[{"href":"https:\/\/blogsaverroes.juntadeandalucia.es\/ceiphermanosarellano\/wp-json\/wp\/v2\/types\/page"}],"author":[{"embeddable":true,"href":"https:\/\/blogsaverroes.juntadeandalucia.es\/ceiphermanosarellano\/wp-json\/wp\/v2\/users\/1"}],"replies":[{"embeddable":true,"href":"https:\/\/blogsaverroes.juntadeandalucia.es\/ceiphermanosarellano\/wp-json\/wp\/v2\/comments?post=200"}],"version-history":[{"count":5,"href":"https:\/\/blogsaverroes.juntadeandalucia.es\/ceiphermanosarellano\/wp-json\/wp\/v2\/pages\/200\/revisions"}],"predecessor-version":[{"id":4076,"href":"https:\/\/blogsaverroes.juntadeandalucia.es\/ceiphermanosarellano\/wp-json\/wp\/v2\/pages\/200\/revisions\/4076"}],"wp:attachment":[{"href":"https:\/\/blogsaverroes.juntadeandalucia.es\/ceiphermanosarellano\/wp-json\/wp\/v2\/media?parent=200"}],"curies":[{"name":"wp","href":"https:\/\/api.w.org\/{rel}","templated":true}]}}