{"id":2733,"date":"2016-02-07T19:54:28","date_gmt":"2016-02-07T19:54:28","guid":{"rendered":"http:\/\/blogsaverroes.juntadeandalucia.es\/ceiphermanosarellano\/?page_id=2733"},"modified":"2016-02-07T20:10:03","modified_gmt":"2016-02-07T20:10:03","slug":"objetivos-del-plan-de-igualdad","status":"publish","type":"page","link":"https:\/\/blogsaverroes.juntadeandalucia.es\/ceiphermanosarellano\/planes-y-proyectos\/plan-de-igualdad\/plan-de-igualdad\/objetivos-del-plan-de-igualdad\/","title":{"rendered":"Objetivos del Plan de Igualdad"},"content":{"rendered":"<p>Desde nuestro centro nos hemos propuesto desarrollar\u00a0 objetivos que van dirigidos a toda la Comunidad Educativa.<\/p>\n<p>Los objetivos generales del Plan de Igualdad est\u00e1n dirigidos a:<\/p>\n<ul>\n<li>Educar en la igualdad desde la escuela.<\/li>\n<li>Prevenir la violencia de g\u00e9nero, favoreciendo relaciones en equidad.<\/li>\n<li>Utilizar el sentido de cooperaci\u00f3n y colaboraci\u00f3n dentro y fuera del aula; prestando especial atenci\u00f3n al seno familiar.<\/li>\n<li>Tratar de crear un ambiente y clima distendido, en las relaciones personales, favoreciendo la comunicaci\u00f3n interpersonal y la aceptaci\u00f3n de las diferencias mediante situaciones que permitan el di\u00e1logo.<\/li>\n<li>Fomentar la participaci\u00f3n del alumno en la organizaci\u00f3n y el desarrollo de las tareas que ser\u00e1n llevadas a cabo en clase; as\u00ed como aqu\u00e9llas que les sean propuestas en casa.<\/li>\n<li>Fomentar la autonom\u00eda del alumnado, tanto en casa como en el entorno escolar, de modo que sean capaces de realizar tareas cotidianas, evitando desigualdades.<\/li>\n<li>Potenciar la colaboraci\u00f3n familia-escuela en la educaci\u00f3n para la igualdad de ni\u00f1os y ni\u00f1as.<\/li>\n<\/ul>\n","protected":false},"excerpt":{"rendered":"<p>Desde nuestro centro nos hemos propuesto desarrollar\u00a0 objetivos que van dirigidos a toda la Comunidad Educativa. Los objetivos generales del Plan de Igualdad est\u00e1n dirigidos a: Educar en la igualdad desde la escuela. Prevenir&#46;&#46;&#46;<\/p>\n","protected":false},"author":2295,"featured_media":0,"parent":2731,"menu_order":0,"comment_status":"open","ping_status":"open","template":"","meta":{"ngg_post_thumbnail":0,"footnotes":"","_mc_calendar":[]},"aioseo_notices":[],"_links":{"self":[{"href":"https:\/\/blogsaverroes.juntadeandalucia.es\/ceiphermanosarellano\/wp-json\/wp\/v2\/pages\/2733"}],"collection":[{"href":"https:\/\/blogsaverroes.juntadeandalucia.es\/ceiphermanosarellano\/wp-json\/wp\/v2\/pages"}],"about":[{"href":"https:\/\/blogsaverroes.juntadeandalucia.es\/ceiphermanosarellano\/wp-json\/wp\/v2\/types\/page"}],"author":[{"embeddable":true,"href":"https:\/\/blogsaverroes.juntadeandalucia.es\/ceiphermanosarellano\/wp-json\/wp\/v2\/users\/2295"}],"replies":[{"embeddable":true,"href":"https:\/\/blogsaverroes.juntadeandalucia.es\/ceiphermanosarellano\/wp-json\/wp\/v2\/comments?post=2733"}],"version-history":[{"count":1,"href":"https:\/\/blogsaverroes.juntadeandalucia.es\/ceiphermanosarellano\/wp-json\/wp\/v2\/pages\/2733\/revisions"}],"predecessor-version":[{"id":2734,"href":"https:\/\/blogsaverroes.juntadeandalucia.es\/ceiphermanosarellano\/wp-json\/wp\/v2\/pages\/2733\/revisions\/2734"}],"up":[{"embeddable":true,"href":"https:\/\/blogsaverroes.juntadeandalucia.es\/ceiphermanosarellano\/wp-json\/wp\/v2\/pages\/2731"}],"wp:attachment":[{"href":"https:\/\/blogsaverroes.juntadeandalucia.es\/ceiphermanosarellano\/wp-json\/wp\/v2\/media?parent=2733"}],"curies":[{"name":"wp","href":"https:\/\/api.w.org\/{rel}","templated":true}]}}

<p>Desde nuestro centro nos hemos propuesto desarrollar  objetivos que van dirigidos a toda la Comunidad Educativa.</p>
<p>Los objetivos generales del Plan de Igualdad están dirigidos a:</p>
<ul>
<li>Educar en la igualdad desde la escuela.</li>
<li>Prevenir la violencia de género, favoreciendo relaciones en equidad.</li>
<li>Utilizar el sentido de cooperación y colaboración dentro y fuera del aula; prestando especial atención al seno familiar.</li>
<li>Tratar de crear un ambiente y clima distendido, en las relaciones personales, favoreciendo la comunicación interpersonal y la aceptación de las diferencias mediante situaciones que permitan el diálogo.</li>
<li>Fomentar la participación del alumno en la organización y el desarrollo de las tareas que serán llevadas a cabo en clase; así como aquéllas que les sean propuestas en casa.</li>
<li>Fomentar la autonomía del alumnado, tanto en casa como en el entorno escolar, de modo que sean capaces de realizar tareas cotidianas, evitando desigualdades.</li>
<li>Potenciar la colaboración familia-escuela en la educación para la igualdad de niños y niñas.</li>
</ul>

<p>Desde nuestro centro nos hemos propuesto desarrollar  objetivos que van dirigidos a toda la Comunidad Educativa. Los objetivos generales del Plan de Igualdad están dirigidos a: Educar en la igualdad desde la escuela. Prevenir&#46;&#46;&#46;</p>
