{"id":3169,"date":"2016-04-01T09:42:50","date_gmt":"2016-04-01T09:42:50","guid":{"rendered":"http:\/\/blogsaverroes.juntadeandalucia.es\/ceiphermanosarellano\/?page_id=3169"},"modified":"2016-04-01T09:42:50","modified_gmt":"2016-04-01T09:42:50","slug":"evaluacion-del-plan-de-igualdad","status":"publish","type":"page","link":"https:\/\/blogsaverroes.juntadeandalucia.es\/ceiphermanosarellano\/planes-y-proyectos\/plan-de-igualdad\/plan-de-igualdad\/evaluacion-del-plan-de-igualdad\/","title":{"rendered":"Evaluaci\u00f3n del Plan de Igualdad"},"content":{"rendered":"<p align=\"JUSTIFY\"><span style=\"font-family: Comic Sans MS,cursive\"><span style=\"font-size: medium\">Para conseguir los mejores resultados con el desarrollo del Plan de Trabajo, se ha llevado a cabo una evaluaci\u00f3n continua que nos ha permitido comprobar si los objetivos planteados han sido los adecuados y si las actividades propuestas fueron las correctas para lograr los objetivos propuestos y as\u00ed poder realizar las modificaciones oportunas.<\/span><\/span><\/p>\n<p lang=\"es-ES\" align=\"JUSTIFY\"><span style=\"color: #000000\"><span style=\"font-family: Comic Sans MS,cursive\"><span style=\"font-size: medium\">Se ha valorado el grado de implicaci\u00f3n de cada uno de los miembros que componen nuestra Comunidad Educativa, as\u00ed como la coordinaci\u00f3n entre ellos y el grado de aceptaci\u00f3n de las distintas propuestas.<\/span><\/span><\/span><\/p>\n<p lang=\"es-ES\" align=\"JUSTIFY\"><span style=\"color: #000000\"><span style=\"font-family: Comic Sans MS,cursive\"><span style=\"font-size: medium\">Esta evaluaci\u00f3n continua se ha complementado con una evaluaci\u00f3n final donde se han valorado los resultados obtenidos, las posibles mejoras, errores cometidos, necesidades y grado de satisfacci\u00f3n con la experiencia.<\/span><\/span><\/span><\/p>\n<p lang=\"es-ES\" align=\"JUSTIFY\"><span style=\"color: #000000\"><span style=\"font-family: Comic Sans MS,cursive\"><span style=\"font-size: medium\">Para todo ello, se han empleado, entre otros, los siguientes m\u00e9todos de evaluaci\u00f3n:<\/span><\/span><\/span><\/p>\n<p lang=\"es-ES\" align=\"JUSTIFY\"><span style=\"color: #000000\"><span style=\"font-family: Comic Sans MS,cursive\"><span style=\"font-size: medium\">-Revisi\u00f3n de los objetivos y actividades planteadas.<\/span><\/span><\/span><\/p>\n<p lang=\"es-ES\" align=\"JUSTIFY\"><span style=\"color: #000000\"><span style=\"font-family: Comic Sans MS,cursive\"><span style=\"font-size: medium\">-Evaluaci\u00f3n de las actividades propuestas.<\/span><\/span><\/span><\/p>\n<p lang=\"es-ES\" align=\"JUSTIFY\"><span style=\"color: #000000\"><span style=\"font-family: Comic Sans MS,cursive\"><span style=\"font-size: medium\">-Reuni\u00f3n de seguimiento con los tutores.<\/span><\/span><\/span><\/p>\n<p lang=\"es-ES\" align=\"JUSTIFY\"><span style=\"color: #000000\"><span style=\"font-family: Comic Sans MS,cursive\"><span style=\"font-size: medium\">-Memoria del Proyecto.<\/span><\/span><\/span><\/p>\n","protected":false},"excerpt":{"rendered":"<p>Para conseguir los mejores resultados con el desarrollo del Plan de Trabajo, se ha llevado a cabo una evaluaci\u00f3n continua que nos ha permitido comprobar si los objetivos planteados han sido los adecuados y&#46;&#46;&#46;<\/p>\n","protected":false},"author":2295,"featured_media":0,"parent":2731,"menu_order":0,"comment_status":"open","ping_status":"open","template":"","meta":{"ngg_post_thumbnail":0,"footnotes":"","_mc_calendar":[]},"aioseo_notices":[],"_links":{"self":[{"href":"https:\/\/blogsaverroes.juntadeandalucia.es\/ceiphermanosarellano\/wp-json\/wp\/v2\/pages\/3169"}],"collection":[{"href":"https:\/\/blogsaverroes.juntadeandalucia.es\/ceiphermanosarellano\/wp-json\/wp\/v2\/pages"}],"about":[{"href":"https:\/\/blogsaverroes.juntadeandalucia.es\/ceiphermanosarellano\/wp-json\/wp\/v2\/types\/page"}],"author":[{"embeddable":true,"href":"https:\/\/blogsaverroes.juntadeandalucia.es\/ceiphermanosarellano\/wp-json\/wp\/v2\/users\/2295"}],"replies":[{"embeddable":true,"href":"https:\/\/blogsaverroes.juntadeandalucia.es\/ceiphermanosarellano\/wp-json\/wp\/v2\/comments?post=3169"}],"version-history":[{"count":1,"href":"https:\/\/blogsaverroes.juntadeandalucia.es\/ceiphermanosarellano\/wp-json\/wp\/v2\/pages\/3169\/revisions"}],"predecessor-version":[{"id":3170,"href":"https:\/\/blogsaverroes.juntadeandalucia.es\/ceiphermanosarellano\/wp-json\/wp\/v2\/pages\/3169\/revisions\/3170"}],"up":[{"embeddable":true,"href":"https:\/\/blogsaverroes.juntadeandalucia.es\/ceiphermanosarellano\/wp-json\/wp\/v2\/pages\/2731"}],"wp:attachment":[{"href":"https:\/\/blogsaverroes.juntadeandalucia.es\/ceiphermanosarellano\/wp-json\/wp\/v2\/media?parent=3169"}],"curies":[{"name":"wp","href":"https:\/\/api.w.org\/{rel}","templated":true}]}}

Evaluación del Plan de Igualdad

<p align="JUSTIFY"><span style="font-family: Comic Sans MS,cursive"><span style="font-size: medium">Para conseguir los mejores resultados con el desarrollo del Plan de Trabajo, se ha llevado a cabo una evaluación continua que nos ha permitido comprobar si los objetivos planteados han sido los adecuados y si las actividades propuestas fueron las correctas para lograr los objetivos propuestos y así poder realizar las modificaciones oportunas.</span></span></p>
<p lang="es-ES" align="JUSTIFY"><span style="color: #000000"><span style="font-family: Comic Sans MS,cursive"><span style="font-size: medium">Se ha valorado el grado de implicación de cada uno de los miembros que componen nuestra Comunidad Educativa, así como la coordinación entre ellos y el grado de aceptación de las distintas propuestas.</span></span></span></p>
<p lang="es-ES" align="JUSTIFY"><span style="color: #000000"><span style="font-family: Comic Sans MS,cursive"><span style="font-size: medium">Esta evaluación continua se ha complementado con una evaluación final donde se han valorado los resultados obtenidos, las posibles mejoras, errores cometidos, necesidades y grado de satisfacción con la experiencia.</span></span></span></p>
<p lang="es-ES" align="JUSTIFY"><span style="color: #000000"><span style="font-family: Comic Sans MS,cursive"><span style="font-size: medium">Para todo ello, se han empleado, entre otros, los siguientes métodos de evaluación:</span></span></span></p>
<p lang="es-ES" align="JUSTIFY"><span style="color: #000000"><span style="font-family: Comic Sans MS,cursive"><span style="font-size: medium">-Revisión de los objetivos y actividades planteadas.</span></span></span></p>
<p lang="es-ES" align="JUSTIFY"><span style="color: #000000"><span style="font-family: Comic Sans MS,cursive"><span style="font-size: medium">-Evaluación de las actividades propuestas.</span></span></span></p>
<p lang="es-ES" align="JUSTIFY"><span style="color: #000000"><span style="font-family: Comic Sans MS,cursive"><span style="font-size: medium">-Reunión de seguimiento con los tutores.</span></span></span></p>
<p lang="es-ES" align="JUSTIFY"><span style="color: #000000"><span style="font-family: Comic Sans MS,cursive"><span style="font-size: medium">-Memoria del Proyecto.</span></span></span></p>

<p>Para conseguir los mejores resultados con el desarrollo del Plan de Trabajo, se ha llevado a cabo una evaluación continua que nos ha permitido comprobar si los objetivos planteados han sido los adecuados y&#46;&#46;&#46;</p>
