{"id":4646,"date":"2025-01-28T12:52:15","date_gmt":"2025-01-28T12:52:15","guid":{"rendered":"https:\/\/blogsaverroes.juntadeandalucia.es\/ceiphermanosarellano\/?page_id=4646"},"modified":"2025-04-03T15:31:06","modified_gmt":"2025-04-03T15:31:06","slug":"plan-de-centro","status":"publish","type":"page","link":"https:\/\/blogsaverroes.juntadeandalucia.es\/ceiphermanosarellano\/plan-de-centro\/","title":{"rendered":"PLAN DE CENTRO"},"content":{"rendered":"<p>Os enlazamos en esta p\u00e1gina los documentos del centro. Son de libre consulta y p\u00fablicos, si\u00e9ntete libre de mirar todo lo que quieras. Saludos.<\/p>\n<p><a href=\"https:\/\/sites.google.com\/g.educaand.es\/plandecentro20242025\/inicio\" target=\"_blank\" rel=\"noopener\"><img loading=\"lazy\" decoding=\"async\" class=\"aligncenter wp-image-6044 size-large\" src=\"https:\/\/blogsaverroes.juntadeandalucia.es\/ceiphermanosarellano\/files\/2025\/04\/Captura-desde-2025-04-03-17-28-20-1024x459.png\" alt=\"\" width=\"1024\" height=\"459\" srcset=\"https:\/\/blogsaverroes.juntadeandalucia.es\/ceiphermanosarellano\/files\/2025\/04\/Captura-desde-2025-04-03-17-28-20-1024x459.png 1024w, https:\/\/blogsaverroes.juntadeandalucia.es\/ceiphermanosarellano\/files\/2025\/04\/Captura-desde-2025-04-03-17-28-20-300x134.png 300w, https:\/\/blogsaverroes.juntadeandalucia.es\/ceiphermanosarellano\/files\/2025\/04\/Captura-desde-2025-04-03-17-28-20-768x344.png 768w, https:\/\/blogsaverroes.juntadeandalucia.es\/ceiphermanosarellano\/files\/2025\/04\/Captura-desde-2025-04-03-17-28-20.png 1525w\" sizes=\"(max-width: 1024px) 100vw, 1024px\" \/><\/a><\/p>\n<p>&nbsp;<\/p>\n<p>&nbsp;<\/p>\n<p>&nbsp;<\/p>\n<p>&nbsp;<\/p>\n<p><strong><a title=\"Contactar\" href=\"https:\/\/blogsaverroes.juntadeandalucia.es\/ceiphermanosarellano\/contactar\/\">\u00bfQuieres contactar con nosotros?<\/a><\/strong><\/p>\n","protected":false},"excerpt":{"rendered":"<p>Os enlazamos en esta p\u00e1gina los documentos del centro. Son de libre consulta y p\u00fablicos, si\u00e9ntete libre de mirar todo lo que quieras. Saludos. &nbsp; &nbsp; &nbsp; &nbsp; \u00bfQuieres contactar con nosotros?<\/p>\n","protected":false},"author":2295,"featured_media":0,"parent":0,"menu_order":0,"comment_status":"closed","ping_status":"closed","template":"","meta":{"ngg_post_thumbnail":0,"footnotes":"","_mc_calendar":[]},"aioseo_notices":[],"_links":{"self":[{"href":"https:\/\/blogsaverroes.juntadeandalucia.es\/ceiphermanosarellano\/wp-json\/wp\/v2\/pages\/4646"}],"collection":[{"href":"https:\/\/blogsaverroes.juntadeandalucia.es\/ceiphermanosarellano\/wp-json\/wp\/v2\/pages"}],"about":[{"href":"https:\/\/blogsaverroes.juntadeandalucia.es\/ceiphermanosarellano\/wp-json\/wp\/v2\/types\/page"}],"author":[{"embeddable":true,"href":"https:\/\/blogsaverroes.juntadeandalucia.es\/ceiphermanosarellano\/wp-json\/wp\/v2\/users\/2295"}],"replies":[{"embeddable":true,"href":"https:\/\/blogsaverroes.juntadeandalucia.es\/ceiphermanosarellano\/wp-json\/wp\/v2\/comments?post=4646"}],"version-history":[{"count":11,"href":"https:\/\/blogsaverroes.juntadeandalucia.es\/ceiphermanosarellano\/wp-json\/wp\/v2\/pages\/4646\/revisions"}],"predecessor-version":[{"id":6046,"href":"https:\/\/blogsaverroes.juntadeandalucia.es\/ceiphermanosarellano\/wp-json\/wp\/v2\/pages\/4646\/revisions\/6046"}],"wp:attachment":[{"href":"https:\/\/blogsaverroes.juntadeandalucia.es\/ceiphermanosarellano\/wp-json\/wp\/v2\/media?parent=4646"}],"curies":[{"name":"wp","href":"https:\/\/api.w.org\/{rel}","templated":true}]}}