{"id":141,"date":"2015-03-17T07:13:24","date_gmt":"2015-03-17T07:13:24","guid":{"rendered":"http:\/\/blogsaverroes.juntadeandalucia.es\/pre\/ceip\/?page_id=141"},"modified":"2025-03-04T11:40:59","modified_gmt":"2025-03-04T11:40:59","slug":"escolarizacion","status":"publish","type":"page","link":"https:\/\/blogsaverroes.juntadeandalucia.es\/ceiphermanosgilmuniz\/escolarizacion\/","title":{"rendered":"Escolarizaci\u00f3n y matr\u00edcula"},"content":{"rendered":"<p><img decoding=\"async\" src=\"https:\/\/www.juntadeandalucia.es\/educacion\/portals\/image\/layout_set_logo?img_id=22116&amp;t=1607572686367\" alt=\"Escolarizaci\u00f3n 2020\/2021\"><\/p>\n<p><strong>Informaci\u00f3n \u00fatil&nbsp;<\/strong><\/p>\n<p><strong>Calendario<\/strong><\/p>\n<p><b>Enlace a la matr\u00edcula online: <\/b><a href=\"https:\/\/www.juntadeandalucia.es\/educacion\/secretariavirtual\/accesoTramite\/543\/?fbclid=PAZXh0bgNhZW0CMTEAAaYLnHvuc8x_r__WTG-zS6enAA0NzQc13BFR8fI_ecfboTirEejadrjF6Ls_aem_XbTQtjbn67f3vOxpcydshw\">https:\/\/www.juntadeandalucia.es\/educacion\/secretariavirtual\/accesoTramite\/543\/?fbclid=PAZXh0bgNhZW0CMTEAAaYLnHvuc8x_r__WTG-zS6enAA0NzQc13BFR8fI_ecfboTirEejadrjF6Ls_aem_XbTQtjbn67f3vOxpcydshw<\/a><\/p>\n<p>Aqu\u00ed encontrar\u00e9is el enlace de la <a title=\"Procedimiento\" href=\"http:\/\/portal.ced.junta-andalucia.es\/educacion\/webportal\/abaco-portlet\/content\/f2f9bdb4-4717-409f-8dbc-da5b8ed61e38\" target=\"_blank\" rel=\"noopener noreferrer\">Normativa<\/a>&nbsp;sobre el proceso de escolarizaci\u00f3n.<\/p>\n","protected":false},"excerpt":{"rendered":"<p>Informaci\u00f3n \u00fatil&nbsp; Calendario Enlace a la matr\u00edcula online: https:\/\/www.juntadeandalucia.es\/educacion\/secretariavirtual\/accesoTramite\/543\/?fbclid=PAZXh0bgNhZW0CMTEAAaYLnHvuc8x_r__WTG-zS6enAA0NzQc13BFR8fI_ecfboTirEejadrjF6Ls_aem_XbTQtjbn67f3vOxpcydshw Aqu\u00ed encontrar\u00e9is el enlace de la Normativa&nbsp;sobre el proceso de escolarizaci\u00f3n.<\/p>\n","protected":false},"author":1,"featured_media":0,"parent":0,"menu_order":0,"comment_status":"closed","ping_status":"open","template":"page-cs.php","meta":{"ngg_post_thumbnail":0,"footnotes":"","_mc_calendar":[]},"aioseo_notices":[],"_links":{"self":[{"href":"https:\/\/blogsaverroes.juntadeandalucia.es\/ceiphermanosgilmuniz\/wp-json\/wp\/v2\/pages\/141"}],"collection":[{"href":"https:\/\/blogsaverroes.juntadeandalucia.es\/ceiphermanosgilmuniz\/wp-json\/wp\/v2\/pages"}],"about":[{"href":"https:\/\/blogsaverroes.juntadeandalucia.es\/ceiphermanosgilmuniz\/wp-json\/wp\/v2\/types\/page"}],"author":[{"embeddable":true,"href":"https:\/\/blogsaverroes.juntadeandalucia.es\/ceiphermanosgilmuniz\/wp-json\/wp\/v2\/users\/1"}],"replies":[{"embeddable":true,"href":"https:\/\/blogsaverroes.juntadeandalucia.es\/ceiphermanosgilmuniz\/wp-json\/wp\/v2\/comments?post=141"}],"version-history":[{"count":10,"href":"https:\/\/blogsaverroes.juntadeandalucia.es\/ceiphermanosgilmuniz\/wp-json\/wp\/v2\/pages\/141\/revisions"}],"predecessor-version":[{"id":2927,"href":"https:\/\/blogsaverroes.juntadeandalucia.es\/ceiphermanosgilmuniz\/wp-json\/wp\/v2\/pages\/141\/revisions\/2927"}],"wp:attachment":[{"href":"https:\/\/blogsaverroes.juntadeandalucia.es\/ceiphermanosgilmuniz\/wp-json\/wp\/v2\/media?parent=141"}],"curies":[{"name":"wp","href":"https:\/\/api.w.org\/{rel}","templated":true}]}}