{"id":2657,"date":"2021-11-07T17:47:18","date_gmt":"2021-11-07T17:47:18","guid":{"rendered":"https:\/\/blogsaverroes.juntadeandalucia.es\/ceiphermanosgilmuniz\/?page_id=2657"},"modified":"2022-03-11T11:09:45","modified_gmt":"2022-03-11T11:09:45","slug":"podcasts","status":"publish","type":"page","link":"https:\/\/blogsaverroes.juntadeandalucia.es\/ceiphermanosgilmuniz\/podcasts\/","title":{"rendered":"Podcasts"},"content":{"rendered":"<p>En esta secci\u00f3n iremos colgando los podcasts realizados por nuestro alumnado del centro.<\/p>\n<p>En colaboraci\u00f3n con el programa COMUNICA,&nbsp; nuestro alumnado trabajar\u00e1 la expresi\u00f3n oral y escrita creando relatos, leyendas, cuentos, noticias que posteriormente ser\u00e1n trabajadas oralmente para llevarlas a esta secci\u00f3n.<\/p>\n<h2 class=\"track_head_info_title\">Leyendas tradicionales de los pa\u00edses de nuestro alumnado.<\/h2>\n<p>El podcast recoge leyendas tradicionales de tres pa\u00edses distintos: Espa\u00f1a, Italia y Marruecos.<br \/>\nEn un intento de acercar al alumnado al mundo de las leyendas, los alumnos de 3\u00b0,4\u00b0 y 5\u00b0 hicieron una investigaci\u00f3n sobre leyendas destacadas propias del pa\u00eds de origen de su familia.<br \/>\nTras la selecci\u00f3n de una historia en cada curso, se trabajaron aspectos sobre oralidad y ellos se encargaron de adornar el resto con su magia.<\/p>\n<p><a href=\"https:\/\/blogsaverroes.juntadeandalucia.es\/ceiphermanosgilmuniz\/files\/2022\/03\/ZPQNCK63FBF4NNBT2U7NELWPOE.jpg\"><img loading=\"lazy\" decoding=\"async\" class=\"alignnone size-medium wp-image-2707\" src=\"https:\/\/blogsaverroes.juntadeandalucia.es\/ceiphermanosgilmuniz\/files\/2022\/03\/ZPQNCK63FBF4NNBT2U7NELWPOE-300x171.jpg\" alt=\"\" width=\"300\" height=\"171\" srcset=\"https:\/\/blogsaverroes.juntadeandalucia.es\/ceiphermanosgilmuniz\/files\/2022\/03\/ZPQNCK63FBF4NNBT2U7NELWPOE-300x171.jpg 300w, https:\/\/blogsaverroes.juntadeandalucia.es\/ceiphermanosgilmuniz\/files\/2022\/03\/ZPQNCK63FBF4NNBT2U7NELWPOE-24x14.jpg 24w, https:\/\/blogsaverroes.juntadeandalucia.es\/ceiphermanosgilmuniz\/files\/2022\/03\/ZPQNCK63FBF4NNBT2U7NELWPOE-36x20.jpg 36w, https:\/\/blogsaverroes.juntadeandalucia.es\/ceiphermanosgilmuniz\/files\/2022\/03\/ZPQNCK63FBF4NNBT2U7NELWPOE-48x27.jpg 48w, https:\/\/blogsaverroes.juntadeandalucia.es\/ceiphermanosgilmuniz\/files\/2022\/03\/ZPQNCK63FBF4NNBT2U7NELWPOE.jpg 580w\" sizes=\"(max-width: 300px) 100vw, 300px\" \/><\/a><\/p>\n<!--[if lt IE 9]><script>document.createElement('audio');<\/script><![endif]-->\n<audio class=\"wp-audio-shortcode\" id=\"audio-2657-1\" preload=\"none\" style=\"width: 100%;\" controls=\"controls\"><source type=\"audio\/mpeg\" src=\"https:\/\/blogsaverroes.juntadeandalucia.es\/ceiphermanosgilmuniz\/files\/2022\/03\/AUDIO-2022-03-11-11-56-44.mp3?_=1\" \/><a href=\"https:\/\/blogsaverroes.juntadeandalucia.es\/ceiphermanosgilmuniz\/files\/2022\/03\/AUDIO-2022-03-11-11-56-44.mp3\">https:\/\/blogsaverroes.juntadeandalucia.es\/ceiphermanosgilmuniz\/files\/2022\/03\/AUDIO-2022-03-11-11-56-44.mp3<\/a><\/audio>\n","protected":false},"excerpt":{"rendered":"<p>En esta secci\u00f3n iremos colgando los podcasts realizados por nuestro alumnado del centro. En colaboraci\u00f3n con el programa COMUNICA,&nbsp; nuestro alumnado trabajar\u00e1 la expresi\u00f3n oral y escrita creando relatos, leyendas, cuentos, noticias que posteriormente&#46;&#46;&#46;<\/p>\n","protected":false},"author":11089,"featured_media":0,"parent":0,"menu_order":0,"comment_status":"closed","ping_status":"closed","template":"","meta":{"ngg_post_thumbnail":0,"footnotes":"","_mc_calendar":[]},"aioseo_notices":[],"_links":{"self":[{"href":"https:\/\/blogsaverroes.juntadeandalucia.es\/ceiphermanosgilmuniz\/wp-json\/wp\/v2\/pages\/2657"}],"collection":[{"href":"https:\/\/blogsaverroes.juntadeandalucia.es\/ceiphermanosgilmuniz\/wp-json\/wp\/v2\/pages"}],"about":[{"href":"https:\/\/blogsaverroes.juntadeandalucia.es\/ceiphermanosgilmuniz\/wp-json\/wp\/v2\/types\/page"}],"author":[{"embeddable":true,"href":"https:\/\/blogsaverroes.juntadeandalucia.es\/ceiphermanosgilmuniz\/wp-json\/wp\/v2\/users\/11089"}],"replies":[{"embeddable":true,"href":"https:\/\/blogsaverroes.juntadeandalucia.es\/ceiphermanosgilmuniz\/wp-json\/wp\/v2\/comments?post=2657"}],"version-history":[{"count":5,"href":"https:\/\/blogsaverroes.juntadeandalucia.es\/ceiphermanosgilmuniz\/wp-json\/wp\/v2\/pages\/2657\/revisions"}],"predecessor-version":[{"id":2669,"href":"https:\/\/blogsaverroes.juntadeandalucia.es\/ceiphermanosgilmuniz\/wp-json\/wp\/v2\/pages\/2657\/revisions\/2669"}],"wp:attachment":[{"href":"https:\/\/blogsaverroes.juntadeandalucia.es\/ceiphermanosgilmuniz\/wp-json\/wp\/v2\/media?parent=2657"}],"curies":[{"name":"wp","href":"https:\/\/api.w.org\/{rel}","templated":true}]}}