{"id":2877,"date":"2024-11-19T08:22:30","date_gmt":"2024-11-19T08:22:30","guid":{"rendered":"https:\/\/blogsaverroes.juntadeandalucia.es\/ceiphermanosgilmuniz\/?page_id=2877"},"modified":"2024-11-19T11:52:34","modified_gmt":"2024-11-19T11:52:34","slug":"artistica","status":"publish","type":"page","link":"https:\/\/blogsaverroes.juntadeandalucia.es\/ceiphermanosgilmuniz\/artistica\/","title":{"rendered":"Educaci\u00f3n Art\u00edstica"},"content":{"rendered":"<p>Os adjuntamos las programaciones did\u00e1cticas de Educaci\u00f3n Art\u00edstica.<\/p>\n<p><a href=\"https:\/\/drive.google.com\/file\/d\/1uF4xUwohxQWLZyjP2eiKroeTiOPTlMAC\/view?usp=drive_link\" target=\"_blank\" rel=\"noopener\">Programaci\u00f3n Did\u00e1ctica Educaci\u00f3n Art\u00edstica 1\u00ba<\/a><\/p>\n<p><a href=\"https:\/\/drive.google.com\/file\/d\/1NpJXrRMecKWc3xIzE4c1TxOVK3V9Bl24\/view?usp=drive_link\" target=\"_blank\" rel=\"noopener\">Programaci\u00f3n Did\u00e1ctica Educaci\u00f3n Art\u00edstica 2\u00ba<\/a><\/p>\n<p><a href=\"https:\/\/drive.google.com\/file\/d\/1Q-AQ46gIPDjJixMQiDqpLB2z1_y6AT0D\/view?usp=drive_link\" target=\"_blank\" rel=\"noopener\">Programaci\u00f3n Did\u00e1ctica Educaci\u00f3n Art\u00edstica 3\u00ba<\/a><\/p>\n<p><a href=\"https:\/\/drive.google.com\/file\/d\/1gHtkX_1lzAXC5Q8Coh0SB8T6ZIvg9Ahv\/view?usp=drive_link\">Programaci\u00f3n Did\u00e1ctica Educaci\u00f3n Art\u00edstica 4\u00ba<\/a><\/p>\n<p><a href=\"https:\/\/drive.google.com\/file\/d\/1ehCYqpfYxI7TsfNMbDuOGEWGsZ56-4QN\/view?usp=drive_link\" target=\"_blank\" rel=\"noopener\">Programaci\u00f3n Did\u00e1ctica Educaci\u00f3n Art\u00edstica 5\u00ba<\/a><\/p>\n<p><a href=\"https:\/\/drive.google.com\/file\/d\/1vIlnfaAAFF2yYQafTD_rhuZiF9MUX8TY\/view?usp=drive_link\" target=\"_blank\" rel=\"noopener\">Programaci\u00f3n Did\u00e1ctica Educaci\u00f3n Art\u00edstica 6\u00ba<\/a><\/p>\n","protected":false},"excerpt":{"rendered":"<p>Os adjuntamos las programaciones did\u00e1cticas de Educaci\u00f3n Art\u00edstica. Programaci\u00f3n Did\u00e1ctica Educaci\u00f3n Art\u00edstica 1\u00ba Programaci\u00f3n Did\u00e1ctica Educaci\u00f3n Art\u00edstica 2\u00ba Programaci\u00f3n Did\u00e1ctica Educaci\u00f3n Art\u00edstica 3\u00ba Programaci\u00f3n Did\u00e1ctica Educaci\u00f3n Art\u00edstica 4\u00ba Programaci\u00f3n Did\u00e1ctica Educaci\u00f3n Art\u00edstica 5\u00ba Programaci\u00f3n&#46;&#46;&#46;<\/p>\n","protected":false},"author":11089,"featured_media":0,"parent":0,"menu_order":0,"comment_status":"closed","ping_status":"closed","template":"","meta":{"ngg_post_thumbnail":0,"footnotes":"","_mc_calendar":[]},"aioseo_notices":[],"_links":{"self":[{"href":"https:\/\/blogsaverroes.juntadeandalucia.es\/ceiphermanosgilmuniz\/wp-json\/wp\/v2\/pages\/2877"}],"collection":[{"href":"https:\/\/blogsaverroes.juntadeandalucia.es\/ceiphermanosgilmuniz\/wp-json\/wp\/v2\/pages"}],"about":[{"href":"https:\/\/blogsaverroes.juntadeandalucia.es\/ceiphermanosgilmuniz\/wp-json\/wp\/v2\/types\/page"}],"author":[{"embeddable":true,"href":"https:\/\/blogsaverroes.juntadeandalucia.es\/ceiphermanosgilmuniz\/wp-json\/wp\/v2\/users\/11089"}],"replies":[{"embeddable":true,"href":"https:\/\/blogsaverroes.juntadeandalucia.es\/ceiphermanosgilmuniz\/wp-json\/wp\/v2\/comments?post=2877"}],"version-history":[{"count":4,"href":"https:\/\/blogsaverroes.juntadeandalucia.es\/ceiphermanosgilmuniz\/wp-json\/wp\/v2\/pages\/2877\/revisions"}],"predecessor-version":[{"id":2909,"href":"https:\/\/blogsaverroes.juntadeandalucia.es\/ceiphermanosgilmuniz\/wp-json\/wp\/v2\/pages\/2877\/revisions\/2909"}],"wp:attachment":[{"href":"https:\/\/blogsaverroes.juntadeandalucia.es\/ceiphermanosgilmuniz\/wp-json\/wp\/v2\/media?parent=2877"}],"curies":[{"name":"wp","href":"https:\/\/api.w.org\/{rel}","templated":true}]}}