{"id":870,"date":"2015-03-16T07:24:27","date_gmt":"2015-03-16T07:24:27","guid":{"rendered":"http:\/\/blogsaverroes.juntadeandalucia.es\/pre\/ceip\/?page_id=103"},"modified":"2024-10-15T11:17:35","modified_gmt":"2024-10-15T11:17:35","slug":"aula-matinal","status":"publish","type":"page","link":"https:\/\/blogsaverroes.juntadeandalucia.es\/ceiphermanosgilmuniz\/aula-matinal\/","title":{"rendered":"Aula Matinal"},"content":{"rendered":"<h1><a href=\"https:\/\/blogsaverroes.juntadeandalucia.es\/ceiphermanosgilmuniz\/files\/2021\/10\/IMG_9647-scaled.jpg\"><img loading=\"lazy\" decoding=\"async\" class=\" wp-image-2421 alignleft\" src=\"https:\/\/blogsaverroes.juntadeandalucia.es\/ceiphermanosgilmuniz\/files\/2021\/10\/IMG_9647-scaled.jpg\" alt=\"Comedor escolar 1\" width=\"261\" height=\"196\" srcset=\"https:\/\/blogsaverroes.juntadeandalucia.es\/ceiphermanosgilmuniz\/files\/2021\/10\/IMG_9647-scaled.jpg 1600w, https:\/\/blogsaverroes.juntadeandalucia.es\/ceiphermanosgilmuniz\/files\/2021\/10\/IMG_9647-300x225.jpg 300w, https:\/\/blogsaverroes.juntadeandalucia.es\/ceiphermanosgilmuniz\/files\/2021\/10\/IMG_9647-1024x768.jpg 1024w, https:\/\/blogsaverroes.juntadeandalucia.es\/ceiphermanosgilmuniz\/files\/2021\/10\/IMG_9647-768x576.jpg 768w, https:\/\/blogsaverroes.juntadeandalucia.es\/ceiphermanosgilmuniz\/files\/2021\/10\/IMG_9647-1536x1152.jpg 1536w, https:\/\/blogsaverroes.juntadeandalucia.es\/ceiphermanosgilmuniz\/files\/2021\/10\/IMG_9647-2048x1536.jpg 2048w, https:\/\/blogsaverroes.juntadeandalucia.es\/ceiphermanosgilmuniz\/files\/2021\/10\/IMG_9647-700x525.jpg 700w\" sizes=\"(max-width: 261px) 100vw, 261px\" \/><\/a><\/h1>\n<h1>Informaci\u00f3n sobre aula matinal.<\/h1>\n<p>El <strong>Aula Matinal<\/strong> abre a las 7.30 horas a 9:00 de lunes a viernes, ofreciendo actividades diversas a los estudiantes hasta el comienzo del horario lectivo.<\/p>\n<p>Puede&nbsp;utilizarse&nbsp;cualquier d\u00eda previa inscripci\u00f3n y domicializaci\u00f3n bancaria.<\/p>\n<p>Fecha de comienzo: <strong>11 de septiembre de 2024.<\/strong><\/p>\n<h1>&nbsp;<\/h1>\n<h1>&nbsp;<\/h1>\n<h1>Listado de admitidos.<\/h1>\n<ul>\n<li>Publicado el pasado 30 de junio de 2024.<\/li>\n<li>Puede consultarse en la Secretar\u00eda Virtual. Para ello necesitar\u00e1 la clave&nbsp;<em><strong>iAnde<\/strong>&nbsp;<\/em>su hijo\/a, que puede consultarla en el servicio de mensajer\u00eda de&nbsp;<em>iPasen<\/em>.<\/li>\n<li>Acceso para consulta en la Secretar\u00eda Virtual:&nbsp;&nbsp;<a href=\"https:\/\/www.juntadeandalucia.es\/educacion\/secretariavirtual\/consultas\/\">https:\/\/www.juntadeandalucia.es\/educacion\/secretariavirtual\/consultas\/<\/a><\/li>\n<li>Empresa adjudicataria: Ludociencia.<\/li>\n<\/ul>\n<h1>Formulario para nuevas solicitudes (presentaci\u00f3n presencial en el centro).<\/h1>\n<p><a href=\"https:\/\/drive.google.com\/file\/d\/1CDnEai_3wbY0Vaf5TOdF7f_lE9xr2Odk\/view?usp=sharing\"><img loading=\"lazy\" decoding=\"async\" class=\"alignnone size-full wp-image-2154\" src=\"https:\/\/rafaelfernandezmayoralas.es\/wp-content\/uploads\/2020\/03\/logoPDF.gif\" alt=\"\" width=\"20\" height=\"20\"><\/a>&nbsp;<a href=\"https:\/\/www.juntadeandalucia.es\/haciendayadministracionpublica\/rpa-icms-doc\/icmsDescargaDoc.do?tipo=4b40ba71bf0bae77c7a9e6765035191a&amp;id=7398742ec1c4291728dacb1565ee2f65\" target=\"_blank\" rel=\"noopener\">Formulario de solicitud para los servicios de aula matinal, comedor escolar y actividades extraescolares.<\/a><\/p>\n","protected":false},"excerpt":{"rendered":"<p>Informaci\u00f3n sobre aula matinal. El Aula Matinal abre a las 7.30 horas a 9:00 de lunes a viernes, ofreciendo actividades diversas a los estudiantes hasta el comienzo del horario lectivo. Puede&nbsp;utilizarse&nbsp;cualquier d\u00eda previa inscripci\u00f3n&#46;&#46;&#46;<\/p>\n","protected":false},"author":1,"featured_media":0,"parent":0,"menu_order":0,"comment_status":"closed","ping_status":"open","template":"page-cs.php","meta":{"ngg_post_thumbnail":0,"footnotes":"","_mc_calendar":[]},"aioseo_notices":[],"_links":{"self":[{"href":"https:\/\/blogsaverroes.juntadeandalucia.es\/ceiphermanosgilmuniz\/wp-json\/wp\/v2\/pages\/870"}],"collection":[{"href":"https:\/\/blogsaverroes.juntadeandalucia.es\/ceiphermanosgilmuniz\/wp-json\/wp\/v2\/pages"}],"about":[{"href":"https:\/\/blogsaverroes.juntadeandalucia.es\/ceiphermanosgilmuniz\/wp-json\/wp\/v2\/types\/page"}],"author":[{"embeddable":true,"href":"https:\/\/blogsaverroes.juntadeandalucia.es\/ceiphermanosgilmuniz\/wp-json\/wp\/v2\/users\/1"}],"replies":[{"embeddable":true,"href":"https:\/\/blogsaverroes.juntadeandalucia.es\/ceiphermanosgilmuniz\/wp-json\/wp\/v2\/comments?post=870"}],"version-history":[{"count":8,"href":"https:\/\/blogsaverroes.juntadeandalucia.es\/ceiphermanosgilmuniz\/wp-json\/wp\/v2\/pages\/870\/revisions"}],"predecessor-version":[{"id":2771,"href":"https:\/\/blogsaverroes.juntadeandalucia.es\/ceiphermanosgilmuniz\/wp-json\/wp\/v2\/pages\/870\/revisions\/2771"}],"wp:attachment":[{"href":"https:\/\/blogsaverroes.juntadeandalucia.es\/ceiphermanosgilmuniz\/wp-json\/wp\/v2\/media?parent=870"}],"curies":[{"name":"wp","href":"https:\/\/api.w.org\/{rel}","templated":true}]}}