{"id":35,"date":"2015-03-13T08:21:43","date_gmt":"2015-03-13T08:21:43","guid":{"rendered":"http:\/\/blogsaverroes.juntadeandalucia.es\/pre\/ceip\/?page_id=35"},"modified":"2021-10-18T15:11:46","modified_gmt":"2021-10-18T15:11:46","slug":"el-centro-2","status":"publish","type":"page","link":"https:\/\/blogsaverroes.juntadeandalucia.es\/ceiphipolitolobato\/el-centro-2\/","title":{"rendered":"Datos del centro"},"content":{"rendered":"<p>[googlemaps https:\/\/www.google.com\/maps\/embed?pb=!1m18!1m12!1m3!1d3174.5625012271507!2d-6.0533204853438445!3d37.281800348142156!2m3!1f0!2f0!3f0!3m2!1i1024!2i768!4f13.1!3m3!1m2!1s0xd1272c4a821e779%3A0xe81d8526289c4642!2sColegio%20P%C3%BAblico%20Hip%C3%B3lito%20Lobato!5e0!3m2!1ses!2ses!4v1590587276751!5m2!1ses!2ses&amp;w=600&amp;h=450]<\/p>\n<h4>Datos de contacto<\/h4>\n<p>CEIP Hip\u00f3lito Lobato<\/p>\n<p><strong>Direcci\u00f3n:<\/strong>&nbsp; Calle Doctor Fleming s\/n. CP 4100. Coria del R\u00edo, Sevilla.&nbsp;<\/p>\n<p><strong>Tel\u00e9fono: 955623242<\/strong><br \/>\n<strong>Email:<\/strong> 41001409.edu@juntadeandalucia.es<\/p>\n<h4><strong>Horarios<\/strong><\/h4>\n<p>Aula Matinal: de 7:30 a 9:00<\/p>\n<p>Horario escolar: de 9:00 a 14:00.<\/p>\n<p>Comedor: de 14:00 a 16:00.<\/p>\n<p>Actividades extraescolares: de 16:00 a 20:00<\/p>\n<p>Tutor\u00edas de atenci\u00f3n a padres y madres: lunes de 18:00 a 19:00<\/p>\n<h4><strong>Oferta educativa<\/strong><\/h4>\n<p>Centro de Educaci\u00f3n Infantil y Primaria de dos l\u00edneas educativas (Tres l\u00edneas en primero de primaria)<\/p>\n<p>Comedor escolar.&nbsp;<\/p>\n<p>Aula Matinal<\/p>\n<p>Actividades Extraescolares.<\/p>\n<p>Aula de Pedagog\u00eda Terap\u00e9utica<\/p>\n<p>Aula de Audici\u00f3n y Lenguaje (horario compartido)<\/p>\n<p>2 educadoras<\/p>\n<p>Centro biling\u00fce en su totalidad<\/p>\n<p>Monitora escolar: lunes, martes, jueves y viernes de 9:30 a 13:30<\/p>\n<h4>Instalaciones<\/h4>\n<p>Dos edificios:<\/p>\n<p>Edificio principal: Administraci\u00f3n, infantil de cinco a\u00f1os, segundo y tercer ciclo de primaria, aula de m\u00fasica, aula TIC, biblioteca, aula de Pedagog\u00eda Terap\u00e9utica, aula de Audici\u00f3n y Lenguaje y Comedor<\/p>\n<p>Edificio anexo: Aulas de infantil de tres y cuatro a\u00f1os y primer ciclo de primaria.&nbsp;<\/p>\n","protected":false},"excerpt":{"rendered":"<p>[googlemaps https:\/\/www.google.com\/maps\/embed?pb=!1m18!1m12!1m3!1d3174.5625012271507!2d-6.0533204853438445!3d37.281800348142156!2m3!1f0!2f0!3f0!3m2!1i1024!2i768!4f13.1!3m3!1m2!1s0xd1272c4a821e779%3A0xe81d8526289c4642!2sColegio%20P%C3%BAblico%20Hip%C3%B3lito%20Lobato!5e0!3m2!1ses!2ses!4v1590587276751!5m2!1ses!2ses&amp;w=600&amp;h=450] Datos de contacto CEIP Hip\u00f3lito Lobato Direcci\u00f3n:&nbsp; Calle Doctor Fleming s\/n. CP 4100. Coria del R\u00edo, Sevilla.&nbsp; Tel\u00e9fono: 955623242 Email: 41001409.edu@juntadeandalucia.es Horarios Aula Matinal: de 7:30 a 9:00 Horario escolar: de 9:00 a 14:00. Comedor: de 14:00 a 16:00. Actividades extraescolares: de 16:00 a 20:00 Tutor\u00edas de atenci\u00f3n a padres y madres: lunes [&hellip;]<\/p>\n","protected":false},"author":1,"featured_media":0,"parent":0,"menu_order":0,"comment_status":"open","ping_status":"open","template":"","meta":{"ngg_post_thumbnail":0,"footnotes":"","_mc_calendar":[]},"aioseo_notices":[],"_links":{"self":[{"href":"https:\/\/blogsaverroes.juntadeandalucia.es\/ceiphipolitolobato\/wp-json\/wp\/v2\/pages\/35"}],"collection":[{"href":"https:\/\/blogsaverroes.juntadeandalucia.es\/ceiphipolitolobato\/wp-json\/wp\/v2\/pages"}],"about":[{"href":"https:\/\/blogsaverroes.juntadeandalucia.es\/ceiphipolitolobato\/wp-json\/wp\/v2\/types\/page"}],"author":[{"embeddable":true,"href":"https:\/\/blogsaverroes.juntadeandalucia.es\/ceiphipolitolobato\/wp-json\/wp\/v2\/users\/1"}],"replies":[{"embeddable":true,"href":"https:\/\/blogsaverroes.juntadeandalucia.es\/ceiphipolitolobato\/wp-json\/wp\/v2\/comments?post=35"}],"version-history":[{"count":25,"href":"https:\/\/blogsaverroes.juntadeandalucia.es\/ceiphipolitolobato\/wp-json\/wp\/v2\/pages\/35\/revisions"}],"predecessor-version":[{"id":2524,"href":"https:\/\/blogsaverroes.juntadeandalucia.es\/ceiphipolitolobato\/wp-json\/wp\/v2\/pages\/35\/revisions\/2524"}],"wp:attachment":[{"href":"https:\/\/blogsaverroes.juntadeandalucia.es\/ceiphipolitolobato\/wp-json\/wp\/v2\/media?parent=35"}],"curies":[{"name":"wp","href":"https:\/\/api.w.org\/{rel}","templated":true}]}}