{"id":1040,"date":"2021-09-27T20:39:06","date_gmt":"2021-09-27T19:39:06","guid":{"rendered":"https:\/\/blogsaverroes.juntadeandalucia.es\/ceiphispalis\/?page_id=1040"},"modified":"2025-11-12T14:02:06","modified_gmt":"2025-11-12T13:02:06","slug":"saludo","status":"publish","type":"page","link":"https:\/\/blogsaverroes.juntadeandalucia.es\/ceiphispalis\/saludo\/","title":{"rendered":"Saludo"},"content":{"rendered":"<div id=\"contenido_sitio\" class=\"tiny_personalizado\">\n<p style=\"text-align: center\"><span style=\"font-family: verdana, geneva, sans-serif;font-size: 14pt\"><strong>Welcome to our CEIP H\u00edspalis Website!!!<\/strong><\/span><\/p>\n<p><img loading=\"lazy\" decoding=\"async\" class=\"size-medium wp-image-976 aligncenter\" src=\"https:\/\/blogsaverroes.juntadeandalucia.es\/ceiphispalis\/files\/2021\/09\/igualdad-300x214.png\" alt=\"\" width=\"300\" height=\"214\"><\/p>\n<p style=\"text-align: center\"><span style=\"font-family: verdana, geneva, sans-serif;font-size: 14pt\">El CEIP H\u00edspalis es un colegio p\u00fablico que lleva m\u00e1s de 25 a\u00f1os dando una educaci\u00f3n de calidad al alumnado de la zona de Sevilla Este.<\/span><\/p>\n<p style=\"text-align: center\"><span style=\"font-family: verdana, geneva, sans-serif;font-size: 14pt\">Nuestro centro cuenta con dos l\u00edneas de Educaci\u00f3n Infantil, dos l\u00edneas de Educaci\u00f3n Primaria y un Aula Espec\u00edfica y el curso 2023-2024 ser\u00e1 biling\u00fce en todos los grupos.<\/span><\/p>\n<p style=\"text-align: center\"><span style=\"font-family: verdana, geneva, sans-serif;font-size: 14pt\">Adem\u00e1s, oferta una gran variedad de recursos adicionales diarios a las familias para ayudarlas en la conciliaci\u00f3n laboral y familiar. Adem\u00e1s de Aula Matinal (de 7.30 a 9.00), Servicio de Comedor ( de 14.00 a 16.00) y de Actividades Extraescolares (de 16.00 a 18.00), tiene la suerte de contar con un gran AMPA que ofrece &nbsp;la posibilidad de hacer uso de un Aula de Buenas Tardes (de 14.00 a 15.00) y de actividades de lunes a jueves de 18.00 a 19.30 y los viernes de 16.00 a 18.00.<\/span><\/p>\n<p style=\"text-align: center\"><span style=\"font-family: verdana, geneva, sans-serif;font-size: 14pt\">Pero lo que realmente caracteriza a nuestro colegio es la ILUSI\u00d3N DEL CLAUSTRO a la hora de trabajar con el alumnado. Queremos que nuestros ni\u00f1os y ni\u00f1as reciban una educaci\u00f3n basada en la igualdad, en el respeto y en la voluntad de trabajo. No creemos en la ley del m\u00ednimo esfuerzo sino que ense\u00f1amos a nuestro alumnado la importancia del trabajo en equipo y premiamos sus logros diarios tanto dentro como fuera del aula. Les ense\u00f1amos a ser buenas personas, a esforzarse cada d\u00eda, a ir siempre con la verdad por delante y a ser ellos mismos. Si estos valores les van dejando huella, estamos seguros de que van a ser futuros hombres y mujeres de bien.<\/span><\/p>\n<p style=\"text-align: center\"><span style=\"font-family: verdana, geneva, sans-serif;font-size: 14pt\">Con esta WEB, abrimos una ventana al exterior ya que la pandemia ha hecho que sea un pilar informativo fundamental en nuestra vida.<\/span><\/p>\n<p style=\"text-align: center\"><span style=\"font-family: verdana, geneva, sans-serif;font-size: 14pt\">Esperamos de coraz\u00f3n que la disfruten y sea de gran ayuda para toda nuestra Comunidad Educativa.<\/span><\/p>\n<p style=\"text-align: center\"><span style=\"font-family: verdana, geneva, sans-serif;font-size: 14pt\">Gracias a nuestro Claustro, a nuestras PTIS, a nuestra administrativa, al personal de limpieza, a nuestros monitores y monitoras de comedor, aula matinal, extraescolares,\u2026 a nuestras extraordinarias familias, a nuestro maravilloso AMPA y , sobre todo, a nuestro gran ALUMNADO, por hacer del CEIP H\u00edspalis un lugar FELIZ.<\/span><\/p>\n<p>&nbsp;<\/p>\n<p style=\"text-align: center\"><span style=\"font-family: verdana, geneva, sans-serif;font-size: 14pt\">Un afectuoso saludo del director:<\/span><\/p>\n<p style=\"text-align: center\"><span style=\"font-family: verdana, geneva, sans-serif;font-size: 14pt\">Luis Pi\u00f1ol P\u00e9rez<\/span><\/p>\n<div style=\"width: 464px;\" class=\"wp-video\"><!--[if lt IE 9]><script>document.createElement('video');<\/script><![endif]-->\n<video class=\"wp-video-shortcode\" id=\"video-1040-1\" width=\"464\" height=\"832\" preload=\"metadata\" controls=\"controls\"><source type=\"video\/mp4\" src=\"https:\/\/blogsaverroes.juntadeandalucia.es\/ceiphispalis\/files\/2025\/10\/presentacion-claustro.mp4?_=1\" \/><a href=\"https:\/\/blogsaverroes.juntadeandalucia.es\/ceiphispalis\/files\/2025\/10\/presentacion-claustro.mp4\">https:\/\/blogsaverroes.juntadeandalucia.es\/ceiphispalis\/files\/2025\/10\/presentacion-claustro.mp4<\/a><\/video><\/div>\n<p style=\"text-align: center\"><span style=\"font-family: verdana, geneva, sans-serif;font-size: 14pt\">&nbsp;<\/span><\/p>\n<p style=\"text-align: center\"><span style=\"font-family: verdana, geneva, sans-serif;font-size: 14pt\">&nbsp;<\/span><\/p>\n<\/div>\n","protected":false},"excerpt":{"rendered":"<p>Welcome to our CEIP H\u00edspalis Website!!! El CEIP H\u00edspalis es un colegio p\u00fablico que lleva m\u00e1s de 25 a\u00f1os dando una educaci\u00f3n de calidad al alumnado de la zona de Sevilla Este. Nuestro centro cuenta con dos l\u00edneas de Educaci\u00f3n Infantil, dos l\u00edneas de Educaci\u00f3n Primaria y un Aula Espec\u00edfica y el curso 2023-2024 ser\u00e1 [&hellip;]<\/p>\n","protected":false},"author":4831,"featured_media":0,"parent":0,"menu_order":0,"comment_status":"closed","ping_status":"closed","template":"","meta":{"_et_pb_use_builder":"","_et_pb_old_content":"","_et_gb_content_width":"","ngg_post_thumbnail":0,"footnotes":""},"aioseo_notices":[],"_links":{"self":[{"href":"https:\/\/blogsaverroes.juntadeandalucia.es\/ceiphispalis\/wp-json\/wp\/v2\/pages\/1040"}],"collection":[{"href":"https:\/\/blogsaverroes.juntadeandalucia.es\/ceiphispalis\/wp-json\/wp\/v2\/pages"}],"about":[{"href":"https:\/\/blogsaverroes.juntadeandalucia.es\/ceiphispalis\/wp-json\/wp\/v2\/types\/page"}],"author":[{"embeddable":true,"href":"https:\/\/blogsaverroes.juntadeandalucia.es\/ceiphispalis\/wp-json\/wp\/v2\/users\/4831"}],"replies":[{"embeddable":true,"href":"https:\/\/blogsaverroes.juntadeandalucia.es\/ceiphispalis\/wp-json\/wp\/v2\/comments?post=1040"}],"version-history":[{"count":8,"href":"https:\/\/blogsaverroes.juntadeandalucia.es\/ceiphispalis\/wp-json\/wp\/v2\/pages\/1040\/revisions"}],"predecessor-version":[{"id":2936,"href":"https:\/\/blogsaverroes.juntadeandalucia.es\/ceiphispalis\/wp-json\/wp\/v2\/pages\/1040\/revisions\/2936"}],"wp:attachment":[{"href":"https:\/\/blogsaverroes.juntadeandalucia.es\/ceiphispalis\/wp-json\/wp\/v2\/media?parent=1040"}],"curies":[{"name":"wp","href":"https:\/\/api.w.org\/{rel}","templated":true}]}}