{"id":1208,"date":"2022-01-25T20:05:40","date_gmt":"2022-01-25T19:05:40","guid":{"rendered":"https:\/\/blogsaverroes.juntadeandalucia.es\/ceiphispalis\/?page_id=1208"},"modified":"2025-11-12T13:52:09","modified_gmt":"2025-11-12T12:52:09","slug":"plan-de-centro","status":"publish","type":"page","link":"https:\/\/blogsaverroes.juntadeandalucia.es\/ceiphispalis\/plan-de-centro\/","title":{"rendered":"Plan de Centro"},"content":{"rendered":"<p><span style=\"font-size: 24pt;font-family: 'book antiqua', palatino, serif\"><strong><a href=\"https:\/\/blogsaverroes.juntadeandalucia.es\/ceiphispalis\/files\/2025\/11\/PROYECTO-EDUCATIVO-25_26.pdf\">PROYECTO EDUCATIVO 25_26<\/a><\/strong><\/span><\/p>\n<p><span style=\"font-family: 'book antiqua', palatino, serif;font-size: 24pt\">&nbsp; &nbsp; &nbsp; &nbsp; &nbsp; &nbsp; &nbsp; <a href=\"https:\/\/blogsaverroes.juntadeandalucia.es\/ceiphispalis\/files\/2025\/11\/PLAN-DE-CONVIVENCIA-25_26.docx.pdf\">PLAN-DE-CONVIVENCIA 25_26.docx<\/a><\/span><\/p>\n<p><span style=\"font-size: 24pt;font-family: 'book antiqua', palatino, serif\">&nbsp; &nbsp; &nbsp; &nbsp; &nbsp; &nbsp; <a href=\"https:\/\/blogsaverroes.juntadeandalucia.es\/ceiphispalis\/files\/2025\/11\/MEDIDAS-AT.-DIVERSIDAD.pdf\">MEDIDAS-AT. DIVERSIDAD<\/a><\/span><\/p>\n<p><span style=\"font-size: 24pt;font-family: 'book antiqua', palatino, serif\">&nbsp;&nbsp;&nbsp;&nbsp;&nbsp;&nbsp;&nbsp;&nbsp;&nbsp;&nbsp;&nbsp;&nbsp; &nbsp; <a href=\"https:\/\/blogsaverroes.juntadeandalucia.es\/ceiphispalis\/files\/2024\/02\/Proyecto-Biling\u00fce.pdf\">Proyecto biling\u00fce<\/a><\/span><\/p>\n<p><span style=\"font-size: 24pt;font-family: 'book antiqua', palatino, serif\">&nbsp; &nbsp; &nbsp; &nbsp; &nbsp; &nbsp;&nbsp;&nbsp;&nbsp; <a href=\"https:\/\/blogsaverroes.juntadeandalucia.es\/ceiphispalis\/files\/2025\/11\/POAT-25-26.pdf\">POAT 25-26<\/a><br \/>\n<\/span><\/p>\n<p><span style=\"font-size: 24pt;font-family: 'book antiqua', palatino, serif\">&nbsp;&nbsp;&nbsp;&nbsp;&nbsp;&nbsp;&nbsp;&nbsp;&nbsp;&nbsp;&nbsp;&nbsp;&nbsp;&nbsp; <a href=\"https:\/\/blogsaverroes.juntadeandalucia.es\/ceiphispalis\/files\/2025\/11\/PROYECTO-RECREO-INCLUSIVO-25-26.docx.pdf\">PROYECTO-RECREO-INCLUSIVO-25-26.docx<\/a><\/span><\/p>\n<p><span style=\"font-family: 'book antiqua', palatino, serif;font-size: 24pt\">&nbsp;&nbsp;&nbsp;&nbsp;&nbsp;&nbsp;&nbsp;&nbsp;&nbsp;&nbsp;&nbsp;&nbsp;&nbsp;&nbsp; <a href=\"https:\/\/blogsaverroes.juntadeandalucia.es\/ceiphispalis\/files\/2024\/02\/Plan-Estrat\u00e9gico-de-G\u00e9nero-en-Educaci\u00f3n.pdf\">Plan estrat\u00e9gico de g\u00e9nero en educaci\u00f3n<\/a><\/span><\/p>\n<p><span style=\"font-family: 'book antiqua', palatino, serif;font-size: 24pt\">&nbsp;&nbsp;&nbsp;&nbsp;&nbsp;&nbsp;&nbsp;&nbsp;&nbsp;&nbsp;&nbsp;&nbsp;&nbsp;&nbsp; <a href=\"https:\/\/blogsaverroes.juntadeandalucia.es\/ceiphispalis\/files\/2025\/11\/PLAN-DE-LECTURA-HISPALIS.pdf\">PLAN-DE-LECTURA-H\u00cdSPALIS<\/a><\/span><\/p>\n<p><span style=\"font-family: 'book antiqua', palatino, serif;font-size: 24pt\">&nbsp;&nbsp;&nbsp;&nbsp;&nbsp;&nbsp;&nbsp;&nbsp;&nbsp;&nbsp;&nbsp;&nbsp;&nbsp;&nbsp; <a href=\"https:\/\/blogsaverroes.juntadeandalucia.es\/ceiphispalis\/files\/2025\/11\/PLAN-DE-FORMACION-2025_26.pdf\">PLAN DE FORMACI\u00d3N 2025_26<\/a>&nbsp; &nbsp; &nbsp; &nbsp;&nbsp;<\/span><\/p>\n<p><span style=\"font-size: 24pt;font-family: 'book antiqua', palatino, serif\"><a href=\"https:\/\/blogsaverroes.juntadeandalucia.es\/ceiphispalis\/files\/2025\/11\/Proyecto-de-Gestion-25-26.pdf\">Proyecto de Gesti\u00f3n 25-26<\/a><\/span><\/p>\n<p><span style=\"font-family: 'book antiqua', palatino, serif;font-size: 24pt\"><a href=\"https:\/\/blogsaverroes.juntadeandalucia.es\/ceiphispalis\/files\/2025\/11\/ROF-2025_26.pdf\">ROF 2025_26<\/a><\/span><\/p>\n<p><span style=\"font-family: 'book antiqua', palatino, serif;font-size: 24pt\"><a href=\"https:\/\/blogsaverroes.juntadeandalucia.es\/ceiphispalis\/files\/2025\/11\/Pad-actualizado-25-26.pdf\">Pad actualizado 25-26<\/a> <\/span><\/p>\n<p><span style=\"font-family: 'book antiqua', palatino, serif;font-size: 24pt\"><a href=\"https:\/\/blogsaverroes.juntadeandalucia.es\/ceiphispalis\/files\/2025\/11\/PLAN-DE-ACTUACION-DEL-RAZONAMIENTO-MATEMATICO-1.pdf\">PLAN DE ACTUACI\u00d3N DEL RAZONAMIENTO MATEM\u00c1TICO (1)<\/a><\/span><\/p>\n<p>&nbsp;<\/p>\n<p><img loading=\"lazy\" decoding=\"async\" class=\"alignnone size-medium wp-image-976 aligncenter\" src=\"https:\/\/blogsaverroes.juntadeandalucia.es\/ceiphispalis\/files\/2021\/09\/igualdad-300x214.png\" alt=\"\" width=\"300\" height=\"214\"><\/p>\n","protected":false},"excerpt":{"rendered":"<p>PROYECTO EDUCATIVO 25_26 &nbsp; &nbsp; &nbsp; &nbsp; &nbsp; &nbsp; &nbsp; PLAN-DE-CONVIVENCIA 25_26.docx &nbsp; &nbsp; &nbsp; &nbsp; &nbsp; &nbsp; MEDIDAS-AT. DIVERSIDAD &nbsp;&nbsp;&nbsp;&nbsp;&nbsp;&nbsp;&nbsp;&nbsp;&nbsp;&nbsp;&nbsp;&nbsp; &nbsp; Proyecto biling\u00fce &nbsp; &nbsp; &nbsp; &nbsp; &nbsp; &nbsp;&nbsp;&nbsp;&nbsp; POAT 25-26 &nbsp;&nbsp;&nbsp;&nbsp;&nbsp;&nbsp;&nbsp;&nbsp;&nbsp;&nbsp;&nbsp;&nbsp;&nbsp;&nbsp; PROYECTO-RECREO-INCLUSIVO-25-26.docx &nbsp;&nbsp;&nbsp;&nbsp;&nbsp;&nbsp;&nbsp;&nbsp;&nbsp;&nbsp;&nbsp;&nbsp;&nbsp;&nbsp; Plan estrat\u00e9gico de g\u00e9nero en educaci\u00f3n &nbsp;&nbsp;&nbsp;&nbsp;&nbsp;&nbsp;&nbsp;&nbsp;&nbsp;&nbsp;&nbsp;&nbsp;&nbsp;&nbsp; PLAN-DE-LECTURA-H\u00cdSPALIS &nbsp;&nbsp;&nbsp;&nbsp;&nbsp;&nbsp;&nbsp;&nbsp;&nbsp;&nbsp;&nbsp;&nbsp;&nbsp;&nbsp; PLAN DE FORMACI\u00d3N 2025_26&nbsp; &nbsp; &nbsp; &nbsp;&nbsp; Proyecto de Gesti\u00f3n 25-26 [&hellip;]<\/p>\n","protected":false},"author":4831,"featured_media":0,"parent":0,"menu_order":0,"comment_status":"closed","ping_status":"closed","template":"","meta":{"_et_pb_use_builder":"","_et_pb_old_content":"","_et_gb_content_width":"","ngg_post_thumbnail":0,"footnotes":""},"aioseo_notices":[],"_links":{"self":[{"href":"https:\/\/blogsaverroes.juntadeandalucia.es\/ceiphispalis\/wp-json\/wp\/v2\/pages\/1208"}],"collection":[{"href":"https:\/\/blogsaverroes.juntadeandalucia.es\/ceiphispalis\/wp-json\/wp\/v2\/pages"}],"about":[{"href":"https:\/\/blogsaverroes.juntadeandalucia.es\/ceiphispalis\/wp-json\/wp\/v2\/types\/page"}],"author":[{"embeddable":true,"href":"https:\/\/blogsaverroes.juntadeandalucia.es\/ceiphispalis\/wp-json\/wp\/v2\/users\/4831"}],"replies":[{"embeddable":true,"href":"https:\/\/blogsaverroes.juntadeandalucia.es\/ceiphispalis\/wp-json\/wp\/v2\/comments?post=1208"}],"version-history":[{"count":12,"href":"https:\/\/blogsaverroes.juntadeandalucia.es\/ceiphispalis\/wp-json\/wp\/v2\/pages\/1208\/revisions"}],"predecessor-version":[{"id":2934,"href":"https:\/\/blogsaverroes.juntadeandalucia.es\/ceiphispalis\/wp-json\/wp\/v2\/pages\/1208\/revisions\/2934"}],"wp:attachment":[{"href":"https:\/\/blogsaverroes.juntadeandalucia.es\/ceiphispalis\/wp-json\/wp\/v2\/media?parent=1208"}],"curies":[{"name":"wp","href":"https:\/\/api.w.org\/{rel}","templated":true}]}}