{"id":301,"date":"2020-02-12T08:22:12","date_gmt":"2020-02-12T07:22:12","guid":{"rendered":"http:\/\/blogsaverroes.juntadeandalucia.es\/pre\/nuevoies2v2\/?page_id=301"},"modified":"2021-11-17T13:16:12","modified_gmt":"2021-11-17T12:16:12","slug":"novedades","status":"publish","type":"page","link":"https:\/\/blogsaverroes.juntadeandalucia.es\/ceiphurtadodemendoza\/novedades\/","title":{"rendered":"Novedades"},"content":{"rendered":"<div class=\"pt-cv-wrapper et_smooth_scroll_disabled\"><div class=\"pt-cv-view pt-cv-grid pt-cv-colsys\" id=\"pt-cv-view-4efd38bw9f\"><div data-id=\"pt-cv-page-1\" class=\"pt-cv-page\" data-cvc=\"3\"><div class=\"col-md-4 col-sm-6 col-xs-12 pt-cv-content-item pt-cv-1-col\" ><div class='pt-cv-ifield'><a href=\"https:\/\/blogsaverroes.juntadeandalucia.es\/ceiphurtadodemendoza\/viaje-de-estudios-6o-curso\/\" class=\"_self pt-cv-href-thumbnail pt-cv-thumb-default\" target=\"_self\" ><img loading=\"lazy\" decoding=\"async\" width=\"400\" height=\"250\" src=\"https:\/\/blogsaverroes.juntadeandalucia.es\/ceiphurtadodemendoza\/files\/2025\/05\/IMG-20250505-WA0010-400x250.jpg\" class=\"pt-cv-thumbnail\" alt=\"\" \/><\/a>\n<h4 class=\"pt-cv-title\"><a href=\"https:\/\/blogsaverroes.juntadeandalucia.es\/ceiphurtadodemendoza\/viaje-de-estudios-6o-curso\/\" class=\"_self\" target=\"_self\" >Viaje de estudios 6\u00ba curso<\/a><\/h4>\n<div class=\"pt-cv-content\">Nuestros alumnos de sexto han vivido una experiencia inolvidable durante su viaje de estudios. A ...<br \/><div class=\"pt-cv-rmwrap\"><a href=\"https:\/\/blogsaverroes.juntadeandalucia.es\/ceiphurtadodemendoza\/viaje-de-estudios-6o-curso\/\" class=\"_self pt-cv-readmore btn btn-success\" target=\"_self\">Leer M\u00e1s<\/a><\/div><\/div><\/div><\/div>\n<div class=\"col-md-4 col-sm-6 col-xs-12 pt-cv-content-item pt-cv-1-col\" ><div class='pt-cv-ifield'><a href=\"https:\/\/blogsaverroes.juntadeandalucia.es\/ceiphurtadodemendoza\/talleres-prevencion-de-la-violencia-de-genero-en-el-ambito-educativo\/\" class=\"_self pt-cv-href-thumbnail pt-cv-thumb-default\" target=\"_self\" ><img loading=\"lazy\" decoding=\"async\" width=\"400\" height=\"250\" src=\"https:\/\/blogsaverroes.juntadeandalucia.es\/ceiphurtadodemendoza\/files\/2025\/04\/20250410_110749-400x250.jpg\" class=\"pt-cv-thumbnail\" alt=\"\" \/><\/a>\n<h4 class=\"pt-cv-title\"><a href=\"https:\/\/blogsaverroes.juntadeandalucia.es\/ceiphurtadodemendoza\/talleres-prevencion-de-la-violencia-de-genero-en-el-ambito-educativo\/\" class=\"_self\" target=\"_self\" >Talleres prevenci\u00f3n de la violencia de g\u00e9nero en el \u00e1mbito educativo.<\/a><\/h4>\n<div class=\"pt-cv-content\">Hoy d\u00eda 10 de Abril se han llevado a cabo con Educaci\u00f3n Primaria, Talleres formativos ...<br \/><div class=\"pt-cv-rmwrap\"><a href=\"https:\/\/blogsaverroes.juntadeandalucia.es\/ceiphurtadodemendoza\/talleres-prevencion-de-la-violencia-de-genero-en-el-ambito-educativo\/\" class=\"_self pt-cv-readmore btn btn-success\" target=\"_self\">Leer M\u00e1s<\/a><\/div><\/div><\/div><\/div>\n<div class=\"col-md-4 col-sm-6 col-xs-12 pt-cv-content-item pt-cv-1-col\" ><div class='pt-cv-ifield'><a href=\"https:\/\/blogsaverroes.juntadeandalucia.es\/ceiphurtadodemendoza\/semana-santa\/\" class=\"_self pt-cv-href-thumbnail pt-cv-thumb-default\" target=\"_self\" ><img loading=\"lazy\" decoding=\"async\" width=\"400\" height=\"250\" src=\"https:\/\/blogsaverroes.juntadeandalucia.es\/ceiphurtadodemendoza\/files\/2025\/04\/IMG-20250404-WA0009-400x250.jpg\" class=\"pt-cv-thumbnail\" alt=\"\" \/><\/a>\n<h4 class=\"pt-cv-title\"><a href=\"https:\/\/blogsaverroes.juntadeandalucia.es\/ceiphurtadodemendoza\/semana-santa\/\" class=\"_self\" target=\"_self\" >Semana Santa<\/a><\/h4>\n<div class=\"pt-cv-content\">\u00a1Arranca la Semana Santa en Educaci\u00f3n Infantil! Gracias a la colaboraci\u00f3n y entusiasmo de las ...<br \/><div class=\"pt-cv-rmwrap\"><a href=\"https:\/\/blogsaverroes.juntadeandalucia.es\/ceiphurtadodemendoza\/semana-santa\/\" class=\"_self pt-cv-readmore btn btn-success\" target=\"_self\">Leer M\u00e1s<\/a><\/div><\/div><\/div><\/div>\n<div class=\"col-md-4 col-sm-6 col-xs-12 pt-cv-content-item pt-cv-1-col\" ><div class='pt-cv-ifield'><a href=\"https:\/\/blogsaverroes.juntadeandalucia.es\/ceiphurtadodemendoza\/celebracion-dia-del-autismo\/\" class=\"_self pt-cv-href-thumbnail pt-cv-thumb-default\" target=\"_self\" ><img loading=\"lazy\" decoding=\"async\" width=\"400\" height=\"250\" src=\"https:\/\/blogsaverroes.juntadeandalucia.es\/ceiphurtadodemendoza\/files\/2025\/04\/20250402_131934-400x250.jpg\" class=\"pt-cv-thumbnail\" alt=\"\" \/><\/a>\n<h4 class=\"pt-cv-title\"><a href=\"https:\/\/blogsaverroes.juntadeandalucia.es\/ceiphurtadodemendoza\/celebracion-dia-del-autismo\/\" class=\"_self\" target=\"_self\" >Celebraci\u00f3n d\u00eda del Autismo<\/a><\/h4>\n<div class=\"pt-cv-content\">Estimadas familias: El 2 de abril se celebra el D\u00eda Mundial de Concienciaci\u00f3n sobre el ...<br \/><div class=\"pt-cv-rmwrap\"><a href=\"https:\/\/blogsaverroes.juntadeandalucia.es\/ceiphurtadodemendoza\/celebracion-dia-del-autismo\/\" class=\"_self pt-cv-readmore btn btn-success\" target=\"_self\">Leer M\u00e1s<\/a><\/div><\/div><\/div><\/div><\/div><\/div><\/div>\n","protected":false},"excerpt":{"rendered":"","protected":false},"author":13997,"featured_media":0,"parent":0,"menu_order":0,"comment_status":"closed","ping_status":"closed","template":"","meta":{"_et_pb_use_builder":"","_et_pb_old_content":"","_et_gb_content_width":"","ngg_post_thumbnail":0,"footnotes":""},"aioseo_notices":[],"_links":{"self":[{"href":"https:\/\/blogsaverroes.juntadeandalucia.es\/ceiphurtadodemendoza\/wp-json\/wp\/v2\/pages\/301"}],"collection":[{"href":"https:\/\/blogsaverroes.juntadeandalucia.es\/ceiphurtadodemendoza\/wp-json\/wp\/v2\/pages"}],"about":[{"href":"https:\/\/blogsaverroes.juntadeandalucia.es\/ceiphurtadodemendoza\/wp-json\/wp\/v2\/types\/page"}],"author":[{"embeddable":true,"href":"https:\/\/blogsaverroes.juntadeandalucia.es\/ceiphurtadodemendoza\/wp-json\/wp\/v2\/users\/13997"}],"replies":[{"embeddable":true,"href":"https:\/\/blogsaverroes.juntadeandalucia.es\/ceiphurtadodemendoza\/wp-json\/wp\/v2\/comments?post=301"}],"version-history":[{"count":1,"href":"https:\/\/blogsaverroes.juntadeandalucia.es\/ceiphurtadodemendoza\/wp-json\/wp\/v2\/pages\/301\/revisions"}],"predecessor-version":[{"id":527,"href":"https:\/\/blogsaverroes.juntadeandalucia.es\/ceiphurtadodemendoza\/wp-json\/wp\/v2\/pages\/301\/revisions\/527"}],"wp:attachment":[{"href":"https:\/\/blogsaverroes.juntadeandalucia.es\/ceiphurtadodemendoza\/wp-json\/wp\/v2\/media?parent=301"}],"curies":[{"name":"wp","href":"https:\/\/api.w.org\/{rel}","templated":true}]}}

<div class="pt-cv-wrapper et_smooth_scroll_disabled"><div class="pt-cv-view pt-cv-grid pt-cv-colsys" id="pt-cv-view-4efd38bw9f"><div data-id="pt-cv-page-1" class="pt-cv-page" data-cvc="3"><div class="col-md-4 col-sm-6 col-xs-12 pt-cv-content-item pt-cv-1-col" ><div class='pt-cv-ifield'><a href="https://blogsaverroes.juntadeandalucia.es/ceiphurtadodemendoza/viaje-de-estudios-6o-curso/" class="_self pt-cv-href-thumbnail pt-cv-thumb-default" target="_self" ><img loading="lazy" decoding="async" width="400" height="250" src="https://blogsaverroes.juntadeandalucia.es/ceiphurtadodemendoza/files/2025/05/IMG-20250505-WA0010-400x250.jpg" class="pt-cv-thumbnail" alt="" /></a>
<h4 class="pt-cv-title"><a href="https://blogsaverroes.juntadeandalucia.es/ceiphurtadodemendoza/viaje-de-estudios-6o-curso/" class="_self" target="_self" >Viaje de estudios 6º curso</a></h4>
<div class="pt-cv-content">Nuestros alumnos de sexto han vivido una experiencia inolvidable durante su viaje de estudios. A ...<br /><div class="pt-cv-rmwrap"><a href="https://blogsaverroes.juntadeandalucia.es/ceiphurtadodemendoza/viaje-de-estudios-6o-curso/" class="_self pt-cv-readmore btn btn-success" target="_self">Leer Más</a></div></div></div></div>
<div class="col-md-4 col-sm-6 col-xs-12 pt-cv-content-item pt-cv-1-col" ><div class='pt-cv-ifield'><a href="https://blogsaverroes.juntadeandalucia.es/ceiphurtadodemendoza/talleres-prevencion-de-la-violencia-de-genero-en-el-ambito-educativo/" class="_self pt-cv-href-thumbnail pt-cv-thumb-default" target="_self" ><img loading="lazy" decoding="async" width="400" height="250" src="https://blogsaverroes.juntadeandalucia.es/ceiphurtadodemendoza/files/2025/04/20250410_110749-400x250.jpg" class="pt-cv-thumbnail" alt="" /></a>
<h4 class="pt-cv-title"><a href="https://blogsaverroes.juntadeandalucia.es/ceiphurtadodemendoza/talleres-prevencion-de-la-violencia-de-genero-en-el-ambito-educativo/" class="_self" target="_self" >Talleres prevención de la violencia de género en el ámbito educativo.</a></h4>
<div class="pt-cv-content">Hoy día 10 de Abril se han llevado a cabo con Educación Primaria, Talleres formativos ...<br /><div class="pt-cv-rmwrap"><a href="https://blogsaverroes.juntadeandalucia.es/ceiphurtadodemendoza/talleres-prevencion-de-la-violencia-de-genero-en-el-ambito-educativo/" class="_self pt-cv-readmore btn btn-success" target="_self">Leer Más</a></div></div></div></div>
<div class="col-md-4 col-sm-6 col-xs-12 pt-cv-content-item pt-cv-1-col" ><div class='pt-cv-ifield'><a href="https://blogsaverroes.juntadeandalucia.es/ceiphurtadodemendoza/semana-santa/" class="_self pt-cv-href-thumbnail pt-cv-thumb-default" target="_self" ><img loading="lazy" decoding="async" width="400" height="250" src="https://blogsaverroes.juntadeandalucia.es/ceiphurtadodemendoza/files/2025/04/IMG-20250404-WA0009-400x250.jpg" class="pt-cv-thumbnail" alt="" /></a>
<h4 class="pt-cv-title"><a href="https://blogsaverroes.juntadeandalucia.es/ceiphurtadodemendoza/semana-santa/" class="_self" target="_self" >Semana Santa</a></h4>
<div class="pt-cv-content">¡Arranca la Semana Santa en Educación Infantil! Gracias a la colaboración y entusiasmo de las ...<br /><div class="pt-cv-rmwrap"><a href="https://blogsaverroes.juntadeandalucia.es/ceiphurtadodemendoza/semana-santa/" class="_self pt-cv-readmore btn btn-success" target="_self">Leer Más</a></div></div></div></div>
<div class="col-md-4 col-sm-6 col-xs-12 pt-cv-content-item pt-cv-1-col" ><div class='pt-cv-ifield'><a href="https://blogsaverroes.juntadeandalucia.es/ceiphurtadodemendoza/celebracion-dia-del-autismo/" class="_self pt-cv-href-thumbnail pt-cv-thumb-default" target="_self" ><img loading="lazy" decoding="async" width="400" height="250" src="https://blogsaverroes.juntadeandalucia.es/ceiphurtadodemendoza/files/2025/04/20250402_131934-400x250.jpg" class="pt-cv-thumbnail" alt="" /></a>
<h4 class="pt-cv-title"><a href="https://blogsaverroes.juntadeandalucia.es/ceiphurtadodemendoza/celebracion-dia-del-autismo/" class="_self" target="_self" >Celebración día del Autismo</a></h4>
<div class="pt-cv-content">Estimadas familias: El 2 de abril se celebra el Día Mundial de Concienciación sobre el ...<br /><div class="pt-cv-rmwrap"><a href="https://blogsaverroes.juntadeandalucia.es/ceiphurtadodemendoza/celebracion-dia-del-autismo/" class="_self pt-cv-readmore btn btn-success" target="_self">Leer Más</a></div></div></div></div></div></div></div>
