{"id":902,"date":"2025-04-30T10:31:13","date_gmt":"2025-04-30T09:31:13","guid":{"rendered":"https:\/\/blogsaverroes.juntadeandalucia.es\/ceiphurtadodemendoza\/?page_id=902"},"modified":"2025-04-30T11:26:19","modified_gmt":"2025-04-30T10:26:19","slug":"proa-programa-acompanamiento-escolar","status":"publish","type":"page","link":"https:\/\/blogsaverroes.juntadeandalucia.es\/ceiphurtadodemendoza\/proa-programa-acompanamiento-escolar\/","title":{"rendered":"PROA (Programa Acompa\u00f1amiento Escolar)"},"content":{"rendered":"<p>[et_pb_section fb_built=&#8221;1&#8243; theme_builder_area=&#8221;post_content&#8221; _builder_version=&#8221;4.24.2&#8243; _module_preset=&#8221;default&#8221;][et_pb_row _builder_version=&#8221;4.24.2&#8243; _module_preset=&#8221;default&#8221; theme_builder_area=&#8221;post_content&#8221;][et_pb_column _builder_version=&#8221;4.24.2&#8243; _module_preset=&#8221;default&#8221; type=&#8221;4_4&#8243; theme_builder_area=&#8221;post_content&#8221;][et_pb_heading title=&#8221;PROA (Programa Acompa\u00f1amiento Escolar)&#8221; _builder_version=&#8221;4.24.2&#8243; _module_preset=&#8221;default&#8221; theme_builder_area=&#8221;post_content&#8221; title_font=&#8221;||on|on|on|||#000000|&#8221; title_text_color=&#8221;#000000&#8243; hover_enabled=&#8221;0&#8243; sticky_enabled=&#8221;0&#8243;][\/et_pb_heading][et_pb_text _builder_version=&#8221;4.24.2&#8243; _module_preset=&#8221;default&#8221; theme_builder_area=&#8221;post_content&#8221; hover_enabled=&#8221;0&#8243; sticky_enabled=&#8221;0&#8243;]<\/p>\n<p><span style=\"color: #000000\">En nuestro centro llevamos a cabo Programa de Refuerzo, Orientaci\u00f3n y Apoyo en los Centros Docentes P\u00fablicos dependientes de la Consejer\u00eda de Desarrollo Educativo y Formaci\u00f3n Profesional de la Junta de Andaluc\u00eda, con objeto de garantizar la igualdad de oportunidades, incrementar el \u00e9xito escolar del alumnado y prevenir el absentismo y el abandono escolar temprano.<\/span><\/p>\n<p><span style=\"color: #000000\">Para ello cada a\u00f1o y siguiendo las instrucciones que publica la Consejer\u00eda de Educaci\u00f3n, la persona responsable de llevar a cabo la organizaci\u00f3n del programa en el centro, elabora junto con el equipo docente los agrupamientos con el alumnado candidato para participar en el programa.<\/span><\/p>\n<p><span style=\"color: #000000\">Un apoyo que ayuda a mejorar el \u00e9xito escolar del alumnado participante y busca potenciar el desarrollo integral del alumnado actuando simult\u00e1neamente a trav\u00e9s de cuatro \u00e1mbitos o l\u00edneas de actuaci\u00f3n:<\/span><\/p>\n<p><span style=\"color: #000000\"><\/span><\/p>\n<ul>\n<li><span style=\"color: #000000\">El propio alumnado: atendiendo de forma m\u00e1s precisa las distintas necesidades que pueda presentar, en relaci\u00f3n al proceso de ense\u00f1anza-aprendizaje (dificultades de aprendizaje, socializaci\u00f3n, maduraci\u00f3n, h\u00e1bitos de trabajo, etc.).<\/span><\/li>\n<li><span style=\"color: #000000\">El centro educativo: dot\u00e1ndole de un recurso extraordinario in situ para organizar la respuesta educativa de su alumnado.<\/span><\/li>\n<li><span style=\"color: #000000\">Las familias: favoreciendo la relaci\u00f3n de \u00e9stas con el centro, as\u00ed como su implicaci\u00f3n en el proceso educativo de sus menores.<\/span><\/li>\n<li><span style=\"color: #000000\">El entorno: ampliando la oferta educativa extraescolar inmediata.<\/span><\/li>\n<\/ul>\n<p>[\/et_pb_text][\/et_pb_column][\/et_pb_row][et_pb_row _builder_version=&#8221;4.24.2&#8243; _module_preset=&#8221;default&#8221; theme_builder_area=&#8221;post_content&#8221;][et_pb_column _builder_version=&#8221;4.24.2&#8243; _module_preset=&#8221;default&#8221; type=&#8221;4_4&#8243; theme_builder_area=&#8221;post_content&#8221;][et_pb_image src=&#8221;https:\/\/blogsaverroes.juntadeandalucia.es\/ceiphurtadodemendoza\/files\/2025\/04\/10.jpg&#8221; _builder_version=&#8221;4.24.2&#8243; _module_preset=&#8221;default&#8221; theme_builder_area=&#8221;post_content&#8221; title_text=&#8221;10&#8243; align=&#8221;center&#8221; hover_enabled=&#8221;0&#8243; sticky_enabled=&#8221;0&#8243;][\/et_pb_image][\/et_pb_column][\/et_pb_row][\/et_pb_section]<\/p>\n","protected":false},"excerpt":{"rendered":"<p>En nuestro centro llevamos a cabo Programa de Refuerzo, Orientaci\u00f3n y Apoyo en los Centros Docentes P\u00fablicos dependientes de la Consejer\u00eda de Desarrollo Educativo y Formaci\u00f3n Profesional de la Junta de Andaluc\u00eda, con objeto de garantizar la igualdad de oportunidades, incrementar el \u00e9xito escolar del alumnado y prevenir el absentismo y el abandono escolar temprano. [&hellip;]<\/p>\n","protected":false},"author":13997,"featured_media":0,"parent":0,"menu_order":0,"comment_status":"closed","ping_status":"closed","template":"","meta":{"_et_pb_use_builder":"on","_et_pb_old_content":"","_et_gb_content_width":"","ngg_post_thumbnail":0,"footnotes":""},"aioseo_notices":[],"_links":{"self":[{"href":"https:\/\/blogsaverroes.juntadeandalucia.es\/ceiphurtadodemendoza\/wp-json\/wp\/v2\/pages\/902"}],"collection":[{"href":"https:\/\/blogsaverroes.juntadeandalucia.es\/ceiphurtadodemendoza\/wp-json\/wp\/v2\/pages"}],"about":[{"href":"https:\/\/blogsaverroes.juntadeandalucia.es\/ceiphurtadodemendoza\/wp-json\/wp\/v2\/types\/page"}],"author":[{"embeddable":true,"href":"https:\/\/blogsaverroes.juntadeandalucia.es\/ceiphurtadodemendoza\/wp-json\/wp\/v2\/users\/13997"}],"replies":[{"embeddable":true,"href":"https:\/\/blogsaverroes.juntadeandalucia.es\/ceiphurtadodemendoza\/wp-json\/wp\/v2\/comments?post=902"}],"version-history":[{"count":3,"href":"https:\/\/blogsaverroes.juntadeandalucia.es\/ceiphurtadodemendoza\/wp-json\/wp\/v2\/pages\/902\/revisions"}],"predecessor-version":[{"id":938,"href":"https:\/\/blogsaverroes.juntadeandalucia.es\/ceiphurtadodemendoza\/wp-json\/wp\/v2\/pages\/902\/revisions\/938"}],"wp:attachment":[{"href":"https:\/\/blogsaverroes.juntadeandalucia.es\/ceiphurtadodemendoza\/wp-json\/wp\/v2\/media?parent=902"}],"curies":[{"name":"wp","href":"https:\/\/api.w.org\/{rel}","templated":true}]}}