{"id":950,"date":"2025-04-30T11:43:31","date_gmt":"2025-04-30T10:43:31","guid":{"rendered":"https:\/\/blogsaverroes.juntadeandalucia.es\/ceiphurtadodemendoza\/?page_id=950"},"modified":"2025-04-30T12:38:50","modified_gmt":"2025-04-30T11:38:50","slug":"aula-matinal","status":"publish","type":"page","link":"https:\/\/blogsaverroes.juntadeandalucia.es\/ceiphurtadodemendoza\/aula-matinal\/","title":{"rendered":"Aula Matinal"},"content":{"rendered":"<p>[et_pb_section fb_built=&#8221;1&#8243; _builder_version=&#8221;4.24.2&#8243; _module_preset=&#8221;default&#8221; global_colors_info=&#8221;{}&#8221;][et_pb_row _builder_version=&#8221;4.24.2&#8243; _module_preset=&#8221;default&#8221; global_colors_info=&#8221;{}&#8221;][et_pb_column type=&#8221;4_4&#8243; _builder_version=&#8221;4.24.2&#8243; _module_preset=&#8221;default&#8221; global_colors_info=&#8221;{}&#8221;][et_pb_image src=&#8221;https:\/\/blogsaverroes.juntadeandalucia.es\/ceiphurtadodemendoza\/files\/2025\/04\/13.png&#8221; title_text=&#8221;13&#8243; align=&#8221;center&#8221; _builder_version=&#8221;4.24.2&#8243; _module_preset=&#8221;default&#8221; width=&#8221;100%&#8221; global_colors_info=&#8221;{}&#8221;][\/et_pb_image][et_pb_text _builder_version=&#8221;4.24.2&#8243; _module_preset=&#8221;default&#8221; hover_enabled=&#8221;0&#8243; global_colors_info=&#8221;{}&#8221; sticky_enabled=&#8221;0&#8243;]<\/p>\n<p><span style=\"color: #000000\">Es una actividad promovida por la Junta de Andaluc\u00eda para dar respuesta a la creciente demanda originada por las exigencias laborales de los padres y madres andaluzas, quienes se ven en la necesidad de delegar el cuidado de sus hijos e hijas durante el horario de 7:30 a 9:00 h., momento en el que da comienzo la actividad escolar. Durante este per\u00edodo de tiempo, los ni\u00f1os y ni\u00f1as realizan diversas actividades de car\u00e1cter l\u00fadico y educativo adecuadas a su edad y desarrollo madurativo. Entre otras muchas, se realizan actividades pl\u00e1sticas, dibujo, lectura, psicomotricidad, juegos populares, etc.<\/span><\/p>\n<p><span style=\"color: #000000\">La atenci\u00f3n al alumnado de aula matinal se realiza por personal cualificado, entre cuyas funciones est\u00e1n las medidas de vigilancia y atenci\u00f3n educativa que precisen los menores en funci\u00f3n de su edad y necesidades.<\/span><\/p>\n<p><span style=\"color: #000000\">Las Actividades que se llevan a cabo dentro del Programa de Aula Matinal persigue la consecuci\u00f3n de los siguientes objetivos:<\/span><\/p>\n<ul>\n<li><span style=\"color: #000000\">Desarrollar las habilidades sociales del alumnado en un ambiente educativo propicio, motivador y generador de actitudes y valores positivo<\/span><\/li>\n<li><span style=\"color: #000000\">Potenciar la autoestima del alumnado.<\/span><\/li>\n<li><span style=\"color: #000000\">Ayudar la ingesta de alimentos que traigan de casa a aquellos alumnos\/as que lo requieran.<\/span><\/li>\n<li><span style=\"color: #000000\">Ense\u00f1ar normas de comportamiento y convivencia en la mesa.<\/span><\/li>\n<li><span style=\"color: #000000\">Desarrollar estrategias que permitan la resoluci\u00f3n de conflictos mediando el di\u00e1logo.<\/span><\/li>\n<li><span style=\"color: #000000\">Fomentar valores de colaboraci\u00f3n, respeto, tolerancia y cooperaci\u00f3n.<\/span><\/li>\n<li><span style=\"color: #000000\">Adquirir h\u00e1bitos saludables de higiene y alimentaci\u00f3n.<\/span><span style=\"color: #000000\"><\/span><\/li>\n<\/ul>\n<p><span style=\"color: #000000\"><\/span><\/p>\n<p><span style=\"color: #000000\">El horario de Aula Matinal es de lunes a viernes de 7:30 a 9:00 horas.<\/span><\/p>\n<p>[\/et_pb_text][et_pb_button button_url=&#8221;https:\/\/blogsaverroes.juntadeandalucia.es\/ceiphurtadodemendoza\/files\/2025\/04\/NORMAS-FUNCIONAMIENTO-AULA-MATINAL.docx.pdf&#8221; url_new_window=&#8221;on&#8221; button_text=&#8221;Normas del Aula Matinal&#8221; _builder_version=&#8221;4.24.2&#8243; _module_preset=&#8221;default&#8221; custom_button=&#8221;on&#8221; button_text_size=&#8221;30px&#8221; button_text_color=&#8221;#000000&#8243; button_bg_color=&#8221;#FFFFFF&#8221; button_border_radius=&#8221;15px&#8221; hover_enabled=&#8221;0&#8243; global_colors_info=&#8221;{}&#8221; sticky_enabled=&#8221;0&#8243;][\/et_pb_button][\/et_pb_column][\/et_pb_row][\/et_pb_section]<\/p>\n","protected":false},"excerpt":{"rendered":"<p>Es una actividad promovida por la Junta de Andaluc\u00eda para dar respuesta a la creciente demanda originada por las exigencias laborales de los padres y madres andaluzas, quienes se ven en la necesidad de delegar el cuidado de sus hijos e hijas durante el horario de 7:30 a 9:00 h., momento en el que da [&hellip;]<\/p>\n","protected":false},"author":13997,"featured_media":0,"parent":0,"menu_order":0,"comment_status":"closed","ping_status":"closed","template":"","meta":{"_et_pb_use_builder":"on","_et_pb_old_content":"","_et_gb_content_width":"","ngg_post_thumbnail":0,"footnotes":""},"aioseo_notices":[],"_links":{"self":[{"href":"https:\/\/blogsaverroes.juntadeandalucia.es\/ceiphurtadodemendoza\/wp-json\/wp\/v2\/pages\/950"}],"collection":[{"href":"https:\/\/blogsaverroes.juntadeandalucia.es\/ceiphurtadodemendoza\/wp-json\/wp\/v2\/pages"}],"about":[{"href":"https:\/\/blogsaverroes.juntadeandalucia.es\/ceiphurtadodemendoza\/wp-json\/wp\/v2\/types\/page"}],"author":[{"embeddable":true,"href":"https:\/\/blogsaverroes.juntadeandalucia.es\/ceiphurtadodemendoza\/wp-json\/wp\/v2\/users\/13997"}],"replies":[{"embeddable":true,"href":"https:\/\/blogsaverroes.juntadeandalucia.es\/ceiphurtadodemendoza\/wp-json\/wp\/v2\/comments?post=950"}],"version-history":[{"count":6,"href":"https:\/\/blogsaverroes.juntadeandalucia.es\/ceiphurtadodemendoza\/wp-json\/wp\/v2\/pages\/950\/revisions"}],"predecessor-version":[{"id":963,"href":"https:\/\/blogsaverroes.juntadeandalucia.es\/ceiphurtadodemendoza\/wp-json\/wp\/v2\/pages\/950\/revisions\/963"}],"wp:attachment":[{"href":"https:\/\/blogsaverroes.juntadeandalucia.es\/ceiphurtadodemendoza\/wp-json\/wp\/v2\/media?parent=950"}],"curies":[{"name":"wp","href":"https:\/\/api.w.org\/{rel}","templated":true}]}}

<p>[et_pb_section fb_built=&#8221;1&#8243; _builder_version=&#8221;4.24.2&#8243; _module_preset=&#8221;default&#8221; global_colors_info=&#8221;{}&#8221;][et_pb_row _builder_version=&#8221;4.24.2&#8243; _module_preset=&#8221;default&#8221; global_colors_info=&#8221;{}&#8221;][et_pb_column type=&#8221;4_4&#8243; _builder_version=&#8221;4.24.2&#8243; _module_preset=&#8221;default&#8221; global_colors_info=&#8221;{}&#8221;][et_pb_image src=&#8221;https://blogsaverroes.juntadeandalucia.es/ceiphurtadodemendoza/files/2025/04/13.png&#8221; title_text=&#8221;13&#8243; align=&#8221;center&#8221; _builder_version=&#8221;4.24.2&#8243; _module_preset=&#8221;default&#8221; width=&#8221;100%&#8221; global_colors_info=&#8221;{}&#8221;][/et_pb_image][et_pb_text _builder_version=&#8221;4.24.2&#8243; _module_preset=&#8221;default&#8221; hover_enabled=&#8221;0&#8243; global_colors_info=&#8221;{}&#8221; sticky_enabled=&#8221;0&#8243;]</p>
<p><span style="color: #000000">Es una actividad promovida por la Junta de Andalucía para dar respuesta a la creciente demanda originada por las exigencias laborales de los padres y madres andaluzas, quienes se ven en la necesidad de delegar el cuidado de sus hijos e hijas durante el horario de 7:30 a 9:00 h., momento en el que da comienzo la actividad escolar. Durante este período de tiempo, los niños y niñas realizan diversas actividades de carácter lúdico y educativo adecuadas a su edad y desarrollo madurativo. Entre otras muchas, se realizan actividades plásticas, dibujo, lectura, psicomotricidad, juegos populares, etc.</span></p>
<p><span style="color: #000000">La atención al alumnado de aula matinal se realiza por personal cualificado, entre cuyas funciones están las medidas de vigilancia y atención educativa que precisen los menores en función de su edad y necesidades.</span></p>
<p><span style="color: #000000">Las Actividades que se llevan a cabo dentro del Programa de Aula Matinal persigue la consecución de los siguientes objetivos:</span></p>
<ul>
<li><span style="color: #000000">Desarrollar las habilidades sociales del alumnado en un ambiente educativo propicio, motivador y generador de actitudes y valores positivo</span></li>
<li><span style="color: #000000">Potenciar la autoestima del alumnado.</span></li>
<li><span style="color: #000000">Ayudar la ingesta de alimentos que traigan de casa a aquellos alumnos/as que lo requieran.</span></li>
<li><span style="color: #000000">Enseñar normas de comportamiento y convivencia en la mesa.</span></li>
<li><span style="color: #000000">Desarrollar estrategias que permitan la resolución de conflictos mediando el diálogo.</span></li>
<li><span style="color: #000000">Fomentar valores de colaboración, respeto, tolerancia y cooperación.</span></li>
<li><span style="color: #000000">Adquirir hábitos saludables de higiene y alimentación.</span><span style="color: #000000"></span></li>
</ul>
<p><span style="color: #000000"></span></p>
<p><span style="color: #000000">El horario de Aula Matinal es de lunes a viernes de 7:30 a 9:00 horas.</span></p>
<p>[/et_pb_text][et_pb_button button_url=&#8221;https://blogsaverroes.juntadeandalucia.es/ceiphurtadodemendoza/files/2025/04/NORMAS-FUNCIONAMIENTO-AULA-MATINAL.docx.pdf&#8221; url_new_window=&#8221;on&#8221; button_text=&#8221;Normas del Aula Matinal&#8221; _builder_version=&#8221;4.24.2&#8243; _module_preset=&#8221;default&#8221; custom_button=&#8221;on&#8221; button_text_size=&#8221;30px&#8221; button_text_color=&#8221;#000000&#8243; button_bg_color=&#8221;#FFFFFF&#8221; button_border_radius=&#8221;15px&#8221; hover_enabled=&#8221;0&#8243; global_colors_info=&#8221;{}&#8221; sticky_enabled=&#8221;0&#8243;][/et_pb_button][/et_pb_column][/et_pb_row][/et_pb_section]</p>

<p>Es una actividad promovida por la Junta de Andalucía para dar respuesta a la creciente demanda originada por las exigencias laborales de los padres y madres andaluzas, quienes se ven en la necesidad de delegar el cuidado de sus hijos e hijas durante el horario de 7:30 a 9:00 h., momento en el que da [&hellip;]</p>
