{"id":1614,"date":"2022-05-16T09:50:45","date_gmt":"2022-05-16T07:50:45","guid":{"rendered":"https:\/\/blogsaverroes.juntadeandalucia.es\/ceipignaciohalcon\/?page_id=1614"},"modified":"2024-08-31T19:11:36","modified_gmt":"2024-08-31T17:11:36","slug":"proa","status":"publish","type":"page","link":"https:\/\/blogsaverroes.juntadeandalucia.es\/ceipignaciohalcon\/proa\/","title":{"rendered":"PROA+"},"content":{"rendered":"<p><a href=\"https:\/\/blogsaverroes.juntadeandalucia.es\/ceipignaciohalcon\/files\/2024\/08\/Imagen-1.png\"><img loading=\"lazy\" decoding=\"async\" class=\"alignnone size-full wp-image-2097\" src=\"https:\/\/blogsaverroes.juntadeandalucia.es\/ceipignaciohalcon\/files\/2024\/08\/Imagen-1.png\" alt=\"\" width=\"258\" height=\"89\"><\/a> <a href=\"https:\/\/blogsaverroes.juntadeandalucia.es\/ceipignaciohalcon\/files\/2024\/08\/Imagen-2.png\"><img loading=\"lazy\" decoding=\"async\" class=\"alignnone size-full wp-image-2098\" src=\"https:\/\/blogsaverroes.juntadeandalucia.es\/ceipignaciohalcon\/files\/2024\/08\/Imagen-2.png\" alt=\"\" width=\"575\" height=\"68\" srcset=\"https:\/\/blogsaverroes.juntadeandalucia.es\/ceipignaciohalcon\/files\/2024\/08\/Imagen-2.png 575w, https:\/\/blogsaverroes.juntadeandalucia.es\/ceipignaciohalcon\/files\/2024\/08\/Imagen-2-300x35.png 300w\" sizes=\"(max-width: 575px) 100vw, 575px\" \/><\/a><\/p>\n<p>Es<a href=\"https:\/\/blogsaverroes.juntadeandalucia.es\/ceipignaciohalcon\/files\/2024\/08\/Imagen-3.png\"><img loading=\"lazy\" decoding=\"async\" class=\"size-full wp-image-2099 alignleft\" src=\"https:\/\/blogsaverroes.juntadeandalucia.es\/ceipignaciohalcon\/files\/2024\/08\/Imagen-3.png\" alt=\"\" width=\"252\" height=\"62\"><\/a>timadas familias:<br \/>\nNuestro centro tiene concedido el Programa de Orientaci\u00f3n, Avance y Enriquecimiento Educativo PROA+ \u201cTransf\u00f3rmate\u201d desde el curso 2020\/2021. En la resoluci\u00f3n del Consejo de la Uni\u00f3n Europea 2021\/C\/66\/01 sobre el Marco Estrat\u00e9gico para la cooperaci\u00f3n europea en educaci\u00f3n y formaci\u00f3n hacia el \u00c1rea Europea de Educaci\u00f3n y m\u00e1s all\u00e1 (2021 \u2013 2030), se establece como prioridad estrat\u00e9gica para la pr\u00f3xima d\u00e9cada mejorar la calidad, la equidad, la inclusi\u00f3n y el \u00e9xito para todos en la educaci\u00f3n y formaci\u00f3n. El Programa para la orientaci\u00f3n, avance y enriquecimiento educativo \u00abPROA+ \u201cTransf\u00f3rmate\u201d que se plantea con car\u00e1cter plurianual, 2021-2024, se presenta como mecanismo de ayuda financiera, fortalecimiento institucional y formativo a los centros, para apoyar y reforzar sus actuaciones durante el per\u00edodo 2021-2024. Dicho Programa, aprobado por Acuerdo de Consejo de Ministros de 13 de julio de 2021, tiene como objetivo mejorar los \u00edndices de \u00e9xito escolar y garantizar la permanencia del alumnado en aquellos centros p\u00fablicos de Educaci\u00f3n Primaria y Educaci\u00f3n Secundaria en los que se concentre un porcentaje elevado de j\u00f3venes en clara situaci\u00f3n de vulnerabilidad socioeducativa.<br \/>\n&nbsp;<br \/>\nPrincipios pedag\u00f3gicos y l\u00edneas estrat\u00e9gicas.<\/p>\n<p>1. Se consideran, como n\u00facleo fundamental del Programa, los siguientes principios pedag\u00f3gicos:<br \/>\n\uf0a7 La equidad, que garantiza la igualdad de oportunidades dentro de la educaci\u00f3n.<br \/>\n\uf0a7 Las expectativas positivas sobre las posibilidades de \u00e9xito de todo el alumnado.<br \/>\n\uf0a7 El acompa\u00f1amiento, la prevenci\u00f3n y la detecci\u00f3n temprana de las dificultades de<br \/>\naprendizaje, y la puesta en marcha de mecanismos de prevenci\u00f3n.<br \/>\n\uf0a7 La especial atenci\u00f3n al desarrollo del \u00e1mbito socio-afectivo del alumnado.<br \/>\n\uf0a7 El uso del conocimiento acumulado para la mejora continua del proceso de ense\u00f1anza-<br \/>\naprendizaje.<\/p>\n<p>2. Estos principios pedag\u00f3gicos gu\u00edan las cinco l\u00edneas estrat\u00e9gicas que sustentan el Programa:<br \/>\n\uf0a7 Asegurar las condiciones m\u00ednimas de educabilidad del alumnado.<br \/>\n\uf0a7 Apoyar al alumnado con dificultades de Aprendizaje.<br \/>\n\uf0a7 Desarrollar actitudes positivas en el centro.<\/p>\n<p>\uf0a7 Mejorar el proceso de ense\u00f1anza y aprendizaje en aquellos aspectos relacionados con las<br \/>\ncompetencias clave.<br \/>\n\uf0a7 Aplicar nuevas formas de organizaci\u00f3n y gesti\u00f3n del centro docente orientada a mejorar el<br \/>\n\u00e9xito educativo de todo el alumnado.<\/p>\n<p>El proceso de elaboraci\u00f3n e integraci\u00f3n de nuestro Plan Estrat\u00e9gico de Mejora (PEM) pretende dar espacio a la participaci\u00f3n de todos los sectores de la comunidad educativa. Es por ello, que hecha la valoraci\u00f3n por parte del equipo impulsor, se debati\u00f3 en los equipos de ciclos cu\u00e1les eran las m\u00e1s convenientes para el contexto de nuestro centro entre las preseleccionadas que hab\u00edan obtenido mayor puntuaci\u00f3n. Fue un debate rico en matices y en aportaciones que culmin\u00f3 en un consenso pues fueron escuchadas todas las opiniones y se tuvieron en cuenta las preferencias con la mirada en los objetivos de centro y del plan estrat\u00e9gico de mejora.<\/p>\n<p>En el presente curso, al igual en que en los anteriores, se ha puesto en funcionamiento, nuestro PEM, siendo las Actividades Palancas (AP) seleccionadas las siguientes:<\/p>\n<p>L\u00cdNEA ESTRAT\u00c9GICA E1. ACTIVIDADES PARA SEGUIR Y \u201cASEGURAR\u201d CONDICIONES DE EDUCABILIDAD<br \/>\n&#8211; AP (101): Evaluaci\u00f3n de Barreras.<\/p>\n<p>L\u00cdNEA ESTRAT\u00c9GICA E2. ACTIVIDADES PARA APOYAR AL ALUMNADO CON DIFICULTADES PARA EL APRENDIZAJE<br \/>\n&#8211; AP (230) Actividades de refuerzo para la mejora y \u00e9xito educativo para alumnado y<br \/>\nfamilias (EPRIM y ESO).<br \/>\n&#8211; AP (260): Docencia compartida.<\/p>\n<p>L\u00cdNEA ESTRAT\u00c9GICA E5. ACCIONES Y COMPROMISOS DE GESTI\u00d3N DE CENTRO Y PARA MEJORAR LA ESTABILIDAD Y CALIDAD DE SUS PROFESIONALES<br \/>\n&#8211; AP (550) Plan de acogida del profesorado (Profesorado de todas las etapas).<br \/>\n&#8211; AP (551) Plan de Formaci\u00f3n del profesorado (profesorado de todas las etapas)<\/p>\n<p>Como dijo el poeta, \u201ctodo pasa y todo queda,\u2026\u201d y lo que queda tras estos a\u00f1os para nuestro centro, como consecuencia una gran experiencia cargada de conocimientos y saberes enriquecidos con la puesta en marcha de los talleres desarrollados y los materiales recibidos, es la mejora sustancial en el \u00e9xito educativo de nuestros ni\u00f1os y ni\u00f1as.<\/p>\n<p>Enhorabuena por el buen trabajo llevado a cabo en el centro y por la colaboraci\u00f3n e implicaci\u00f3n de Toda la comunidad Educativa que han hecho posible nuestro crecimiento profesional.<\/p>\n<p><a href=\"https:\/\/blogsaverroes.juntadeandalucia.es\/ceipignaciohalcon\/files\/2024\/08\/Infografia_PROA-Transformate_21-24.jpg\"><img loading=\"lazy\" decoding=\"async\" class=\"alignnone size-full wp-image-2092\" src=\"https:\/\/blogsaverroes.juntadeandalucia.es\/ceipignaciohalcon\/files\/2024\/08\/Infografia_PROA-Transformate_21-24.jpg\" alt=\"\" width=\"600\" height=\"1499\" srcset=\"https:\/\/blogsaverroes.juntadeandalucia.es\/ceipignaciohalcon\/files\/2024\/08\/Infografia_PROA-Transformate_21-24.jpg 600w, https:\/\/blogsaverroes.juntadeandalucia.es\/ceipignaciohalcon\/files\/2024\/08\/Infografia_PROA-Transformate_21-24-120x300.jpg 120w, https:\/\/blogsaverroes.juntadeandalucia.es\/ceipignaciohalcon\/files\/2024\/08\/Infografia_PROA-Transformate_21-24-410x1024.jpg 410w\" sizes=\"(max-width: 600px) 100vw, 600px\" \/><\/a><\/p>\n<p>TALLER DE ROB\u00d3TICA Y PENSAMIENTO COMPUTACIONAL<br \/>\nUna de las actuaciones que se ha desarrollado en el centro dentro del Programa PROA+ \u201cTransf\u00f3rmate\u201d ha sido el TALLER DE ROB\u00d3TICA Y PENSAMIENTO COMPUTACIONAL. Su impartici\u00f3n ha sido cada quince d\u00edas, dirigido por Andr\u00e9s, todos los ni\u00f1os y ni\u00f1as de nuestro colegio han disfrutado de una enorme oportunidad de aprendizaje para descubrir el valor y la necesidad de aprender las STEAM, rob\u00f3tica y programaci\u00f3n de forma pr\u00e1ctica.<br \/>\n<a href=\"https:\/\/blogsaverroes.juntadeandalucia.es\/ceipignaciohalcon\/files\/2024\/08\/IMG_7785-2-scaled.jpg\"><img loading=\"lazy\" decoding=\"async\" class=\"alignnone size-full wp-image-2096\" src=\"https:\/\/blogsaverroes.juntadeandalucia.es\/ceipignaciohalcon\/files\/2024\/08\/IMG_7785-2-scaled.jpg\" alt=\"\" width=\"2560\" height=\"1920\" srcset=\"https:\/\/blogsaverroes.juntadeandalucia.es\/ceipignaciohalcon\/files\/2024\/08\/IMG_7785-2-scaled.jpg 2560w, https:\/\/blogsaverroes.juntadeandalucia.es\/ceipignaciohalcon\/files\/2024\/08\/IMG_7785-2-300x225.jpg 300w, https:\/\/blogsaverroes.juntadeandalucia.es\/ceipignaciohalcon\/files\/2024\/08\/IMG_7785-2-1024x768.jpg 1024w, https:\/\/blogsaverroes.juntadeandalucia.es\/ceipignaciohalcon\/files\/2024\/08\/IMG_7785-2-768x576.jpg 768w, https:\/\/blogsaverroes.juntadeandalucia.es\/ceipignaciohalcon\/files\/2024\/08\/IMG_7785-2-1536x1152.jpg 1536w, https:\/\/blogsaverroes.juntadeandalucia.es\/ceipignaciohalcon\/files\/2024\/08\/IMG_7785-2-2048x1536.jpg 2048w\" sizes=\"(max-width: 2560px) 100vw, 2560px\" \/><\/a><br \/>\nTALLER L\u00d3GICO-MATEM\u00c1TICO<br \/>\nImpartido por Patricia<\/p>\n<p>TALLER ESTIMULACI\u00d3N DEL LENGUAJE<br \/>\nImpartido por Esperanza.<\/p>\n<p>TALLER PATIOS INCLUSIVOS<br \/>\nImpartido por monitores cualificados en actividades deportivas.<\/p>\n<p>PLAN DE FORMACI\u00d3N EN CENTRO<br \/>\nLa Formaci\u00f3n en Centro del profesorado ha comprendido dos a\u00f1os, desde 2022 hasta el 2024, cuya situaci\u00f3n de partida nace tras realizar un an\u00e1lisis de la informaci\u00f3n extra\u00edda, de los Indicadores Homologados, y de la propia Memoria de Autoevaluaci\u00f3n, evaluaci\u00f3n llevadas a cabo en el centro, estableciendo de este modo los objetivos en nuestro Proyecto, que se ha centrado en<br \/>\naspectos pedag\u00f3gicos que logren la mejora de los procesos de ense\u00f1anza-aprendizaje en competencia ling\u00fc\u00edstica, tanto en comprensi\u00f3n lectora como expresi\u00f3n escrita.<\/p>\n<p>En todo momento se tratar\u00eda de capacitar al profesorado para la selecci\u00f3n y el trabajo con textos espec\u00edficos vinculados y adaptados al nivel competencial de su alumnado y orientarlo en el acercamiento aut\u00f3nomo y comprensivo de los mismos.<br \/>\nAsimismo, dotar al profesorado de herramientas que le permitan evaluar de forma eficaz el nivel de comprensi\u00f3n de su alumnado dentro del marco de la competencia ling\u00fc\u00edstica que le es propio. Dicha formaci\u00f3n ha ido a cargo de D. Aurelio Real Vega, maestro jubilado de gran vocaci\u00f3n y con una larga experiencia en el asesoramiento de Formaciones en Centro. Su trayectoria profesional y su implicaci\u00f3n y colaboraci\u00f3n en grandes proyectos referidos a la Competencia Ling\u00fc\u00edstica en anteriores leyes educativas y en el desarrollo de elaboraci\u00f3n de materiales curriculares lo avalan. Todas las sesiones han ido a cargo de \u00e9l.<\/p>\n<p>PLAN DE ACOGIDA AL PROFESORADO<br \/>\nEl Plan de Acogida es el conjunto de actuaciones que el centro implementa para facilitar la adaptaci\u00f3n del profesorado de nueva incorporaci\u00f3n. Va dirigido a todos los maestros y maestras del centro, cuya finalidad la podemos enmarcar en tres grandes \u00e1mbitos:<br \/>\n&#8211; Ayuda a la persona reci\u00e9n llegada.<br \/>\n&#8211; Garantizar el funcionamiento organizativo.<br \/>\n&#8211; Introducir la l\u00ednea de la escuela: PROA + \u201cTransf\u00f3rmate\u201d<br \/>\nEllo, nos va a llevar a fomentar la vida del centro y su cultura, as\u00ed como poner en conocimiento de todo el profesorado aquellos aspectos y cuestiones m\u00e1s generales acerca de la organizaci\u00f3n y funcionamiento de nuestro colegio. En definitiva se tratar\u00eda de explicar que todo puede ser revisado y mejorado seg\u00fan las necesidades y circunstancias que se puedan plantear. Por ello, siempre esperamos las sugerencias a lo largo del curso de todos los miembros del centro.<\/p>\n<p>&nbsp;<\/p>\n<p>Dejamos por aqu\u00ed tambi\u00e9n informaci\u00f3n de las actuaciones de cursos pasados.<\/p>\n<p><span style=\"font-size: 18pt\"><strong>TALLER PROA + TRANSFORMATE PRIMER TRIMESTRE 2022\/23<\/strong><\/span><\/p>\n<p><a href=\"https:\/\/blogsaverroes.juntadeandalucia.es\/ceipignaciohalcon\/files\/2022\/11\/PROA-Transfo\u0301rmate_22-23_page-0001-scaled.jpg\"><img loading=\"lazy\" decoding=\"async\" class=\"alignnone size-full wp-image-1893\" src=\"https:\/\/blogsaverroes.juntadeandalucia.es\/ceipignaciohalcon\/files\/2022\/11\/PROA-Transfo\u0301rmate_22-23_page-0001-scaled.jpg\" alt=\"\" width=\"1024\" height=\"2560\" srcset=\"https:\/\/blogsaverroes.juntadeandalucia.es\/ceipignaciohalcon\/files\/2022\/11\/PROA-Transfo\u0301rmate_22-23_page-0001-scaled.jpg 1024w, https:\/\/blogsaverroes.juntadeandalucia.es\/ceipignaciohalcon\/files\/2022\/11\/PROA-Transfo\u0301rmate_22-23_page-0001-120x300.jpg 120w, https:\/\/blogsaverroes.juntadeandalucia.es\/ceipignaciohalcon\/files\/2022\/11\/PROA-Transfo\u0301rmate_22-23_page-0001-410x1024.jpg 410w, https:\/\/blogsaverroes.juntadeandalucia.es\/ceipignaciohalcon\/files\/2022\/11\/PROA-Transfo\u0301rmate_22-23_page-0001-768x1920.jpg 768w, https:\/\/blogsaverroes.juntadeandalucia.es\/ceipignaciohalcon\/files\/2022\/11\/PROA-Transfo\u0301rmate_22-23_page-0001-614x1536.jpg 614w, https:\/\/blogsaverroes.juntadeandalucia.es\/ceipignaciohalcon\/files\/2022\/11\/PROA-Transfo\u0301rmate_22-23_page-0001-819x2048.jpg 819w\" sizes=\"(max-width: 1024px) 100vw, 1024px\" \/><\/a><\/p>\n<p>&nbsp;<\/p>\n<p>&nbsp;<\/p>\n<p><strong>PROA+ TRANSFORMATE 2021\/2022<\/strong><\/p>\n<p>Estimada comunidad educativa:<\/p>\n<ul>\n<li>Nuestro centro se encuentra inmerso en el <strong><em>PROGRAMA PARA LA ORIENTACI\u00d3N, AVANCE Y ENRIQUECIMIENTO EDUCATIVO<\/em><\/strong> <strong><em>PROA+ \u201cTRANSF\u00d3RMATE\u201d<\/em><\/strong><strong><em>. <\/em><\/strong>Es un programa de car\u00e1cter plurianual, 2021\/2024 que pretende impulsar en los centros educativos los cambios necesarios en la cultura organizativa para poder as\u00ed garantizar el \u00e9xito escolar de todo el alumnado, presentando especial atenci\u00f3n al alumnado que se encuentra en situaci\u00f3n de vulnerabilidad.<\/li>\n<li>Se desarrolla a trav\u00e9s de mecanismos de <strong>cooperaci\u00f3n entre el <em>Ministerio de Educaci\u00f3n y Formaci\u00f3n Profesional<\/em> y las <em>Comunidades Aut\u00f3nomas<\/em><\/strong>. <strong><em>Financiado con Fondos Europeos.<\/em><\/strong><\/li>\n<li>Este programa <strong>incide en la eliminaci\u00f3n de barreras<\/strong> que impiden el \u00e9xito escolar mediante la creaci\u00f3n de alianzas entre el centro y el entorno y la Administraci\u00f3n.<\/li>\n<li>La participaci\u00f3n en el programa implica la realizaci\u00f3n de un <strong>Plan Estrat\u00e9gico de Mejora<\/strong>, para ello los centros deber\u00e1n implementar una serie de actividades palanca que concluir\u00e1n a la consecuci\u00f3n de los objetivos.<\/li>\n<li>El <strong>CEIP Ignacio Halc\u00f3n ha firmado un contrato-programa<\/strong> para el curso 2021\/2024.<\/li>\n<li>Durante el curso <strong>2021\/2022 un 20%<\/strong> de los centros ser\u00e1n considerados centros referentes que deber\u00e1n dise\u00f1ar el plan estrat\u00e9gico de mejora durante este curso. Se incrementar\u00e1 en un <strong>70% en el curso 22\/23<\/strong> y en el <strong>curso 23\/24 lo har\u00e1n el 10% restante<\/strong> de los centros.<\/li>\n<li>Durante el curso 2021\/2022 los centros participantes recibir\u00e1n una formaci\u00f3n y realizar\u00e1n entre una y tres actividades palanca. Ejerciendo la coordinaci\u00f3n la Directora del centro y el Equipo impulsor los miembros del Equipo Directivo junto con coordinadores de ciclos del centro.<\/li>\n<li>El programa se presenta como mecanismo de ayuda financiera, fortalecimiento institucional y formativo al centro para apoyar y reforzar sus actuaciones durante el periodo 2021\/2024.<\/li>\n<li>El programa conlleva una dotaci\u00f3n de recursos personales de PT\/AL y\/o recursos econ\u00f3micos para el desarrollo de las actividades palanca que se traducen en talleres dentro de las aulas. Este curso 21\/22 se han programado cinco talleres, siendo:<\/li>\n<li><strong>Taller de Estimulaci\u00f3n del Lenguaje.<\/strong><\/li>\n<li><strong>Taller Lectura y Escritura Creativa.<\/strong><\/li>\n<li><strong>Taller L\u00f3gico-matem\u00e1ticas.<\/strong><\/li>\n<li><strong>Patios Interactivos.<\/strong><\/li>\n<li><strong>Gesti\u00f3n de las Emociones.<\/strong><\/li>\n<\/ul>\n<p>Para el pr\u00f3ximo curso 22\/23 est\u00e1n programados dos talleres adicionales relacionados con el desarrollo de la <strong><em>competencia digital<\/em><\/strong>, concretamente:<\/p>\n<ul>\n<li><strong>Rob\u00f3tica.<\/strong><\/li>\n<li><strong>Radio Escolar y edici\u00f3n de videos. <\/strong><\/li>\n<\/ul>\n<p>Seguimos trabajando para avanzar y mejorar los resultados escolares de nuestro alumnado.<\/p>\n<p>Atentamente, reciban un cordial saludo.<\/p>\n<p>La Direcci\u00f3n y coordinadora del Programa PROA+ Transf\u00f3rmate.<\/p>\n<p>Seguimos trabajando para avanzar y mejorar los resultados escolares de nuestro alumnado.<\/p>\n<p>Pod\u00e9is obtener m\u00e1s informaci\u00f3n aqu\u00ed:<\/p>\n<p><a href=\"https:\/\/blogsaverroes.juntadeandalucia.es\/ceipignaciohalcon\/files\/2022\/05\/PROA-Transfo\u0301rmate_21-22.jpg\"><img loading=\"lazy\" decoding=\"async\" class=\"alignnone size-full wp-image-1611\" src=\"https:\/\/blogsaverroes.juntadeandalucia.es\/ceipignaciohalcon\/files\/2022\/05\/PROA-Transfo\u0301rmate_21-22.jpg\" alt=\"\" width=\"600\" height=\"1499\" srcset=\"https:\/\/blogsaverroes.juntadeandalucia.es\/ceipignaciohalcon\/files\/2022\/05\/PROA-Transfo\u0301rmate_21-22.jpg 600w, https:\/\/blogsaverroes.juntadeandalucia.es\/ceipignaciohalcon\/files\/2022\/05\/PROA-Transfo\u0301rmate_21-22-120x300.jpg 120w, https:\/\/blogsaverroes.juntadeandalucia.es\/ceipignaciohalcon\/files\/2022\/05\/PROA-Transfo\u0301rmate_21-22-410x1024.jpg 410w\" sizes=\"(max-width: 600px) 100vw, 600px\" \/><\/a><\/p>\n<p><a href=\"https:\/\/blogsaverroes.juntadeandalucia.es\/ceipignaciohalcon\/files\/2022\/05\/Semana-1\u00ba-16-20-mayo_HORARIO_PLANIFICACI\u00d3N-SEMANAL-TALLERES_21-22.pdf\">Semana 1\u00ba (16-20 mayo)_HORARIO_PLANIFICACI\u00d3N SEMANAL TALLERES_21-22<\/a><\/p>\n<p>&nbsp;<\/p>\n","protected":false},"excerpt":{"rendered":"<p>Estimadas familias: Nuestro centro tiene concedido el Programa de Orientaci\u00f3n, Avance y Enriquecimiento Educativo PROA+ \u201cTransf\u00f3rmate\u201d desde el curso 2020\/2021. En la resoluci\u00f3n del Consejo de la Uni\u00f3n Europea 2021\/C\/66\/01 sobre el Marco Estrat\u00e9gico&#46;&#46;&#46;<\/p>\n","protected":false},"author":7798,"featured_media":0,"parent":0,"menu_order":0,"comment_status":"closed","ping_status":"closed","template":"","meta":{"ngg_post_thumbnail":0,"footnotes":""},"aioseo_notices":[],"_links":{"self":[{"href":"https:\/\/blogsaverroes.juntadeandalucia.es\/ceipignaciohalcon\/wp-json\/wp\/v2\/pages\/1614"}],"collection":[{"href":"https:\/\/blogsaverroes.juntadeandalucia.es\/ceipignaciohalcon\/wp-json\/wp\/v2\/pages"}],"about":[{"href":"https:\/\/blogsaverroes.juntadeandalucia.es\/ceipignaciohalcon\/wp-json\/wp\/v2\/types\/page"}],"author":[{"embeddable":true,"href":"https:\/\/blogsaverroes.juntadeandalucia.es\/ceipignaciohalcon\/wp-json\/wp\/v2\/users\/7798"}],"replies":[{"embeddable":true,"href":"https:\/\/blogsaverroes.juntadeandalucia.es\/ceipignaciohalcon\/wp-json\/wp\/v2\/comments?post=1614"}],"version-history":[{"count":7,"href":"https:\/\/blogsaverroes.juntadeandalucia.es\/ceipignaciohalcon\/wp-json\/wp\/v2\/pages\/1614\/revisions"}],"predecessor-version":[{"id":2100,"href":"https:\/\/blogsaverroes.juntadeandalucia.es\/ceipignaciohalcon\/wp-json\/wp\/v2\/pages\/1614\/revisions\/2100"}],"wp:attachment":[{"href":"https:\/\/blogsaverroes.juntadeandalucia.es\/ceipignaciohalcon\/wp-json\/wp\/v2\/media?parent=1614"}],"curies":[{"name":"wp","href":"https:\/\/api.w.org\/{rel}","templated":true}]}}