{"id":550,"date":"2020-02-17T20:36:22","date_gmt":"2020-02-17T19:36:22","guid":{"rendered":"https:\/\/blogsaverroes.juntadeandalucia.es\/ceipignaciohalcon\/?page_id=550"},"modified":"2020-03-04T17:20:22","modified_gmt":"2020-03-04T16:20:22","slug":"dia-de-la-paz","status":"publish","type":"page","link":"https:\/\/blogsaverroes.juntadeandalucia.es\/ceipignaciohalcon\/actividades-de-centro\/dia-de-la-paz\/","title":{"rendered":"D\u00cdA DE LA PAZ"},"content":{"rendered":"<p>El pasado 30 de enero celebramos en nuestro centro el tradicional D\u00eda de la Paz. Aqu\u00ed os dejamos algunas im\u00e1genes con las actividades que realizamos.<\/p>\nngg_shortcode_0_placeholder\n","protected":false},"excerpt":{"rendered":"<p>El pasado 30 de enero celebramos en nuestro centro el tradicional D\u00eda de la Paz. Aqu\u00ed os dejamos algunas im\u00e1genes con las actividades que realizamos.<\/p>\n","protected":false},"author":7798,"featured_media":0,"parent":251,"menu_order":0,"comment_status":"closed","ping_status":"closed","template":"","meta":{"ngg_post_thumbnail":0,"footnotes":""},"aioseo_notices":[],"_links":{"self":[{"href":"https:\/\/blogsaverroes.juntadeandalucia.es\/ceipignaciohalcon\/wp-json\/wp\/v2\/pages\/550"}],"collection":[{"href":"https:\/\/blogsaverroes.juntadeandalucia.es\/ceipignaciohalcon\/wp-json\/wp\/v2\/pages"}],"about":[{"href":"https:\/\/blogsaverroes.juntadeandalucia.es\/ceipignaciohalcon\/wp-json\/wp\/v2\/types\/page"}],"author":[{"embeddable":true,"href":"https:\/\/blogsaverroes.juntadeandalucia.es\/ceipignaciohalcon\/wp-json\/wp\/v2\/users\/7798"}],"replies":[{"embeddable":true,"href":"https:\/\/blogsaverroes.juntadeandalucia.es\/ceipignaciohalcon\/wp-json\/wp\/v2\/comments?post=550"}],"version-history":[{"count":3,"href":"https:\/\/blogsaverroes.juntadeandalucia.es\/ceipignaciohalcon\/wp-json\/wp\/v2\/pages\/550\/revisions"}],"predecessor-version":[{"id":557,"href":"https:\/\/blogsaverroes.juntadeandalucia.es\/ceipignaciohalcon\/wp-json\/wp\/v2\/pages\/550\/revisions\/557"}],"up":[{"embeddable":true,"href":"https:\/\/blogsaverroes.juntadeandalucia.es\/ceipignaciohalcon\/wp-json\/wp\/v2\/pages\/251"}],"wp:attachment":[{"href":"https:\/\/blogsaverroes.juntadeandalucia.es\/ceipignaciohalcon\/wp-json\/wp\/v2\/media?parent=550"}],"curies":[{"name":"wp","href":"https:\/\/api.w.org\/{rel}","templated":true}]}}

DÍA DE LA PAZ

<p>El pasado 30 de enero celebramos en nuestro centro el tradicional Día de la Paz. Aquí os dejamos algunas imágenes con las actividades que realizamos.</p>
ngg_shortcode_0_placeholder

<p>El pasado 30 de enero celebramos en nuestro centro el tradicional Día de la Paz. Aquí os dejamos algunas imágenes con las actividades que realizamos.</p>
