{"id":8046,"date":"2026-02-09T13:36:50","date_gmt":"2026-02-09T12:36:50","guid":{"rendered":"https:\/\/blogsaverroes.juntadeandalucia.es\/ceipindalo\/?page_id=8046"},"modified":"2026-02-10T10:41:11","modified_gmt":"2026-02-10T09:41:11","slug":"claustro","status":"publish","type":"page","link":"https:\/\/blogsaverroes.juntadeandalucia.es\/ceipindalo\/claustro\/","title":{"rendered":"Claustro"},"content":{"rendered":"<p><strong>El Claustro de Profesorado es el \u00f3rgano propio de participaci\u00f3n del profesorado en el gobierno del centro, que tiene la responsabilidad de planificar, coordinar y, en su caso, decidir o informar sobre todos los aspectos educativos del mismo.<\/strong><\/p>\n<table style=\"border-collapse: collapse;width: 100%;height: 360px\">\n<tbody>\n<tr style=\"height: 24px\">\n<td style=\"width: 25.4875%;height: 24px\"><strong>3 A\u00d1OS<\/strong><\/td>\n<td style=\"width: 74.5125%;height: 24px\">Antonia Portero Latorre<\/td>\n<\/tr>\n<tr style=\"height: 24px\">\n<td style=\"width: 25.4875%;height: 24px\"><strong>4 A\u00d1OS<\/strong><\/td>\n<td style=\"width: 74.5125%;height: 24px\">Ana Punzano Moreno<\/td>\n<\/tr>\n<tr style=\"height: 24px\">\n<td style=\"width: 25.4875%;height: 24px\"><strong>5 A\u00d1OS<\/strong><\/td>\n<td style=\"width: 74.5125%;height: 24px\">Ana Mar\u00eda Torres Gonz\u00e1lez<\/td>\n<\/tr>\n<tr style=\"height: 24px\">\n<td style=\"width: 25.4875%;height: 24px\"><strong>1\u00ba<\/strong><\/td>\n<td style=\"width: 74.5125%;height: 24px\">Isabel Hernando Ib\u00e1\u00f1ez<\/td>\n<\/tr>\n<tr style=\"height: 24px\">\n<td style=\"width: 25.4875%;height: 24px\"><strong>2\u00ba<\/strong><\/td>\n<td style=\"width: 74.5125%;height: 24px\">Noelia Garc\u00eda Mart\u00ednez<\/td>\n<\/tr>\n<tr style=\"height: 24px\">\n<td style=\"width: 25.4875%;height: 24px\"><strong>3\u00baA<\/strong><\/td>\n<td style=\"width: 74.5125%;height: 24px\">Mar\u00eda del Carmen Piqueras Romero<\/td>\n<\/tr>\n<tr>\n<td style=\"width: 25.4875%\">&nbsp;<\/td>\n<td style=\"width: 74.5125%\">Sergio Mar\u00edn Cruz<\/td>\n<\/tr>\n<tr style=\"height: 24px\">\n<td style=\"width: 25.4875%;height: 24px\"><strong>3\u00baB<\/strong><\/td>\n<td style=\"width: 74.5125%;height: 24px\">Mar\u00eda del Carmen Soria Mart\u00ednez<\/td>\n<\/tr>\n<tr style=\"height: 24px\">\n<td style=\"width: 25.4875%;height: 24px\"><strong>4\u00baA<\/strong><\/td>\n<td style=\"width: 74.5125%;height: 24px\">Mar\u00eda del Mar Franco Mart\u00ednez<\/td>\n<\/tr>\n<tr>\n<td style=\"width: 25.4875%\">&nbsp;<\/td>\n<td style=\"width: 74.5125%\">Alfonso Bueno Vega<\/td>\n<\/tr>\n<tr style=\"height: 24px\">\n<td style=\"width: 25.4875%;height: 24px\"><strong>4\u00baB&nbsp;<\/strong><\/td>\n<td style=\"width: 74.5125%;height: 24px\">Mar\u00eda Pilar L\u00f3pez G\u00f3mez<\/td>\n<\/tr>\n<tr style=\"height: 24px\">\n<td style=\"width: 25.4875%;height: 24px\"><strong>5\u00baA<\/strong><\/td>\n<td style=\"width: 74.5125%;height: 24px\">Carmen L\u00f3pez Torrecillas<\/td>\n<\/tr>\n<tr>\n<td style=\"width: 25.4875%\">&nbsp;<\/td>\n<td style=\"width: 74.5125%\">Francisca S\u00e1nchez Garc\u00eda<\/td>\n<\/tr>\n<tr style=\"height: 24px\">\n<td style=\"width: 25.4875%;height: 24px\"><strong>5\u00baB<\/strong><\/td>\n<td style=\"width: 74.5125%;height: 24px\">Alfredo Garc\u00eda Mart\u00ednez<\/td>\n<\/tr>\n<tr style=\"height: 24px\">\n<td style=\"width: 25.4875%;height: 24px\"><strong>6\u00baA<\/strong><\/td>\n<td style=\"width: 74.5125%;height: 24px\">Carlos Gim\u00e9nez Soler<\/td>\n<\/tr>\n<tr style=\"height: 24px\">\n<td style=\"width: 25.4875%;height: 24px\"><strong>6\u00baB<\/strong><\/td>\n<td style=\"width: 74.5125%;height: 24px\">El\u00edas Fresneda Gonz\u00e1lez<\/td>\n<\/tr>\n<tr>\n<td style=\"width: 25.4875%\">&nbsp;<\/td>\n<td style=\"width: 74.5125%\">Mar\u00eda del Rosario Garz\u00f3n Molina<\/td>\n<\/tr>\n<tr style=\"height: 24px\">\n<td style=\"width: 25.4875%;height: 24px\"><strong>Aula TEA<\/strong><\/td>\n<td style=\"width: 74.5125%;height: 24px\">Cristina Molina Camenforte<\/td>\n<\/tr>\n<tr>\n<td style=\"width: 25.4875%\">&nbsp;<\/td>\n<td style=\"width: 74.5125%\">Patricia Guti\u00e9rrez Ram\u00edrez<\/td>\n<\/tr>\n<tr>\n<td style=\"width: 25.4875%\">&nbsp;<\/td>\n<td style=\"width: 74.5125%\">Ariadna Rosales Tinajero<\/td>\n<\/tr>\n<tr style=\"height: 24px\">\n<td style=\"width: 25.4875%;height: 24px\"><strong>Aula Espec\u00edfica<\/strong><\/td>\n<td style=\"width: 74.5125%;height: 24px\">Ana Isabel L\u00f3pez Mart\u00ednez<\/td>\n<\/tr>\n<tr>\n<td style=\"width: 25.4875%\"><strong>PCT Matem\u00e1ticas<\/strong><\/td>\n<td style=\"width: 74.5125%\">Mar\u00eda de las Mercedes Castillo Fern\u00e1ndez<\/td>\n<\/tr>\n<tr>\n<td style=\"width: 25.4875%\"><strong>Pedagog\u00eda Terap\u00e9utica<\/strong><\/td>\n<td style=\"width: 74.5125%\">Mar\u00eda Dolores Leiva Centeno<\/td>\n<\/tr>\n<tr>\n<td style=\"width: 25.4875%\"><strong>M\u00fasica&nbsp;<\/strong><\/td>\n<td style=\"width: 74.5125%\">Roc\u00edo Marfil Rull<\/td>\n<\/tr>\n<tr>\n<td style=\"width: 25.4875%\"><strong>Audici\u00f3n y Lenguaje<\/strong><\/td>\n<td style=\"width: 74.5125%\">Noelia Mart\u00ednez Padilla<\/td>\n<\/tr>\n<tr>\n<td style=\"width: 25.4875%\"><strong>Educaci\u00f3n F\u00edsica<\/strong><\/td>\n<td style=\"width: 74.5125%\">Manuel Morales S\u00e1nchez<\/td>\n<\/tr>\n<tr>\n<td style=\"width: 25.4875%\"><strong>Religi\u00f3n<\/strong><\/td>\n<td style=\"width: 74.5125%\">Ana Mar\u00eda Rom\u00e1n Corzo<\/td>\n<\/tr>\n<tr>\n<td style=\"width: 25.4875%\"><strong>Secretar\u00eda<\/strong><\/td>\n<td style=\"width: 74.5125%\">Remedios L\u00f3pez Torrecillas<\/td>\n<\/tr>\n<tr>\n<td style=\"width: 25.4875%\"><strong>Jefatura de estudios<\/strong><\/td>\n<td style=\"width: 74.5125%\">Laura Haro Vicente<\/td>\n<\/tr>\n<tr>\n<td style=\"width: 25.4875%\"><strong>Direcci\u00f3n<\/strong><\/td>\n<td style=\"width: 74.5125%\">Juan Sim\u00f3n Ju\u00e1rez<\/td>\n<\/tr>\n<\/tbody>\n<\/table>\n","protected":false},"excerpt":{"rendered":"<p>El Claustro de Profesorado es el \u00f3rgano propio de participaci\u00f3n del profesorado en el gobierno del centro, que tiene la responsabilidad de planificar, coordinar y,&hellip;<\/p>\n","protected":false},"author":3976,"featured_media":0,"parent":0,"menu_order":0,"comment_status":"closed","ping_status":"closed","template":"","meta":{"ngg_post_thumbnail":0,"footnotes":"","_mc_calendar":[]},"aioseo_notices":[],"_links":{"self":[{"href":"https:\/\/blogsaverroes.juntadeandalucia.es\/ceipindalo\/wp-json\/wp\/v2\/pages\/8046"}],"collection":[{"href":"https:\/\/blogsaverroes.juntadeandalucia.es\/ceipindalo\/wp-json\/wp\/v2\/pages"}],"about":[{"href":"https:\/\/blogsaverroes.juntadeandalucia.es\/ceipindalo\/wp-json\/wp\/v2\/types\/page"}],"author":[{"embeddable":true,"href":"https:\/\/blogsaverroes.juntadeandalucia.es\/ceipindalo\/wp-json\/wp\/v2\/users\/3976"}],"replies":[{"embeddable":true,"href":"https:\/\/blogsaverroes.juntadeandalucia.es\/ceipindalo\/wp-json\/wp\/v2\/comments?post=8046"}],"version-history":[{"count":15,"href":"https:\/\/blogsaverroes.juntadeandalucia.es\/ceipindalo\/wp-json\/wp\/v2\/pages\/8046\/revisions"}],"predecessor-version":[{"id":8081,"href":"https:\/\/blogsaverroes.juntadeandalucia.es\/ceipindalo\/wp-json\/wp\/v2\/pages\/8046\/revisions\/8081"}],"wp:attachment":[{"href":"https:\/\/blogsaverroes.juntadeandalucia.es\/ceipindalo\/wp-json\/wp\/v2\/media?parent=8046"}],"curies":[{"name":"wp","href":"https:\/\/api.w.org\/{rel}","templated":true}]}}