{"id":8088,"date":"2026-02-10T11:06:41","date_gmt":"2026-02-10T10:06:41","guid":{"rendered":"https:\/\/blogsaverroes.juntadeandalucia.es\/ceipindalo\/?page_id=8088"},"modified":"2026-02-10T12:16:08","modified_gmt":"2026-02-10T11:16:08","slug":"bilinguismo","status":"publish","type":"page","link":"https:\/\/blogsaverroes.juntadeandalucia.es\/ceipindalo\/bilinguismo\/","title":{"rendered":"Centro Biling\u00fce &#8211; Ingl\u00e9s"},"content":{"rendered":"<p data-start=\"329\" data-end=\"581\">Nuestro centro forma parte del <strong data-start=\"360\" data-end=\"418\">Programa de Centros Biling\u00fces de la Junta de Andaluc\u00eda<\/strong>, desarrollando un modelo de ense\u00f1anza biling\u00fce en lengua inglesa que tiene como finalidad mejorar la competencia comunicativa del alumnado desde edades tempranas.<\/p>\n<p data-start=\"583\" data-end=\"905\">El aprendizaje del ingl\u00e9s se concibe como una herramienta fundamental para la formaci\u00f3n integral del alumnado y para su desarrollo acad\u00e9mico, social y cultural. A trav\u00e9s del programa biling\u00fce, el centro promueve un uso progresivo y natural de la lengua inglesa tanto en el \u00e1rea de idioma como en otras \u00e1reas del curr\u00edculo.<\/p>\n<p data-start=\"907\" data-end=\"1263\">La ense\u00f1anza biling\u00fce se basa en metodolog\u00edas activas y comunicativas, que favorecen la comprensi\u00f3n y la expresi\u00f3n oral, el aprendizaje significativo y la participaci\u00f3n del alumnado en situaciones reales de comunicaci\u00f3n. Todo ello se lleva a cabo respetando el ritmo de aprendizaje del alumnado y garantizando la adquisici\u00f3n de los contenidos curriculares.<\/p>\n<p data-start=\"1265\" data-end=\"1540\">El programa cuenta con profesorado acreditado y con una planificaci\u00f3n coordinada, integrada en el proyecto educativo del centro, con el objetivo de ofrecer una educaci\u00f3n de calidad que prepare al alumnado para desenvolverse en un contexto cada vez m\u00e1s global y multicultural.<\/p>\n","protected":false},"excerpt":{"rendered":"<p>Nuestro centro forma parte del Programa de Centros Biling\u00fces de la Junta de Andaluc\u00eda, desarrollando un modelo de ense\u00f1anza biling\u00fce en lengua inglesa que tiene&hellip;<\/p>\n","protected":false},"author":3976,"featured_media":0,"parent":0,"menu_order":0,"comment_status":"closed","ping_status":"closed","template":"","meta":{"ngg_post_thumbnail":0,"footnotes":"","_mc_calendar":[]},"aioseo_notices":[],"_links":{"self":[{"href":"https:\/\/blogsaverroes.juntadeandalucia.es\/ceipindalo\/wp-json\/wp\/v2\/pages\/8088"}],"collection":[{"href":"https:\/\/blogsaverroes.juntadeandalucia.es\/ceipindalo\/wp-json\/wp\/v2\/pages"}],"about":[{"href":"https:\/\/blogsaverroes.juntadeandalucia.es\/ceipindalo\/wp-json\/wp\/v2\/types\/page"}],"author":[{"embeddable":true,"href":"https:\/\/blogsaverroes.juntadeandalucia.es\/ceipindalo\/wp-json\/wp\/v2\/users\/3976"}],"replies":[{"embeddable":true,"href":"https:\/\/blogsaverroes.juntadeandalucia.es\/ceipindalo\/wp-json\/wp\/v2\/comments?post=8088"}],"version-history":[{"count":3,"href":"https:\/\/blogsaverroes.juntadeandalucia.es\/ceipindalo\/wp-json\/wp\/v2\/pages\/8088\/revisions"}],"predecessor-version":[{"id":8156,"href":"https:\/\/blogsaverroes.juntadeandalucia.es\/ceipindalo\/wp-json\/wp\/v2\/pages\/8088\/revisions\/8156"}],"wp:attachment":[{"href":"https:\/\/blogsaverroes.juntadeandalucia.es\/ceipindalo\/wp-json\/wp\/v2\/media?parent=8088"}],"curies":[{"name":"wp","href":"https:\/\/api.w.org\/{rel}","templated":true}]}}