{"id":8092,"date":"2026-02-10T11:08:02","date_gmt":"2026-02-10T10:08:02","guid":{"rendered":"https:\/\/blogsaverroes.juntadeandalucia.es\/ceipindalo\/?page_id=8092"},"modified":"2026-02-10T11:48:18","modified_gmt":"2026-02-10T10:48:18","slug":"bienestar-emocional","status":"publish","type":"page","link":"https:\/\/blogsaverroes.juntadeandalucia.es\/ceipindalo\/bienestar-emocional\/","title":{"rendered":"Bienestar Emocional"},"content":{"rendered":"<p>El Programa de Bienestar Emocional implica promover la salud f\u00edsica y mental, desarrollar las competencias sociales y emocionales, crear entornos que fomenten las relaciones positivas, la resoluci\u00f3n pac\u00edfica de conflictos, la colaboraci\u00f3n, el aprendizaje y el desarrollo personal.<\/p>\n<p>Reforzar la capacidad del alumnado, del profesorado y de la comunidad educativa para tomar decisiones saludables es fundamental para el desarrollo de entornos escolares libres de violencia.<\/p>\n","protected":false},"excerpt":{"rendered":"<p>El Programa de Bienestar Emocional implica promover la salud f\u00edsica y mental, desarrollar las competencias sociales y emocionales, crear entornos que fomenten las relaciones positivas,&hellip;<\/p>\n","protected":false},"author":3976,"featured_media":0,"parent":0,"menu_order":0,"comment_status":"closed","ping_status":"closed","template":"","meta":{"ngg_post_thumbnail":0,"footnotes":"","_mc_calendar":[]},"aioseo_notices":[],"_links":{"self":[{"href":"https:\/\/blogsaverroes.juntadeandalucia.es\/ceipindalo\/wp-json\/wp\/v2\/pages\/8092"}],"collection":[{"href":"https:\/\/blogsaverroes.juntadeandalucia.es\/ceipindalo\/wp-json\/wp\/v2\/pages"}],"about":[{"href":"https:\/\/blogsaverroes.juntadeandalucia.es\/ceipindalo\/wp-json\/wp\/v2\/types\/page"}],"author":[{"embeddable":true,"href":"https:\/\/blogsaverroes.juntadeandalucia.es\/ceipindalo\/wp-json\/wp\/v2\/users\/3976"}],"replies":[{"embeddable":true,"href":"https:\/\/blogsaverroes.juntadeandalucia.es\/ceipindalo\/wp-json\/wp\/v2\/comments?post=8092"}],"version-history":[{"count":2,"href":"https:\/\/blogsaverroes.juntadeandalucia.es\/ceipindalo\/wp-json\/wp\/v2\/pages\/8092\/revisions"}],"predecessor-version":[{"id":8142,"href":"https:\/\/blogsaverroes.juntadeandalucia.es\/ceipindalo\/wp-json\/wp\/v2\/pages\/8092\/revisions\/8142"}],"wp:attachment":[{"href":"https:\/\/blogsaverroes.juntadeandalucia.es\/ceipindalo\/wp-json\/wp\/v2\/media?parent=8092"}],"curies":[{"name":"wp","href":"https:\/\/api.w.org\/{rel}","templated":true}]}}