{"id":8131,"date":"2026-02-10T11:29:36","date_gmt":"2026-02-10T10:29:36","guid":{"rendered":"https:\/\/blogsaverroes.juntadeandalucia.es\/ceipindalo\/?page_id=8131"},"modified":"2026-02-10T12:23:29","modified_gmt":"2026-02-10T11:23:29","slug":"comedor","status":"publish","type":"page","link":"https:\/\/blogsaverroes.juntadeandalucia.es\/ceipindalo\/comedor\/","title":{"rendered":"Comedor"},"content":{"rendered":"<p data-start=\"224\" data-end=\"655\">Nuestro centro cuenta con el <strong data-start=\"253\" data-end=\"284\">Servicio de Comedor Escolar<\/strong>, un servicio educativo complementario regulado por la Junta de Andaluc\u00eda que permite atender al alumnado durante el horario de comidas, garantizando una alimentaci\u00f3n equilibrada y adaptada a las necesidades de cada edad.&nbsp;<\/p>\n<p data-start=\"657\" data-end=\"1130\">El servicio de comedor se presta <strong data-start=\"690\" data-end=\"734\">bajo supervisi\u00f3n de personal cualificado<\/strong>, asegurando que los ni\u00f1os y ni\u00f1as disfruten de un entorno seguro, organizado y educativo. Adem\u00e1s de la alimentaci\u00f3n, se fomentan h\u00e1bitos saludables, la autonom\u00eda y la educaci\u00f3n en valores relacionados con la convivencia, el respeto y la higiene.<\/p>\n<p data-start=\"1132\" data-end=\"1470\">El comedor escolar forma parte de los <strong data-start=\"1170\" data-end=\"1210\">servicios complementarios del centro<\/strong>, dise\u00f1ados para facilitar la conciliaci\u00f3n familiar y laboral, ofreciendo un espacio donde el alumnado puede comer, socializar y aprender durante la jornada escolar.<\/p>\n","protected":false},"excerpt":{"rendered":"<p>Nuestro centro cuenta con el Servicio de Comedor Escolar, un servicio educativo complementario regulado por la Junta de Andaluc\u00eda que permite atender al alumnado durante&hellip;<\/p>\n","protected":false},"author":3976,"featured_media":0,"parent":0,"menu_order":0,"comment_status":"closed","ping_status":"closed","template":"","meta":{"ngg_post_thumbnail":0,"footnotes":"","_mc_calendar":[]},"aioseo_notices":[],"_links":{"self":[{"href":"https:\/\/blogsaverroes.juntadeandalucia.es\/ceipindalo\/wp-json\/wp\/v2\/pages\/8131"}],"collection":[{"href":"https:\/\/blogsaverroes.juntadeandalucia.es\/ceipindalo\/wp-json\/wp\/v2\/pages"}],"about":[{"href":"https:\/\/blogsaverroes.juntadeandalucia.es\/ceipindalo\/wp-json\/wp\/v2\/types\/page"}],"author":[{"embeddable":true,"href":"https:\/\/blogsaverroes.juntadeandalucia.es\/ceipindalo\/wp-json\/wp\/v2\/users\/3976"}],"replies":[{"embeddable":true,"href":"https:\/\/blogsaverroes.juntadeandalucia.es\/ceipindalo\/wp-json\/wp\/v2\/comments?post=8131"}],"version-history":[{"count":3,"href":"https:\/\/blogsaverroes.juntadeandalucia.es\/ceipindalo\/wp-json\/wp\/v2\/pages\/8131\/revisions"}],"predecessor-version":[{"id":8161,"href":"https:\/\/blogsaverroes.juntadeandalucia.es\/ceipindalo\/wp-json\/wp\/v2\/pages\/8131\/revisions\/8161"}],"wp:attachment":[{"href":"https:\/\/blogsaverroes.juntadeandalucia.es\/ceipindalo\/wp-json\/wp\/v2\/media?parent=8131"}],"curies":[{"name":"wp","href":"https:\/\/api.w.org\/{rel}","templated":true}]}}