{"id":200,"date":"2015-03-17T10:04:24","date_gmt":"2015-03-17T10:04:24","guid":{"rendered":"http:\/\/blogsaverroes.juntadeandalucia.es\/pre\/ceip\/?page_id=200"},"modified":"2023-11-22T11:16:36","modified_gmt":"2023-11-22T10:16:36","slug":"quienes-formamos-el-ampa","status":"publish","type":"page","link":"https:\/\/blogsaverroes.juntadeandalucia.es\/ceipjimena\/?page_id=200","title":{"rendered":"AMPA 2023\/24"},"content":{"rendered":"<p style=\"text-align: center\"><span style=\"font-size: 24pt\"><strong>Relaci\u00f3n de las personas que forman parte de la Junta Directiva:<\/strong><\/span><\/p>\n<p style=\"text-align: justify\">La AMPA &#8220;AZAHAR&#8221; est\u00e1 formada en la actualidad por la siguiente Junta Directiva:<\/p>\n<ul style=\"text-align: justify\">\n<li>Presidenta: Alba Ferrer.<\/li>\n<li>Vicepresidenta: Noelia Solas.&nbsp;<\/li>\n<li>Tesorera:&nbsp; Mari Carmen Garc\u00eda.<\/li>\n<li>Secretaria: Ana Mar\u00eda Viedma.<\/li>\n<\/ul>\n<div dir=\"auto\" style=\"text-align: justify\">\n<div dir=\"auto\">&nbsp;<\/div>\n<div dir=\"auto\">La asociaci\u00f3n de madres y padres de alumnos Azahar es el intermediario entre los padres y el colegio. Nuestra funci\u00f3n es la de ayudar y prestar los servicios necesarios a nuestros socios.&nbsp;<\/div>\n<div dir=\"auto\">Todo aquello que se hace siempre es pensando en el bienestar de nuestros ni\u00f1os.&nbsp;<\/div>\n<\/div>\n<p style=\"text-align: justify\"><a href=\"https:\/\/blogsaverroes.juntadeandalucia.es\/ceipjimena\/files\/2023\/11\/IMG_20231121_180158-scaled.jpg\"><img fetchpriority=\"high\" decoding=\"async\" class=\"wp-image-4622 aligncenter\" src=\"https:\/\/blogsaverroes.juntadeandalucia.es\/ceipjimena\/files\/2023\/11\/IMG_20231121_180158-1024x768.jpg\" alt=\"\" width=\"616\" height=\"462\" srcset=\"https:\/\/blogsaverroes.juntadeandalucia.es\/ceipjimena\/files\/2023\/11\/IMG_20231121_180158-1024x768.jpg 1024w, https:\/\/blogsaverroes.juntadeandalucia.es\/ceipjimena\/files\/2023\/11\/IMG_20231121_180158-300x225.jpg 300w, https:\/\/blogsaverroes.juntadeandalucia.es\/ceipjimena\/files\/2023\/11\/IMG_20231121_180158-768x576.jpg 768w, https:\/\/blogsaverroes.juntadeandalucia.es\/ceipjimena\/files\/2023\/11\/IMG_20231121_180158-1536x1152.jpg 1536w, https:\/\/blogsaverroes.juntadeandalucia.es\/ceipjimena\/files\/2023\/11\/IMG_20231121_180158-2048x1536.jpg 2048w\" sizes=\"(max-width: 616px) 100vw, 616px\" \/><\/a><\/p>\n<p style=\"text-align: justify\">&nbsp;<\/p>\n<p style=\"text-align: justify\">El <strong>AMPA<\/strong> es una asociaci\u00f3n sin \u00e1nimo de lucro que formada por los padres y madres de todo el alumnado del Colegio.<\/p>\n<p style=\"text-align: justify\">Es un punto de encuentro y de trabajo independiente, abierto y plural.<\/p>\n<p style=\"text-align: justify\">Desde el AMPA podemos contribuir a la mejora de la calidad de la educaci\u00f3n, la convivencia del centro y de las instalaciones.<\/p>\n<h3 style=\"text-align: justify\">\u00bfPor qu\u00e9 es importante vuestra participaci\u00f3n?<\/h3>\n<p style=\"text-align: justify\">En el colegio existen espacios de participaci\u00f3n, siendo el AMPA &nbsp;el \u00fanico espacio de participaci\u00f3n aut\u00f3nomo de padres y madres. El AMPA es importante porque:<\/p>\n<ul style=\"text-align: justify\">\n<li>Somos corresponsables de la educaci\u00f3n que nuestros hijos\/as reciben en el colegio.<\/li>\n<li>Es un espacio para aportar iniciativas y trabajar con la direcci\u00f3n del Centro, sin depender de esta.<\/li>\n<\/ul>\n<p style=\"text-align: justify\"><a href=\"http:\/\/blogsaverroes.juntadeandalucia.es\/ceipjimena\/files\/2015\/03\/logoampa1.jpg\"><img decoding=\"async\" class=\" wp-image-2358 aligncenter\" src=\"http:\/\/blogsaverroes.juntadeandalucia.es\/ceipjimena\/files\/2015\/03\/logoampa1.jpg\" alt=\"logoampa1\" width=\"411\" height=\"156\"><\/a><\/p>\n<h3 style=\"text-align: justify\">\u00bfC\u00f3mo puedes participar?<\/h3>\n<p style=\"text-align: justify\">Participar en el AMPA es muy f\u00e1cil y cada uno decide el nivel de implicaci\u00f3n.<\/p>\n<ul style=\"text-align: justify\">\n<li>Podemos asociarnos en cualquier momento, aunque se entrega a las familias una ficha de inscripci\u00f3n con la matr\u00edcula en la que se indica la cuota anual por cada familia (la cuota es por familia no por ni\u00f1o\/a)<\/li>\n<li>Podemos tambi\u00e9n participar a trav\u00e9s de las asambleas, incorpor\u00e1ndote a las reuniones&nbsp;abiertas que se convoquen.<\/li>\n<li>Podemos colaborar en los diferentes grupos de trabajo o&nbsp;en actividades puntuales que se organizan desde el AMPA a lo largo del curso.<\/li>\n<li>Podemos proponer iniciativas, plantear temas de debate, organizar actividades, etc., &nbsp;dirigi\u00e9ndote a cualquier miembro de la junta directiva o a trav\u00e9s del blog.<\/li>\n<\/ul>\n<p style=\"text-align: justify\">Como ves, hay muchas formas de participar y es muy importante que m\u00e1s padres y madres pasemos a la participa-ACCI\u00d3N,&nbsp;&nbsp;de forma activa y colectiva.<\/p>\n<h3 style=\"text-align: justify\">\u00bfPara qu\u00e9 sirve?<\/h3>\n<ul style=\"text-align: justify\">\n<li>Para defender y velar por el derecho a una educaci\u00f3n de calidad, democr\u00e1tica, atendiendo a las necesidades de todos los ni\u00f1os\/as &nbsp;y cr\u00edtica.<\/li>\n<li>Para promover la participaci\u00f3n de padres y madres en la vida del centro, defendiendo los intereses del alumnado y de toda la comunidad educativa.<\/li>\n<li>Para buscar soluciones de forma colectiva a temas relacionados con la ense\u00f1anza y educaci\u00f3n de nuestros hijos\/as.<\/li>\n<li>Para crear espacios de encuentro y trabajo en el resto de la comunidad educativa y con el entorno.<\/li>\n<li>Para crear espacios de reflexi\u00f3n y participaci\u00f3n compartida sobre la educaci\u00f3n de nuestros hijos\/as<br \/>\nPara participar en la gesti\u00f3n del colegio.<\/li>\n<\/ul>\n<h3 style=\"text-align: justify\">\u00bfC\u00f3mo se financia?<\/h3>\n<p style=\"text-align: justify\">El AMPA &nbsp;se financia a trav\u00e9s de las cuotas de socios\/as.<br \/>\nLa cuota de socios\/as es el \u00fanico pago que realizan las familias y que gestiona el AMPA para el beneficio exclusivo de la comunidad educativa y en definitiva de la educaci\u00f3n que reciben&nbsp; nuestros hijos\/as en el centro.<\/p>\n<p style=\"text-align: justify\">&nbsp;<\/p>\n<p style=\"text-align: justify\">&nbsp;<\/p>\n<p style=\"text-align: justify\">&nbsp;<\/p>\n","protected":false},"excerpt":{"rendered":"<p>Relaci\u00f3n de las personas que forman parte de la Junta Directiva: La AMPA &#8220;AZAHAR&#8221; est\u00e1 formada en la actualidad por la siguiente Junta Directiva: Presidenta:&#46;&#46;&#46;<\/p>\n","protected":false},"author":1,"featured_media":0,"parent":0,"menu_order":0,"comment_status":"closed","ping_status":"open","template":"","meta":{"ngg_post_thumbnail":0,"footnotes":"","_mc_calendar":[]},"aioseo_notices":[],"_links":{"self":[{"href":"https:\/\/blogsaverroes.juntadeandalucia.es\/ceipjimena\/index.php?rest_route=\/wp\/v2\/pages\/200"}],"collection":[{"href":"https:\/\/blogsaverroes.juntadeandalucia.es\/ceipjimena\/index.php?rest_route=\/wp\/v2\/pages"}],"about":[{"href":"https:\/\/blogsaverroes.juntadeandalucia.es\/ceipjimena\/index.php?rest_route=\/wp\/v2\/types\/page"}],"author":[{"embeddable":true,"href":"https:\/\/blogsaverroes.juntadeandalucia.es\/ceipjimena\/index.php?rest_route=\/wp\/v2\/users\/1"}],"replies":[{"embeddable":true,"href":"https:\/\/blogsaverroes.juntadeandalucia.es\/ceipjimena\/index.php?rest_route=%2Fwp%2Fv2%2Fcomments&post=200"}],"version-history":[{"count":11,"href":"https:\/\/blogsaverroes.juntadeandalucia.es\/ceipjimena\/index.php?rest_route=\/wp\/v2\/pages\/200\/revisions"}],"predecessor-version":[{"id":4625,"href":"https:\/\/blogsaverroes.juntadeandalucia.es\/ceipjimena\/index.php?rest_route=\/wp\/v2\/pages\/200\/revisions\/4625"}],"wp:attachment":[{"href":"https:\/\/blogsaverroes.juntadeandalucia.es\/ceipjimena\/index.php?rest_route=%2Fwp%2Fv2%2Fmedia&parent=200"}],"curies":[{"name":"wp","href":"https:\/\/api.w.org\/{rel}","templated":true}]}}

<p style="text-align: center"><span style="font-size: 24pt"><strong>Relación de las personas que forman parte de la Junta Directiva:</strong></span></p>
<p style="text-align: justify">La AMPA &#8220;AZAHAR&#8221; está formada en la actualidad por la siguiente Junta Directiva:</p>
<ul style="text-align: justify">
<li>Presidenta: Alba Ferrer.</li>
<li>Vicepresidenta: Noelia Solas.&nbsp;</li>
<li>Tesorera:&nbsp; Mari Carmen García.</li>
<li>Secretaria: Ana María Viedma.</li>
</ul>
<div dir="auto" style="text-align: justify">
<div dir="auto">&nbsp;</div>
<div dir="auto">La asociación de madres y padres de alumnos Azahar es el intermediario entre los padres y el colegio. Nuestra función es la de ayudar y prestar los servicios necesarios a nuestros socios.&nbsp;</div>
<div dir="auto">Todo aquello que se hace siempre es pensando en el bienestar de nuestros niños.&nbsp;</div>
</div>
<p style="text-align: justify"><a href="https://blogsaverroes.juntadeandalucia.es/ceipjimena/files/2023/11/IMG_20231121_180158-scaled.jpg"><img fetchpriority="high" decoding="async" class="wp-image-4622 aligncenter" src="https://blogsaverroes.juntadeandalucia.es/ceipjimena/files/2023/11/IMG_20231121_180158-1024x768.jpg" alt="" width="616" height="462" srcset="https://blogsaverroes.juntadeandalucia.es/ceipjimena/files/2023/11/IMG_20231121_180158-1024x768.jpg 1024w, https://blogsaverroes.juntadeandalucia.es/ceipjimena/files/2023/11/IMG_20231121_180158-300x225.jpg 300w, https://blogsaverroes.juntadeandalucia.es/ceipjimena/files/2023/11/IMG_20231121_180158-768x576.jpg 768w, https://blogsaverroes.juntadeandalucia.es/ceipjimena/files/2023/11/IMG_20231121_180158-1536x1152.jpg 1536w, https://blogsaverroes.juntadeandalucia.es/ceipjimena/files/2023/11/IMG_20231121_180158-2048x1536.jpg 2048w" sizes="(max-width: 616px) 100vw, 616px" /></a></p>
<p style="text-align: justify">&nbsp;</p>
<p style="text-align: justify">El <strong>AMPA</strong> es una asociación sin ánimo de lucro que formada por los padres y madres de todo el alumnado del Colegio.</p>
<p style="text-align: justify">Es un punto de encuentro y de trabajo independiente, abierto y plural.</p>
<p style="text-align: justify">Desde el AMPA podemos contribuir a la mejora de la calidad de la educación, la convivencia del centro y de las instalaciones.</p>
<h3 style="text-align: justify">¿Por qué es importante vuestra participación?</h3>
<p style="text-align: justify">En el colegio existen espacios de participación, siendo el AMPA &nbsp;el único espacio de participación autónomo de padres y madres. El AMPA es importante porque:</p>
<ul style="text-align: justify">
<li>Somos corresponsables de la educación que nuestros hijos/as reciben en el colegio.</li>
<li>Es un espacio para aportar iniciativas y trabajar con la dirección del Centro, sin depender de esta.</li>
</ul>
<p style="text-align: justify"><a href="http://blogsaverroes.juntadeandalucia.es/ceipjimena/files/2015/03/logoampa1.jpg"><img decoding="async" class=" wp-image-2358 aligncenter" src="http://blogsaverroes.juntadeandalucia.es/ceipjimena/files/2015/03/logoampa1.jpg" alt="logoampa1" width="411" height="156"></a></p>
<h3 style="text-align: justify">¿Cómo puedes participar?</h3>
<p style="text-align: justify">Participar en el AMPA es muy fácil y cada uno decide el nivel de implicación.</p>
<ul style="text-align: justify">
<li>Podemos asociarnos en cualquier momento, aunque se entrega a las familias una ficha de inscripción con la matrícula en la que se indica la cuota anual por cada familia (la cuota es por familia no por niño/a)</li>
<li>Podemos también participar a través de las asambleas, incorporándote a las reuniones&nbsp;abiertas que se convoquen.</li>
<li>Podemos colaborar en los diferentes grupos de trabajo o&nbsp;en actividades puntuales que se organizan desde el AMPA a lo largo del curso.</li>
<li>Podemos proponer iniciativas, plantear temas de debate, organizar actividades, etc., &nbsp;dirigiéndote a cualquier miembro de la junta directiva o a través del blog.</li>
</ul>
<p style="text-align: justify">Como ves, hay muchas formas de participar y es muy importante que más padres y madres pasemos a la participa-ACCIÓN,&nbsp;&nbsp;de forma activa y colectiva.</p>
<h3 style="text-align: justify">¿Para qué sirve?</h3>
<ul style="text-align: justify">
<li>Para defender y velar por el derecho a una educación de calidad, democrática, atendiendo a las necesidades de todos los niños/as &nbsp;y crítica.</li>
<li>Para promover la participación de padres y madres en la vida del centro, defendiendo los intereses del alumnado y de toda la comunidad educativa.</li>
<li>Para buscar soluciones de forma colectiva a temas relacionados con la enseñanza y educación de nuestros hijos/as.</li>
<li>Para crear espacios de encuentro y trabajo en el resto de la comunidad educativa y con el entorno.</li>
<li>Para crear espacios de reflexión y participación compartida sobre la educación de nuestros hijos/as<br />
Para participar en la gestión del colegio.</li>
</ul>
<h3 style="text-align: justify">¿Cómo se financia?</h3>
<p style="text-align: justify">El AMPA &nbsp;se financia a través de las cuotas de socios/as.<br />
La cuota de socios/as es el único pago que realizan las familias y que gestiona el AMPA para el beneficio exclusivo de la comunidad educativa y en definitiva de la educación que reciben&nbsp; nuestros hijos/as en el centro.</p>
<p style="text-align: justify">&nbsp;</p>
<p style="text-align: justify">&nbsp;</p>
<p style="text-align: justify">&nbsp;</p>

<p>Relación de las personas que forman parte de la Junta Directiva: La AMPA &#8220;AZAHAR&#8221; está formada en la actualidad por la siguiente Junta Directiva: Presidenta:&#46;&#46;&#46;</p>
