{"id":2397,"date":"2016-03-25T11:04:34","date_gmt":"2016-03-25T11:04:34","guid":{"rendered":"http:\/\/blogsaverroes.juntadeandalucia.es\/ceipjimena\/?page_id=2397"},"modified":"2018-03-10T21:41:34","modified_gmt":"2018-03-10T19:41:34","slug":"dia-internacional-de-la-mujer-08-03-2016","status":"publish","type":"page","link":"https:\/\/blogsaverroes.juntadeandalucia.es\/ceipjimena\/?page_id=2397","title":{"rendered":"D\u00eda Internacional de la mujer"},"content":{"rendered":"<p>Aqu\u00ed os dejamos una muestra de las actividades realizadas este a\u00f1o.<\/p>\n<p>Esperamos que con ellas favorezcamos la igualdad de g\u00e9nero en todos los aspectos.<\/p>\n<p><a href=\"http:\/\/blogsaverroes.juntadeandalucia.es\/ceipjimena\/files\/2017\/03\/mujer.mp4\" target=\"_blank\" rel=\"noopener\"><\/a><a href=\"https:\/\/blogsaverroes.juntadeandalucia.es\/ceipjimena\/files\/2018\/03\/mujer18.mp4\" target=\"_blank\" rel=\"noopener\">VER FOTOS<\/a><\/p>\n","protected":false},"excerpt":{"rendered":"<p>Aqu\u00ed os dejamos una muestra de las actividades realizadas este a\u00f1o. Esperamos que con ellas favorezcamos la igualdad de g\u00e9nero en todos los aspectos. VER&#46;&#46;&#46;<\/p>\n","protected":false},"author":3027,"featured_media":0,"parent":0,"menu_order":0,"comment_status":"open","ping_status":"open","template":"","meta":{"ngg_post_thumbnail":0,"footnotes":"","_mc_calendar":[]},"aioseo_notices":[],"_links":{"self":[{"href":"https:\/\/blogsaverroes.juntadeandalucia.es\/ceipjimena\/index.php?rest_route=\/wp\/v2\/pages\/2397"}],"collection":[{"href":"https:\/\/blogsaverroes.juntadeandalucia.es\/ceipjimena\/index.php?rest_route=\/wp\/v2\/pages"}],"about":[{"href":"https:\/\/blogsaverroes.juntadeandalucia.es\/ceipjimena\/index.php?rest_route=\/wp\/v2\/types\/page"}],"author":[{"embeddable":true,"href":"https:\/\/blogsaverroes.juntadeandalucia.es\/ceipjimena\/index.php?rest_route=\/wp\/v2\/users\/3027"}],"replies":[{"embeddable":true,"href":"https:\/\/blogsaverroes.juntadeandalucia.es\/ceipjimena\/index.php?rest_route=%2Fwp%2Fv2%2Fcomments&post=2397"}],"version-history":[{"count":8,"href":"https:\/\/blogsaverroes.juntadeandalucia.es\/ceipjimena\/index.php?rest_route=\/wp\/v2\/pages\/2397\/revisions"}],"predecessor-version":[{"id":3302,"href":"https:\/\/blogsaverroes.juntadeandalucia.es\/ceipjimena\/index.php?rest_route=\/wp\/v2\/pages\/2397\/revisions\/3302"}],"wp:attachment":[{"href":"https:\/\/blogsaverroes.juntadeandalucia.es\/ceipjimena\/index.php?rest_route=%2Fwp%2Fv2%2Fmedia&parent=2397"}],"curies":[{"name":"wp","href":"https:\/\/api.w.org\/{rel}","templated":true}]}}

Día Internacional de la mujer

<p>Aquí os dejamos una muestra de las actividades realizadas este año.</p>
<p>Esperamos que con ellas favorezcamos la igualdad de género en todos los aspectos.</p>
<p><a href="http://blogsaverroes.juntadeandalucia.es/ceipjimena/files/2017/03/mujer.mp4" target="_blank" rel="noopener"></a><a href="https://blogsaverroes.juntadeandalucia.es/ceipjimena/files/2018/03/mujer18.mp4" target="_blank" rel="noopener">VER FOTOS</a></p>

<p>Aquí os dejamos una muestra de las actividades realizadas este año. Esperamos que con ellas favorezcamos la igualdad de género en todos los aspectos. VER&#46;&#46;&#46;</p>
