{"id":2453,"date":"2016-04-04T18:51:42","date_gmt":"2016-04-04T18:51:42","guid":{"rendered":"http:\/\/blogsaverroes.juntadeandalucia.es\/ceipjimena\/?page_id=2453"},"modified":"2019-01-31T12:46:30","modified_gmt":"2019-01-31T10:46:30","slug":"visita-a-arjonilla-jaen-04-04-2016","status":"publish","type":"page","link":"https:\/\/blogsaverroes.juntadeandalucia.es\/ceipjimena\/?page_id=2453","title":{"rendered":"EXCURSI\u00d3N SIERRA NEVADA 28\/01\/2019"},"content":{"rendered":"<p>El alumnado de cuarto, quinto y sexto de primaria, junto a los compa\u00f1eros\/as del primer ciclo de educaci\u00f3n secundaria obligatoria, realizaron una excursi\u00f3n a Sierra Nevada, fomentando el deporte escolar y la convivencia entre el profesorado y alumnado. A continuaci\u00f3n, podr\u00e9is ver un v\u00eddeo montaje con las principales actividades realizadas.<\/p>\n<p><a href=\"https:\/\/drive.google.com\/open?id=1wLGg-fExiYqUXhIgbxju2xdFumS5fQBG\" target=\"_blank\" rel=\"noopener\">V\u00cdDEO-MONTAJE<\/a><\/p>\n","protected":false},"excerpt":{"rendered":"<p>El alumnado de cuarto, quinto y sexto de primaria, junto a los compa\u00f1eros\/as del primer ciclo de educaci\u00f3n secundaria obligatoria, realizaron una excursi\u00f3n a Sierra&#46;&#46;&#46;<\/p>\n","protected":false},"author":3027,"featured_media":0,"parent":0,"menu_order":0,"comment_status":"open","ping_status":"open","template":"","meta":{"ngg_post_thumbnail":0,"footnotes":"","_mc_calendar":[]},"aioseo_notices":[],"_links":{"self":[{"href":"https:\/\/blogsaverroes.juntadeandalucia.es\/ceipjimena\/index.php?rest_route=\/wp\/v2\/pages\/2453"}],"collection":[{"href":"https:\/\/blogsaverroes.juntadeandalucia.es\/ceipjimena\/index.php?rest_route=\/wp\/v2\/pages"}],"about":[{"href":"https:\/\/blogsaverroes.juntadeandalucia.es\/ceipjimena\/index.php?rest_route=\/wp\/v2\/types\/page"}],"author":[{"embeddable":true,"href":"https:\/\/blogsaverroes.juntadeandalucia.es\/ceipjimena\/index.php?rest_route=\/wp\/v2\/users\/3027"}],"replies":[{"embeddable":true,"href":"https:\/\/blogsaverroes.juntadeandalucia.es\/ceipjimena\/index.php?rest_route=%2Fwp%2Fv2%2Fcomments&post=2453"}],"version-history":[{"count":7,"href":"https:\/\/blogsaverroes.juntadeandalucia.es\/ceipjimena\/index.php?rest_route=\/wp\/v2\/pages\/2453\/revisions"}],"predecessor-version":[{"id":3626,"href":"https:\/\/blogsaverroes.juntadeandalucia.es\/ceipjimena\/index.php?rest_route=\/wp\/v2\/pages\/2453\/revisions\/3626"}],"wp:attachment":[{"href":"https:\/\/blogsaverroes.juntadeandalucia.es\/ceipjimena\/index.php?rest_route=%2Fwp%2Fv2%2Fmedia&parent=2453"}],"curies":[{"name":"wp","href":"https:\/\/api.w.org\/{rel}","templated":true}]}}

EXCURSIÓN SIERRA NEVADA 28/01/2019

<p>El alumnado de cuarto, quinto y sexto de primaria, junto a los compañeros/as del primer ciclo de educación secundaria obligatoria, realizaron una excursión a Sierra Nevada, fomentando el deporte escolar y la convivencia entre el profesorado y alumnado. A continuación, podréis ver un vídeo montaje con las principales actividades realizadas.</p>
<p><a href="https://drive.google.com/open?id=1wLGg-fExiYqUXhIgbxju2xdFumS5fQBG" target="_blank" rel="noopener">VÍDEO-MONTAJE</a></p>

<p>El alumnado de cuarto, quinto y sexto de primaria, junto a los compañeros/as del primer ciclo de educación secundaria obligatoria, realizaron una excursión a Sierra&#46;&#46;&#46;</p>
