{"id":2492,"date":"2016-05-16T18:22:58","date_gmt":"2016-05-16T18:22:58","guid":{"rendered":"http:\/\/blogsaverroes.juntadeandalucia.es\/ceipjimena\/?page_id=2492"},"modified":"2019-05-17T13:30:47","modified_gmt":"2019-05-17T11:30:47","slug":"iv-jornada-de-convivencia-escolar-16-de-mayo-de-2016","status":"publish","type":"page","link":"https:\/\/blogsaverroes.juntadeandalucia.es\/ceipjimena\/?page_id=2492","title":{"rendered":"VII Jornada de Convivencia escolar (13 de mayo de 2019)"},"content":{"rendered":"<p>Un a\u00f1o m\u00e1s y gracias a la colaboraci\u00f3n del Ayuntamiento de Jimena, el AMPA del centro y el colegio Nuestra Se\u00f1ora de los Remedios, se ha organizado una jornada de convivencia entre los diferentes sectores de la comunidad educativa.<\/p>\n<p>&nbsp;<\/p>\n<p><a href=\"https:\/\/drive.google.com\/open?id=1kVT40rtZWBjI6TQK7OaEy56xrytD5G-L\" target=\"_blank\" rel=\"noopener\">Aqu\u00ed pod\u00e9is ver algunas im\u00e1genes del encuentro<\/a><\/p>\n","protected":false},"excerpt":{"rendered":"<p>Un a\u00f1o m\u00e1s y gracias a la colaboraci\u00f3n del Ayuntamiento de Jimena, el AMPA del centro y el colegio Nuestra Se\u00f1ora de los Remedios, se&#46;&#46;&#46;<\/p>\n","protected":false},"author":3027,"featured_media":0,"parent":0,"menu_order":0,"comment_status":"open","ping_status":"open","template":"","meta":{"ngg_post_thumbnail":0,"footnotes":"","_mc_calendar":[]},"aioseo_notices":[],"_links":{"self":[{"href":"https:\/\/blogsaverroes.juntadeandalucia.es\/ceipjimena\/index.php?rest_route=\/wp\/v2\/pages\/2492"}],"collection":[{"href":"https:\/\/blogsaverroes.juntadeandalucia.es\/ceipjimena\/index.php?rest_route=\/wp\/v2\/pages"}],"about":[{"href":"https:\/\/blogsaverroes.juntadeandalucia.es\/ceipjimena\/index.php?rest_route=\/wp\/v2\/types\/page"}],"author":[{"embeddable":true,"href":"https:\/\/blogsaverroes.juntadeandalucia.es\/ceipjimena\/index.php?rest_route=\/wp\/v2\/users\/3027"}],"replies":[{"embeddable":true,"href":"https:\/\/blogsaverroes.juntadeandalucia.es\/ceipjimena\/index.php?rest_route=%2Fwp%2Fv2%2Fcomments&post=2492"}],"version-history":[{"count":6,"href":"https:\/\/blogsaverroes.juntadeandalucia.es\/ceipjimena\/index.php?rest_route=\/wp\/v2\/pages\/2492\/revisions"}],"predecessor-version":[{"id":3639,"href":"https:\/\/blogsaverroes.juntadeandalucia.es\/ceipjimena\/index.php?rest_route=\/wp\/v2\/pages\/2492\/revisions\/3639"}],"wp:attachment":[{"href":"https:\/\/blogsaverroes.juntadeandalucia.es\/ceipjimena\/index.php?rest_route=%2Fwp%2Fv2%2Fmedia&parent=2492"}],"curies":[{"name":"wp","href":"https:\/\/api.w.org\/{rel}","templated":true}]}}

<p>Un año más y gracias a la colaboración del Ayuntamiento de Jimena, el AMPA del centro y el colegio Nuestra Señora de los Remedios, se ha organizado una jornada de convivencia entre los diferentes sectores de la comunidad educativa.</p>
<p>&nbsp;</p>
<p><a href="https://drive.google.com/open?id=1kVT40rtZWBjI6TQK7OaEy56xrytD5G-L" target="_blank" rel="noopener">Aquí podéis ver algunas imágenes del encuentro</a></p>

<p>Un año más y gracias a la colaboración del Ayuntamiento de Jimena, el AMPA del centro y el colegio Nuestra Señora de los Remedios, se&#46;&#46;&#46;</p>
