{"id":2728,"date":"2016-09-26T18:22:14","date_gmt":"2016-09-26T16:22:14","guid":{"rendered":"http:\/\/blogsaverroes.juntadeandalucia.es\/ceipjimena\/?page_id=2728"},"modified":"2017-10-19T05:21:10","modified_gmt":"2017-10-19T03:21:10","slug":"charla-riesgos-de-internet-y-la-telefonia-movil","status":"publish","type":"page","link":"https:\/\/blogsaverroes.juntadeandalucia.es\/ceipjimena\/?page_id=2728","title":{"rendered":"Charla: Violencia escolar y Educaci\u00f3n alimentaria"},"content":{"rendered":"<p style=\"text-align: right\">17 de septiembre de 2017<\/p>\n<p>&nbsp; &nbsp; &nbsp; Hoy hemos recibido la visita de don <strong>Rafael Molina<\/strong> Carrasco, profesor y dinamizador del centro <strong>Guadalinfo de Jimena<\/strong> quien nos ha impartido una <strong>charla coloquio&nbsp;<\/strong> sobre FORMACI\u00d3N, INFORMACI\u00d3N, PREVENCI\u00d3N Y ACTUACI\u00d3N CONTRA LA VIOLENCIA ESCOLAR &#8220;<strong>BULLING<\/strong>&#8221; AS\u00cd COMO <strong>REEDUCACI\u00d3N ALIMENTARIA.<\/strong><\/p>\n<p>&nbsp; &nbsp; &nbsp; &nbsp;La actividad ha sido muy bien acogida por el alumnado de 5\u00ba, 6\u00ba, 1\u00ba ESO y 2\u00ba ESO.<\/p>\n<p>&nbsp;<\/p>\n<p>&nbsp; &nbsp; &nbsp; Aqu\u00ed os dejamos unas <a href=\"https:\/\/blogsaverroes.juntadeandalucia.es\/ceipjimena\/files\/2017\/10\/violen-alim.mp4\" target=\"_blank\">IM\u00c1GENES<\/a>.<\/p>\n","protected":false},"excerpt":{"rendered":"<p>17 de septiembre de 2017 &nbsp; &nbsp; &nbsp; Hoy hemos recibido la visita de don Rafael Molina Carrasco, profesor y dinamizador del centro Guadalinfo de&#46;&#46;&#46;<\/p>\n","protected":false},"author":3027,"featured_media":0,"parent":0,"menu_order":0,"comment_status":"open","ping_status":"open","template":"","meta":{"ngg_post_thumbnail":0,"footnotes":"","_mc_calendar":[]},"aioseo_notices":[],"_links":{"self":[{"href":"https:\/\/blogsaverroes.juntadeandalucia.es\/ceipjimena\/index.php?rest_route=\/wp\/v2\/pages\/2728"}],"collection":[{"href":"https:\/\/blogsaverroes.juntadeandalucia.es\/ceipjimena\/index.php?rest_route=\/wp\/v2\/pages"}],"about":[{"href":"https:\/\/blogsaverroes.juntadeandalucia.es\/ceipjimena\/index.php?rest_route=\/wp\/v2\/types\/page"}],"author":[{"embeddable":true,"href":"https:\/\/blogsaverroes.juntadeandalucia.es\/ceipjimena\/index.php?rest_route=\/wp\/v2\/users\/3027"}],"replies":[{"embeddable":true,"href":"https:\/\/blogsaverroes.juntadeandalucia.es\/ceipjimena\/index.php?rest_route=%2Fwp%2Fv2%2Fcomments&post=2728"}],"version-history":[{"count":7,"href":"https:\/\/blogsaverroes.juntadeandalucia.es\/ceipjimena\/index.php?rest_route=\/wp\/v2\/pages\/2728\/revisions"}],"predecessor-version":[{"id":3145,"href":"https:\/\/blogsaverroes.juntadeandalucia.es\/ceipjimena\/index.php?rest_route=\/wp\/v2\/pages\/2728\/revisions\/3145"}],"wp:attachment":[{"href":"https:\/\/blogsaverroes.juntadeandalucia.es\/ceipjimena\/index.php?rest_route=%2Fwp%2Fv2%2Fmedia&parent=2728"}],"curies":[{"name":"wp","href":"https:\/\/api.w.org\/{rel}","templated":true}]}}

Charla: Violencia escolar y Educación alimentaria

<p style="text-align: right">17 de septiembre de 2017</p>
<p>&nbsp; &nbsp; &nbsp; Hoy hemos recibido la visita de don <strong>Rafael Molina</strong> Carrasco, profesor y dinamizador del centro <strong>Guadalinfo de Jimena</strong> quien nos ha impartido una <strong>charla coloquio&nbsp;</strong> sobre FORMACIÓN, INFORMACIÓN, PREVENCIÓN Y ACTUACIÓN CONTRA LA VIOLENCIA ESCOLAR &#8220;<strong>BULLING</strong>&#8221; ASÍ COMO <strong>REEDUCACIÓN ALIMENTARIA.</strong></p>
<p>&nbsp; &nbsp; &nbsp; &nbsp;La actividad ha sido muy bien acogida por el alumnado de 5º, 6º, 1º ESO y 2º ESO.</p>
<p>&nbsp;</p>
<p>&nbsp; &nbsp; &nbsp; Aquí os dejamos unas <a href="https://blogsaverroes.juntadeandalucia.es/ceipjimena/files/2017/10/violen-alim.mp4" target="_blank">IMÁGENES</a>.</p>
