{"id":3071,"date":"2017-04-19T20:57:16","date_gmt":"2017-04-19T18:57:16","guid":{"rendered":"http:\/\/blogsaverroes.juntadeandalucia.es\/ceipjimena\/?page_id=3071"},"modified":"2018-04-25T23:13:18","modified_gmt":"2018-04-25T21:13:18","slug":"xvii-jornadas-de-animacion-a-la-lectura","status":"publish","type":"page","link":"https:\/\/blogsaverroes.juntadeandalucia.es\/ceipjimena\/?page_id=3071","title":{"rendered":"XVIII Jornadas de animaci\u00f3n a la Lectura"},"content":{"rendered":"<p>Hoy, 23 de abril de 2018, han dado comienzo las XVIII Jornadas de Animaci\u00f3n a la Lectura.<\/p>\n<p>Este a\u00f1o las hemos dedicado al estudio de la figura y de la obra de la poeta Gloria Fuertes por ser el 100 aniversario de su nacimiento.<\/p>\n<p>Damos las gracias a toda la comunidad educativa por su inestimable colaboraci\u00f3n pues sin ella no ser\u00eda posible esta actividad.<\/p>\n<p>Las Jornadas finalizar\u00e1n el pr\u00f3ximo d\u00eda 25 y hasta entonces se podr\u00e1 visitar la exposici\u00f3n.<\/p>\n<p><a href=\"https:\/\/drive.google.com\/open?id=1QZAifkW4pObgqyXN0pfMSAVZaWwq6z3W\" target=\"_blank\" rel=\"noopener\">Aqu\u00ed pod\u00e9is ver un resumen fotogr\u00e1fico de las actividades realizadas.<\/a><\/p>\n","protected":false},"excerpt":{"rendered":"<p>Hoy, 23 de abril de 2018, han dado comienzo las XVIII Jornadas de Animaci\u00f3n a la Lectura. Este a\u00f1o las hemos dedicado al estudio de&#46;&#46;&#46;<\/p>\n","protected":false},"author":3027,"featured_media":0,"parent":0,"menu_order":0,"comment_status":"closed","ping_status":"closed","template":"","meta":{"ngg_post_thumbnail":0,"footnotes":"","_mc_calendar":[]},"aioseo_notices":[],"_links":{"self":[{"href":"https:\/\/blogsaverroes.juntadeandalucia.es\/ceipjimena\/index.php?rest_route=\/wp\/v2\/pages\/3071"}],"collection":[{"href":"https:\/\/blogsaverroes.juntadeandalucia.es\/ceipjimena\/index.php?rest_route=\/wp\/v2\/pages"}],"about":[{"href":"https:\/\/blogsaverroes.juntadeandalucia.es\/ceipjimena\/index.php?rest_route=\/wp\/v2\/types\/page"}],"author":[{"embeddable":true,"href":"https:\/\/blogsaverroes.juntadeandalucia.es\/ceipjimena\/index.php?rest_route=\/wp\/v2\/users\/3027"}],"replies":[{"embeddable":true,"href":"https:\/\/blogsaverroes.juntadeandalucia.es\/ceipjimena\/index.php?rest_route=%2Fwp%2Fv2%2Fcomments&post=3071"}],"version-history":[{"count":7,"href":"https:\/\/blogsaverroes.juntadeandalucia.es\/ceipjimena\/index.php?rest_route=\/wp\/v2\/pages\/3071\/revisions"}],"predecessor-version":[{"id":3376,"href":"https:\/\/blogsaverroes.juntadeandalucia.es\/ceipjimena\/index.php?rest_route=\/wp\/v2\/pages\/3071\/revisions\/3376"}],"wp:attachment":[{"href":"https:\/\/blogsaverroes.juntadeandalucia.es\/ceipjimena\/index.php?rest_route=%2Fwp%2Fv2%2Fmedia&parent=3071"}],"curies":[{"name":"wp","href":"https:\/\/api.w.org\/{rel}","templated":true}]}}

XVIII Jornadas de animación a la Lectura

<p>Hoy, 23 de abril de 2018, han dado comienzo las XVIII Jornadas de Animación a la Lectura.</p>
<p>Este año las hemos dedicado al estudio de la figura y de la obra de la poeta Gloria Fuertes por ser el 100 aniversario de su nacimiento.</p>
<p>Damos las gracias a toda la comunidad educativa por su inestimable colaboración pues sin ella no sería posible esta actividad.</p>
<p>Las Jornadas finalizarán el próximo día 25 y hasta entonces se podrá visitar la exposición.</p>
<p><a href="https://drive.google.com/open?id=1QZAifkW4pObgqyXN0pfMSAVZaWwq6z3W" target="_blank" rel="noopener">Aquí podéis ver un resumen fotográfico de las actividades realizadas.</a></p>

<p>Hoy, 23 de abril de 2018, han dado comienzo las XVIII Jornadas de Animación a la Lectura. Este año las hemos dedicado al estudio de&#46;&#46;&#46;</p>
