{"id":3216,"date":"2017-12-19T21:37:32","date_gmt":"2017-12-19T19:37:32","guid":{"rendered":"http:\/\/blogsaverroes.juntadeandalucia.es\/ceipjimena\/?page_id=3216"},"modified":"2017-12-19T21:38:09","modified_gmt":"2017-12-19T19:38:09","slug":"navidad-2017-visita-a-la-residencia-de-jimena","status":"publish","type":"page","link":"https:\/\/blogsaverroes.juntadeandalucia.es\/ceipjimena\/?page_id=3216","title":{"rendered":"Navidad 2017. Visita a la residencia de Jimena."},"content":{"rendered":"<p>&nbsp; &nbsp;Hoy,19 de diciembre de 2017, y como ya es tradicional en nuestro colegio, nuestro alumnado m\u00e1s peque\u00f1o ha visitado a algunos de nuestros paisanos m\u00e1s mayores: los que viven en la residencia de la 3\u00aa edad de nuestra localidad.<\/p>\n<p>&nbsp; &nbsp;Hemos ido con nuestras maestras y hemos pasado un rato divertido cantando e intercambiando regalos.<\/p>\n<p>&nbsp; \u00a1\u00a1\u00a1Felices fiestas para todos y muchas gracias por todo!!!<\/p>\n<p><a href=\"https:\/\/blogsaverroes.juntadeandalucia.es\/ceipjimena\/files\/2017\/12\/IMG-20171219-WA0037.jpg\" target=\"_blank\" rel=\"noopener\"><img fetchpriority=\"high\" decoding=\"async\" class=\"aligncenter wp-image-3215 size-full\" src=\"https:\/\/blogsaverroes.juntadeandalucia.es\/ceipjimena\/files\/2017\/12\/IMG-20171219-WA0037.jpg\" alt=\"\" width=\"768\" height=\"768\" srcset=\"https:\/\/blogsaverroes.juntadeandalucia.es\/ceipjimena\/files\/2017\/12\/IMG-20171219-WA0037.jpg 768w, https:\/\/blogsaverroes.juntadeandalucia.es\/ceipjimena\/files\/2017\/12\/IMG-20171219-WA0037-150x150.jpg 150w, https:\/\/blogsaverroes.juntadeandalucia.es\/ceipjimena\/files\/2017\/12\/IMG-20171219-WA0037-300x300.jpg 300w, https:\/\/blogsaverroes.juntadeandalucia.es\/ceipjimena\/files\/2017\/12\/IMG-20171219-WA0037-100x100.jpg 100w, https:\/\/blogsaverroes.juntadeandalucia.es\/ceipjimena\/files\/2017\/12\/IMG-20171219-WA0037-432x432.jpg 432w, https:\/\/blogsaverroes.juntadeandalucia.es\/ceipjimena\/files\/2017\/12\/IMG-20171219-WA0037-268x268.jpg 268w, https:\/\/blogsaverroes.juntadeandalucia.es\/ceipjimena\/files\/2017\/12\/IMG-20171219-WA0037-700x700.jpg 700w, https:\/\/blogsaverroes.juntadeandalucia.es\/ceipjimena\/files\/2017\/12\/IMG-20171219-WA0037-24x24.jpg 24w, https:\/\/blogsaverroes.juntadeandalucia.es\/ceipjimena\/files\/2017\/12\/IMG-20171219-WA0037-36x36.jpg 36w, https:\/\/blogsaverroes.juntadeandalucia.es\/ceipjimena\/files\/2017\/12\/IMG-20171219-WA0037-48x48.jpg 48w\" sizes=\"(max-width: 768px) 100vw, 768px\" \/><\/a> <a href=\"https:\/\/blogsaverroes.juntadeandalucia.es\/ceipjimena\/files\/2017\/12\/IMG-20171219-WA0036.jpg\" target=\"_blank\" rel=\"noopener\"><img decoding=\"async\" class=\"aligncenter wp-image-3214 size-full\" src=\"https:\/\/blogsaverroes.juntadeandalucia.es\/ceipjimena\/files\/2017\/12\/IMG-20171219-WA0036.jpg\" alt=\"\" width=\"768\" height=\"768\" srcset=\"https:\/\/blogsaverroes.juntadeandalucia.es\/ceipjimena\/files\/2017\/12\/IMG-20171219-WA0036.jpg 768w, https:\/\/blogsaverroes.juntadeandalucia.es\/ceipjimena\/files\/2017\/12\/IMG-20171219-WA0036-150x150.jpg 150w, https:\/\/blogsaverroes.juntadeandalucia.es\/ceipjimena\/files\/2017\/12\/IMG-20171219-WA0036-300x300.jpg 300w, https:\/\/blogsaverroes.juntadeandalucia.es\/ceipjimena\/files\/2017\/12\/IMG-20171219-WA0036-100x100.jpg 100w, https:\/\/blogsaverroes.juntadeandalucia.es\/ceipjimena\/files\/2017\/12\/IMG-20171219-WA0036-432x432.jpg 432w, https:\/\/blogsaverroes.juntadeandalucia.es\/ceipjimena\/files\/2017\/12\/IMG-20171219-WA0036-268x268.jpg 268w, https:\/\/blogsaverroes.juntadeandalucia.es\/ceipjimena\/files\/2017\/12\/IMG-20171219-WA0036-700x700.jpg 700w, https:\/\/blogsaverroes.juntadeandalucia.es\/ceipjimena\/files\/2017\/12\/IMG-20171219-WA0036-24x24.jpg 24w, https:\/\/blogsaverroes.juntadeandalucia.es\/ceipjimena\/files\/2017\/12\/IMG-20171219-WA0036-36x36.jpg 36w, https:\/\/blogsaverroes.juntadeandalucia.es\/ceipjimena\/files\/2017\/12\/IMG-20171219-WA0036-48x48.jpg 48w\" sizes=\"(max-width: 768px) 100vw, 768px\" \/><\/a> <a href=\"https:\/\/blogsaverroes.juntadeandalucia.es\/ceipjimena\/files\/2017\/12\/IMG-20171219-WA0034.jpg\" target=\"_blank\" rel=\"noopener\"><img decoding=\"async\" class=\"aligncenter wp-image-3213 size-full\" src=\"https:\/\/blogsaverroes.juntadeandalucia.es\/ceipjimena\/files\/2017\/12\/IMG-20171219-WA0034.jpg\" alt=\"\" width=\"768\" height=\"768\" srcset=\"https:\/\/blogsaverroes.juntadeandalucia.es\/ceipjimena\/files\/2017\/12\/IMG-20171219-WA0034.jpg 768w, https:\/\/blogsaverroes.juntadeandalucia.es\/ceipjimena\/files\/2017\/12\/IMG-20171219-WA0034-150x150.jpg 150w, https:\/\/blogsaverroes.juntadeandalucia.es\/ceipjimena\/files\/2017\/12\/IMG-20171219-WA0034-300x300.jpg 300w, https:\/\/blogsaverroes.juntadeandalucia.es\/ceipjimena\/files\/2017\/12\/IMG-20171219-WA0034-100x100.jpg 100w, https:\/\/blogsaverroes.juntadeandalucia.es\/ceipjimena\/files\/2017\/12\/IMG-20171219-WA0034-432x432.jpg 432w, https:\/\/blogsaverroes.juntadeandalucia.es\/ceipjimena\/files\/2017\/12\/IMG-20171219-WA0034-268x268.jpg 268w, https:\/\/blogsaverroes.juntadeandalucia.es\/ceipjimena\/files\/2017\/12\/IMG-20171219-WA0034-700x700.jpg 700w, https:\/\/blogsaverroes.juntadeandalucia.es\/ceipjimena\/files\/2017\/12\/IMG-20171219-WA0034-24x24.jpg 24w, https:\/\/blogsaverroes.juntadeandalucia.es\/ceipjimena\/files\/2017\/12\/IMG-20171219-WA0034-36x36.jpg 36w, https:\/\/blogsaverroes.juntadeandalucia.es\/ceipjimena\/files\/2017\/12\/IMG-20171219-WA0034-48x48.jpg 48w\" sizes=\"(max-width: 768px) 100vw, 768px\" \/><\/a> <a href=\"https:\/\/blogsaverroes.juntadeandalucia.es\/ceipjimena\/files\/2017\/12\/IMG-20171219-WA0033.jpg\" target=\"_blank\" rel=\"noopener\"><img loading=\"lazy\" decoding=\"async\" class=\"aligncenter wp-image-3212 size-full\" src=\"https:\/\/blogsaverroes.juntadeandalucia.es\/ceipjimena\/files\/2017\/12\/IMG-20171219-WA0033.jpg\" alt=\"\" width=\"768\" height=\"768\" srcset=\"https:\/\/blogsaverroes.juntadeandalucia.es\/ceipjimena\/files\/2017\/12\/IMG-20171219-WA0033.jpg 768w, https:\/\/blogsaverroes.juntadeandalucia.es\/ceipjimena\/files\/2017\/12\/IMG-20171219-WA0033-150x150.jpg 150w, https:\/\/blogsaverroes.juntadeandalucia.es\/ceipjimena\/files\/2017\/12\/IMG-20171219-WA0033-300x300.jpg 300w, https:\/\/blogsaverroes.juntadeandalucia.es\/ceipjimena\/files\/2017\/12\/IMG-20171219-WA0033-100x100.jpg 100w, https:\/\/blogsaverroes.juntadeandalucia.es\/ceipjimena\/files\/2017\/12\/IMG-20171219-WA0033-432x432.jpg 432w, https:\/\/blogsaverroes.juntadeandalucia.es\/ceipjimena\/files\/2017\/12\/IMG-20171219-WA0033-268x268.jpg 268w, https:\/\/blogsaverroes.juntadeandalucia.es\/ceipjimena\/files\/2017\/12\/IMG-20171219-WA0033-700x700.jpg 700w, https:\/\/blogsaverroes.juntadeandalucia.es\/ceipjimena\/files\/2017\/12\/IMG-20171219-WA0033-24x24.jpg 24w, https:\/\/blogsaverroes.juntadeandalucia.es\/ceipjimena\/files\/2017\/12\/IMG-20171219-WA0033-36x36.jpg 36w, https:\/\/blogsaverroes.juntadeandalucia.es\/ceipjimena\/files\/2017\/12\/IMG-20171219-WA0033-48x48.jpg 48w\" sizes=\"(max-width: 768px) 100vw, 768px\" \/><\/a> <a href=\"https:\/\/blogsaverroes.juntadeandalucia.es\/ceipjimena\/files\/2017\/12\/IMG-20171219-WA0030.jpg\" target=\"_blank\" rel=\"noopener\"><img loading=\"lazy\" decoding=\"async\" class=\"aligncenter wp-image-3211 size-full\" src=\"https:\/\/blogsaverroes.juntadeandalucia.es\/ceipjimena\/files\/2017\/12\/IMG-20171219-WA0030.jpg\" alt=\"\" width=\"1024\" height=\"768\" srcset=\"https:\/\/blogsaverroes.juntadeandalucia.es\/ceipjimena\/files\/2017\/12\/IMG-20171219-WA0030.jpg 1024w, https:\/\/blogsaverroes.juntadeandalucia.es\/ceipjimena\/files\/2017\/12\/IMG-20171219-WA0030-300x225.jpg 300w, https:\/\/blogsaverroes.juntadeandalucia.es\/ceipjimena\/files\/2017\/12\/IMG-20171219-WA0030-768x576.jpg 768w, https:\/\/blogsaverroes.juntadeandalucia.es\/ceipjimena\/files\/2017\/12\/IMG-20171219-WA0030-700x525.jpg 700w, https:\/\/blogsaverroes.juntadeandalucia.es\/ceipjimena\/files\/2017\/12\/IMG-20171219-WA0030-24x18.jpg 24w, https:\/\/blogsaverroes.juntadeandalucia.es\/ceipjimena\/files\/2017\/12\/IMG-20171219-WA0030-36x27.jpg 36w, https:\/\/blogsaverroes.juntadeandalucia.es\/ceipjimena\/files\/2017\/12\/IMG-20171219-WA0030-48x36.jpg 48w\" sizes=\"(max-width: 1024px) 100vw, 1024px\" \/><\/a> <a href=\"https:\/\/blogsaverroes.juntadeandalucia.es\/ceipjimena\/files\/2017\/12\/IMG-20171219-WA0029.jpg\" target=\"_blank\" rel=\"noopener\"><img loading=\"lazy\" decoding=\"async\" class=\"aligncenter wp-image-3210 size-full\" src=\"https:\/\/blogsaverroes.juntadeandalucia.es\/ceipjimena\/files\/2017\/12\/IMG-20171219-WA0029.jpg\" alt=\"\" width=\"1024\" height=\"768\" srcset=\"https:\/\/blogsaverroes.juntadeandalucia.es\/ceipjimena\/files\/2017\/12\/IMG-20171219-WA0029.jpg 1024w, https:\/\/blogsaverroes.juntadeandalucia.es\/ceipjimena\/files\/2017\/12\/IMG-20171219-WA0029-300x225.jpg 300w, https:\/\/blogsaverroes.juntadeandalucia.es\/ceipjimena\/files\/2017\/12\/IMG-20171219-WA0029-768x576.jpg 768w, https:\/\/blogsaverroes.juntadeandalucia.es\/ceipjimena\/files\/2017\/12\/IMG-20171219-WA0029-700x525.jpg 700w, https:\/\/blogsaverroes.juntadeandalucia.es\/ceipjimena\/files\/2017\/12\/IMG-20171219-WA0029-24x18.jpg 24w, https:\/\/blogsaverroes.juntadeandalucia.es\/ceipjimena\/files\/2017\/12\/IMG-20171219-WA0029-36x27.jpg 36w, https:\/\/blogsaverroes.juntadeandalucia.es\/ceipjimena\/files\/2017\/12\/IMG-20171219-WA0029-48x36.jpg 48w\" sizes=\"(max-width: 1024px) 100vw, 1024px\" \/><\/a><\/p>\n<div id=\"attachment_3209\" style=\"width: 778px\" class=\"wp-caption aligncenter\"><a href=\"https:\/\/blogsaverroes.juntadeandalucia.es\/ceipjimena\/files\/2017\/12\/IMG-20171219-WA0028.jpg\" target=\"_blank\" rel=\"noopener\"><img loading=\"lazy\" decoding=\"async\" aria-describedby=\"caption-attachment-3209\" class=\"wp-image-3209 size-full\" src=\"https:\/\/blogsaverroes.juntadeandalucia.es\/ceipjimena\/files\/2017\/12\/IMG-20171219-WA0028.jpg\" alt=\"\" width=\"768\" height=\"768\" srcset=\"https:\/\/blogsaverroes.juntadeandalucia.es\/ceipjimena\/files\/2017\/12\/IMG-20171219-WA0028.jpg 768w, https:\/\/blogsaverroes.juntadeandalucia.es\/ceipjimena\/files\/2017\/12\/IMG-20171219-WA0028-150x150.jpg 150w, https:\/\/blogsaverroes.juntadeandalucia.es\/ceipjimena\/files\/2017\/12\/IMG-20171219-WA0028-300x300.jpg 300w, https:\/\/blogsaverroes.juntadeandalucia.es\/ceipjimena\/files\/2017\/12\/IMG-20171219-WA0028-100x100.jpg 100w, https:\/\/blogsaverroes.juntadeandalucia.es\/ceipjimena\/files\/2017\/12\/IMG-20171219-WA0028-432x432.jpg 432w, https:\/\/blogsaverroes.juntadeandalucia.es\/ceipjimena\/files\/2017\/12\/IMG-20171219-WA0028-268x268.jpg 268w, https:\/\/blogsaverroes.juntadeandalucia.es\/ceipjimena\/files\/2017\/12\/IMG-20171219-WA0028-700x700.jpg 700w, https:\/\/blogsaverroes.juntadeandalucia.es\/ceipjimena\/files\/2017\/12\/IMG-20171219-WA0028-24x24.jpg 24w, https:\/\/blogsaverroes.juntadeandalucia.es\/ceipjimena\/files\/2017\/12\/IMG-20171219-WA0028-36x36.jpg 36w, https:\/\/blogsaverroes.juntadeandalucia.es\/ceipjimena\/files\/2017\/12\/IMG-20171219-WA0028-48x48.jpg 48w\" sizes=\"(max-width: 768px) 100vw, 768px\" \/><\/a><p id=\"caption-attachment-3209\" class=\"wp-caption-text\">Visita a la residencia.<\/p><\/div>\n<p>&nbsp;<\/p>\n","protected":false},"excerpt":{"rendered":"<p>&nbsp; &nbsp;Hoy,19 de diciembre de 2017, y como ya es tradicional en nuestro colegio, nuestro alumnado m\u00e1s peque\u00f1o ha visitado a algunos de nuestros paisanos&#46;&#46;&#46;<\/p>\n","protected":false},"author":3027,"featured_media":0,"parent":0,"menu_order":0,"comment_status":"closed","ping_status":"closed","template":"","meta":{"ngg_post_thumbnail":0,"footnotes":"","_mc_calendar":[]},"aioseo_notices":[],"_links":{"self":[{"href":"https:\/\/blogsaverroes.juntadeandalucia.es\/ceipjimena\/index.php?rest_route=\/wp\/v2\/pages\/3216"}],"collection":[{"href":"https:\/\/blogsaverroes.juntadeandalucia.es\/ceipjimena\/index.php?rest_route=\/wp\/v2\/pages"}],"about":[{"href":"https:\/\/blogsaverroes.juntadeandalucia.es\/ceipjimena\/index.php?rest_route=\/wp\/v2\/types\/page"}],"author":[{"embeddable":true,"href":"https:\/\/blogsaverroes.juntadeandalucia.es\/ceipjimena\/index.php?rest_route=\/wp\/v2\/users\/3027"}],"replies":[{"embeddable":true,"href":"https:\/\/blogsaverroes.juntadeandalucia.es\/ceipjimena\/index.php?rest_route=%2Fwp%2Fv2%2Fcomments&post=3216"}],"version-history":[{"count":1,"href":"https:\/\/blogsaverroes.juntadeandalucia.es\/ceipjimena\/index.php?rest_route=\/wp\/v2\/pages\/3216\/revisions"}],"predecessor-version":[{"id":3217,"href":"https:\/\/blogsaverroes.juntadeandalucia.es\/ceipjimena\/index.php?rest_route=\/wp\/v2\/pages\/3216\/revisions\/3217"}],"wp:attachment":[{"href":"https:\/\/blogsaverroes.juntadeandalucia.es\/ceipjimena\/index.php?rest_route=%2Fwp%2Fv2%2Fmedia&parent=3216"}],"curies":[{"name":"wp","href":"https:\/\/api.w.org\/{rel}","templated":true}]}}

<p>&nbsp; &nbsp;Hoy,19 de diciembre de 2017, y como ya es tradicional en nuestro colegio, nuestro alumnado más pequeño ha visitado a algunos de nuestros paisanos más mayores: los que viven en la residencia de la 3ª edad de nuestra localidad.</p>
<p>&nbsp; &nbsp;Hemos ido con nuestras maestras y hemos pasado un rato divertido cantando e intercambiando regalos.</p>
<p>&nbsp; ¡¡¡Felices fiestas para todos y muchas gracias por todo!!!</p>
<p><a href="https://blogsaverroes.juntadeandalucia.es/ceipjimena/files/2017/12/IMG-20171219-WA0037.jpg" target="_blank" rel="noopener"><img fetchpriority="high" decoding="async" class="aligncenter wp-image-3215 size-full" src="https://blogsaverroes.juntadeandalucia.es/ceipjimena/files/2017/12/IMG-20171219-WA0037.jpg" alt="" width="768" height="768" srcset="https://blogsaverroes.juntadeandalucia.es/ceipjimena/files/2017/12/IMG-20171219-WA0037.jpg 768w, https://blogsaverroes.juntadeandalucia.es/ceipjimena/files/2017/12/IMG-20171219-WA0037-150x150.jpg 150w, https://blogsaverroes.juntadeandalucia.es/ceipjimena/files/2017/12/IMG-20171219-WA0037-300x300.jpg 300w, https://blogsaverroes.juntadeandalucia.es/ceipjimena/files/2017/12/IMG-20171219-WA0037-100x100.jpg 100w, https://blogsaverroes.juntadeandalucia.es/ceipjimena/files/2017/12/IMG-20171219-WA0037-432x432.jpg 432w, https://blogsaverroes.juntadeandalucia.es/ceipjimena/files/2017/12/IMG-20171219-WA0037-268x268.jpg 268w, https://blogsaverroes.juntadeandalucia.es/ceipjimena/files/2017/12/IMG-20171219-WA0037-700x700.jpg 700w, https://blogsaverroes.juntadeandalucia.es/ceipjimena/files/2017/12/IMG-20171219-WA0037-24x24.jpg 24w, https://blogsaverroes.juntadeandalucia.es/ceipjimena/files/2017/12/IMG-20171219-WA0037-36x36.jpg 36w, https://blogsaverroes.juntadeandalucia.es/ceipjimena/files/2017/12/IMG-20171219-WA0037-48x48.jpg 48w" sizes="(max-width: 768px) 100vw, 768px" /></a> <a href="https://blogsaverroes.juntadeandalucia.es/ceipjimena/files/2017/12/IMG-20171219-WA0036.jpg" target="_blank" rel="noopener"><img decoding="async" class="aligncenter wp-image-3214 size-full" src="https://blogsaverroes.juntadeandalucia.es/ceipjimena/files/2017/12/IMG-20171219-WA0036.jpg" alt="" width="768" height="768" srcset="https://blogsaverroes.juntadeandalucia.es/ceipjimena/files/2017/12/IMG-20171219-WA0036.jpg 768w, https://blogsaverroes.juntadeandalucia.es/ceipjimena/files/2017/12/IMG-20171219-WA0036-150x150.jpg 150w, https://blogsaverroes.juntadeandalucia.es/ceipjimena/files/2017/12/IMG-20171219-WA0036-300x300.jpg 300w, https://blogsaverroes.juntadeandalucia.es/ceipjimena/files/2017/12/IMG-20171219-WA0036-100x100.jpg 100w, https://blogsaverroes.juntadeandalucia.es/ceipjimena/files/2017/12/IMG-20171219-WA0036-432x432.jpg 432w, https://blogsaverroes.juntadeandalucia.es/ceipjimena/files/2017/12/IMG-20171219-WA0036-268x268.jpg 268w, https://blogsaverroes.juntadeandalucia.es/ceipjimena/files/2017/12/IMG-20171219-WA0036-700x700.jpg 700w, https://blogsaverroes.juntadeandalucia.es/ceipjimena/files/2017/12/IMG-20171219-WA0036-24x24.jpg 24w, https://blogsaverroes.juntadeandalucia.es/ceipjimena/files/2017/12/IMG-20171219-WA0036-36x36.jpg 36w, https://blogsaverroes.juntadeandalucia.es/ceipjimena/files/2017/12/IMG-20171219-WA0036-48x48.jpg 48w" sizes="(max-width: 768px) 100vw, 768px" /></a> <a href="https://blogsaverroes.juntadeandalucia.es/ceipjimena/files/2017/12/IMG-20171219-WA0034.jpg" target="_blank" rel="noopener"><img decoding="async" class="aligncenter wp-image-3213 size-full" src="https://blogsaverroes.juntadeandalucia.es/ceipjimena/files/2017/12/IMG-20171219-WA0034.jpg" alt="" width="768" height="768" srcset="https://blogsaverroes.juntadeandalucia.es/ceipjimena/files/2017/12/IMG-20171219-WA0034.jpg 768w, https://blogsaverroes.juntadeandalucia.es/ceipjimena/files/2017/12/IMG-20171219-WA0034-150x150.jpg 150w, https://blogsaverroes.juntadeandalucia.es/ceipjimena/files/2017/12/IMG-20171219-WA0034-300x300.jpg 300w, https://blogsaverroes.juntadeandalucia.es/ceipjimena/files/2017/12/IMG-20171219-WA0034-100x100.jpg 100w, https://blogsaverroes.juntadeandalucia.es/ceipjimena/files/2017/12/IMG-20171219-WA0034-432x432.jpg 432w, https://blogsaverroes.juntadeandalucia.es/ceipjimena/files/2017/12/IMG-20171219-WA0034-268x268.jpg 268w, https://blogsaverroes.juntadeandalucia.es/ceipjimena/files/2017/12/IMG-20171219-WA0034-700x700.jpg 700w, https://blogsaverroes.juntadeandalucia.es/ceipjimena/files/2017/12/IMG-20171219-WA0034-24x24.jpg 24w, https://blogsaverroes.juntadeandalucia.es/ceipjimena/files/2017/12/IMG-20171219-WA0034-36x36.jpg 36w, https://blogsaverroes.juntadeandalucia.es/ceipjimena/files/2017/12/IMG-20171219-WA0034-48x48.jpg 48w" sizes="(max-width: 768px) 100vw, 768px" /></a> <a href="https://blogsaverroes.juntadeandalucia.es/ceipjimena/files/2017/12/IMG-20171219-WA0033.jpg" target="_blank" rel="noopener"><img loading="lazy" decoding="async" class="aligncenter wp-image-3212 size-full" src="https://blogsaverroes.juntadeandalucia.es/ceipjimena/files/2017/12/IMG-20171219-WA0033.jpg" alt="" width="768" height="768" srcset="https://blogsaverroes.juntadeandalucia.es/ceipjimena/files/2017/12/IMG-20171219-WA0033.jpg 768w, https://blogsaverroes.juntadeandalucia.es/ceipjimena/files/2017/12/IMG-20171219-WA0033-150x150.jpg 150w, https://blogsaverroes.juntadeandalucia.es/ceipjimena/files/2017/12/IMG-20171219-WA0033-300x300.jpg 300w, https://blogsaverroes.juntadeandalucia.es/ceipjimena/files/2017/12/IMG-20171219-WA0033-100x100.jpg 100w, https://blogsaverroes.juntadeandalucia.es/ceipjimena/files/2017/12/IMG-20171219-WA0033-432x432.jpg 432w, https://blogsaverroes.juntadeandalucia.es/ceipjimena/files/2017/12/IMG-20171219-WA0033-268x268.jpg 268w, https://blogsaverroes.juntadeandalucia.es/ceipjimena/files/2017/12/IMG-20171219-WA0033-700x700.jpg 700w, https://blogsaverroes.juntadeandalucia.es/ceipjimena/files/2017/12/IMG-20171219-WA0033-24x24.jpg 24w, https://blogsaverroes.juntadeandalucia.es/ceipjimena/files/2017/12/IMG-20171219-WA0033-36x36.jpg 36w, https://blogsaverroes.juntadeandalucia.es/ceipjimena/files/2017/12/IMG-20171219-WA0033-48x48.jpg 48w" sizes="(max-width: 768px) 100vw, 768px" /></a> <a href="https://blogsaverroes.juntadeandalucia.es/ceipjimena/files/2017/12/IMG-20171219-WA0030.jpg" target="_blank" rel="noopener"><img loading="lazy" decoding="async" class="aligncenter wp-image-3211 size-full" src="https://blogsaverroes.juntadeandalucia.es/ceipjimena/files/2017/12/IMG-20171219-WA0030.jpg" alt="" width="1024" height="768" srcset="https://blogsaverroes.juntadeandalucia.es/ceipjimena/files/2017/12/IMG-20171219-WA0030.jpg 1024w, https://blogsaverroes.juntadeandalucia.es/ceipjimena/files/2017/12/IMG-20171219-WA0030-300x225.jpg 300w, https://blogsaverroes.juntadeandalucia.es/ceipjimena/files/2017/12/IMG-20171219-WA0030-768x576.jpg 768w, https://blogsaverroes.juntadeandalucia.es/ceipjimena/files/2017/12/IMG-20171219-WA0030-700x525.jpg 700w, https://blogsaverroes.juntadeandalucia.es/ceipjimena/files/2017/12/IMG-20171219-WA0030-24x18.jpg 24w, https://blogsaverroes.juntadeandalucia.es/ceipjimena/files/2017/12/IMG-20171219-WA0030-36x27.jpg 36w, https://blogsaverroes.juntadeandalucia.es/ceipjimena/files/2017/12/IMG-20171219-WA0030-48x36.jpg 48w" sizes="(max-width: 1024px) 100vw, 1024px" /></a> <a href="https://blogsaverroes.juntadeandalucia.es/ceipjimena/files/2017/12/IMG-20171219-WA0029.jpg" target="_blank" rel="noopener"><img loading="lazy" decoding="async" class="aligncenter wp-image-3210 size-full" src="https://blogsaverroes.juntadeandalucia.es/ceipjimena/files/2017/12/IMG-20171219-WA0029.jpg" alt="" width="1024" height="768" srcset="https://blogsaverroes.juntadeandalucia.es/ceipjimena/files/2017/12/IMG-20171219-WA0029.jpg 1024w, https://blogsaverroes.juntadeandalucia.es/ceipjimena/files/2017/12/IMG-20171219-WA0029-300x225.jpg 300w, https://blogsaverroes.juntadeandalucia.es/ceipjimena/files/2017/12/IMG-20171219-WA0029-768x576.jpg 768w, https://blogsaverroes.juntadeandalucia.es/ceipjimena/files/2017/12/IMG-20171219-WA0029-700x525.jpg 700w, https://blogsaverroes.juntadeandalucia.es/ceipjimena/files/2017/12/IMG-20171219-WA0029-24x18.jpg 24w, https://blogsaverroes.juntadeandalucia.es/ceipjimena/files/2017/12/IMG-20171219-WA0029-36x27.jpg 36w, https://blogsaverroes.juntadeandalucia.es/ceipjimena/files/2017/12/IMG-20171219-WA0029-48x36.jpg 48w" sizes="(max-width: 1024px) 100vw, 1024px" /></a></p>
<div id="attachment_3209" style="width: 778px" class="wp-caption aligncenter"><a href="https://blogsaverroes.juntadeandalucia.es/ceipjimena/files/2017/12/IMG-20171219-WA0028.jpg" target="_blank" rel="noopener"><img loading="lazy" decoding="async" aria-describedby="caption-attachment-3209" class="wp-image-3209 size-full" src="https://blogsaverroes.juntadeandalucia.es/ceipjimena/files/2017/12/IMG-20171219-WA0028.jpg" alt="" width="768" height="768" srcset="https://blogsaverroes.juntadeandalucia.es/ceipjimena/files/2017/12/IMG-20171219-WA0028.jpg 768w, https://blogsaverroes.juntadeandalucia.es/ceipjimena/files/2017/12/IMG-20171219-WA0028-150x150.jpg 150w, https://blogsaverroes.juntadeandalucia.es/ceipjimena/files/2017/12/IMG-20171219-WA0028-300x300.jpg 300w, https://blogsaverroes.juntadeandalucia.es/ceipjimena/files/2017/12/IMG-20171219-WA0028-100x100.jpg 100w, https://blogsaverroes.juntadeandalucia.es/ceipjimena/files/2017/12/IMG-20171219-WA0028-432x432.jpg 432w, https://blogsaverroes.juntadeandalucia.es/ceipjimena/files/2017/12/IMG-20171219-WA0028-268x268.jpg 268w, https://blogsaverroes.juntadeandalucia.es/ceipjimena/files/2017/12/IMG-20171219-WA0028-700x700.jpg 700w, https://blogsaverroes.juntadeandalucia.es/ceipjimena/files/2017/12/IMG-20171219-WA0028-24x24.jpg 24w, https://blogsaverroes.juntadeandalucia.es/ceipjimena/files/2017/12/IMG-20171219-WA0028-36x36.jpg 36w, https://blogsaverroes.juntadeandalucia.es/ceipjimena/files/2017/12/IMG-20171219-WA0028-48x48.jpg 48w" sizes="(max-width: 768px) 100vw, 768px" /></a><p id="caption-attachment-3209" class="wp-caption-text">Visita a la residencia.</p></div>
<p>&nbsp;</p>

<p>&nbsp; &nbsp;Hoy,19 de diciembre de 2017, y como ya es tradicional en nuestro colegio, nuestro alumnado más pequeño ha visitado a algunos de nuestros paisanos&#46;&#46;&#46;</p>
