{"id":3354,"date":"2018-03-20T22:03:00","date_gmt":"2018-03-20T20:03:00","guid":{"rendered":"http:\/\/blogsaverroes.juntadeandalucia.es\/ceipjimena\/?page_id=3354"},"modified":"2018-04-04T18:24:02","modified_gmt":"2018-04-04T16:24:02","slug":"excursion-al-museo-ibero-de-jaen-20-03-2018","status":"publish","type":"page","link":"https:\/\/blogsaverroes.juntadeandalucia.es\/ceipjimena\/?page_id=3354","title":{"rendered":"Excursi\u00f3n al museo \u00edbero de Ja\u00e9n (20-03-2018)"},"content":{"rendered":"<p>Todo el alumnado de nuestro colegio nos hemos ido a ver este fant\u00e1stico museo.<\/p>\n<p><a href=\"https:\/\/drive.google.com\/open?id=1NA44JKUZtOzIuOOn8cUGDBxoA2z_stBI\" target=\"_blank\" rel=\"noopener\">Aqu\u00ed os dejamos unas fotos de nuestra visita.<\/a><\/p>\n<p>Muchas gracias a los monitores y monitoras que tan bien nos han atendido.<\/p>\n","protected":false},"excerpt":{"rendered":"<p>Todo el alumnado de nuestro colegio nos hemos ido a ver este fant\u00e1stico museo. Aqu\u00ed os dejamos unas fotos de nuestra visita. Muchas gracias a&#46;&#46;&#46;<\/p>\n","protected":false},"author":3027,"featured_media":0,"parent":0,"menu_order":0,"comment_status":"closed","ping_status":"closed","template":"","meta":{"ngg_post_thumbnail":0,"footnotes":"","_mc_calendar":[]},"aioseo_notices":[],"_links":{"self":[{"href":"https:\/\/blogsaverroes.juntadeandalucia.es\/ceipjimena\/index.php?rest_route=\/wp\/v2\/pages\/3354"}],"collection":[{"href":"https:\/\/blogsaverroes.juntadeandalucia.es\/ceipjimena\/index.php?rest_route=\/wp\/v2\/pages"}],"about":[{"href":"https:\/\/blogsaverroes.juntadeandalucia.es\/ceipjimena\/index.php?rest_route=\/wp\/v2\/types\/page"}],"author":[{"embeddable":true,"href":"https:\/\/blogsaverroes.juntadeandalucia.es\/ceipjimena\/index.php?rest_route=\/wp\/v2\/users\/3027"}],"replies":[{"embeddable":true,"href":"https:\/\/blogsaverroes.juntadeandalucia.es\/ceipjimena\/index.php?rest_route=%2Fwp%2Fv2%2Fcomments&post=3354"}],"version-history":[{"count":2,"href":"https:\/\/blogsaverroes.juntadeandalucia.es\/ceipjimena\/index.php?rest_route=\/wp\/v2\/pages\/3354\/revisions"}],"predecessor-version":[{"id":3358,"href":"https:\/\/blogsaverroes.juntadeandalucia.es\/ceipjimena\/index.php?rest_route=\/wp\/v2\/pages\/3354\/revisions\/3358"}],"wp:attachment":[{"href":"https:\/\/blogsaverroes.juntadeandalucia.es\/ceipjimena\/index.php?rest_route=%2Fwp%2Fv2%2Fmedia&parent=3354"}],"curies":[{"name":"wp","href":"https:\/\/api.w.org\/{rel}","templated":true}]}}

Excursión al museo íbero de Jaén (20-03-2018)

<p>Todo el alumnado de nuestro colegio nos hemos ido a ver este fantástico museo.</p>
<p><a href="https://drive.google.com/open?id=1NA44JKUZtOzIuOOn8cUGDBxoA2z_stBI" target="_blank" rel="noopener">Aquí os dejamos unas fotos de nuestra visita.</a></p>
<p>Muchas gracias a los monitores y monitoras que tan bien nos han atendido.</p>

<p>Todo el alumnado de nuestro colegio nos hemos ido a ver este fantástico museo. Aquí os dejamos unas fotos de nuestra visita. Muchas gracias a&#46;&#46;&#46;</p>
