{"id":3367,"date":"2018-04-10T18:39:32","date_gmt":"2018-04-10T16:39:32","guid":{"rendered":"http:\/\/blogsaverroes.juntadeandalucia.es\/ceipjimena\/?page_id=3367"},"modified":"2018-04-10T18:39:32","modified_gmt":"2018-04-10T16:39:32","slug":"viaje-a-cordoba-09-04-2018","status":"publish","type":"page","link":"https:\/\/blogsaverroes.juntadeandalucia.es\/ceipjimena\/?page_id=3367","title":{"rendered":"Viaje a C\u00f3rdoba (09-04-2018)"},"content":{"rendered":"<p>El alumnado del tercer ciclo de Educaci\u00f3n Primaria y Primer ciclo de la ESO ha realizado una visita muy interesante a nuestra vecina ciudad de C\u00f3rdoba.<\/p>\n<p><a href=\"https:\/\/blogsaverroes.juntadeandalucia.es\/ceipjimena\/files\/2018\/04\/cor2018.mp4\" target=\"_blank\" rel=\"noopener\">Aqu\u00ed os dejamos unas fotos.<\/a>&nbsp;<\/p>\n","protected":false},"excerpt":{"rendered":"<p>El alumnado del tercer ciclo de Educaci\u00f3n Primaria y Primer ciclo de la ESO ha realizado una visita muy interesante a nuestra vecina ciudad de&#46;&#46;&#46;<\/p>\n","protected":false},"author":3027,"featured_media":0,"parent":0,"menu_order":0,"comment_status":"closed","ping_status":"closed","template":"","meta":{"ngg_post_thumbnail":0,"footnotes":"","_mc_calendar":[]},"aioseo_notices":[],"_links":{"self":[{"href":"https:\/\/blogsaverroes.juntadeandalucia.es\/ceipjimena\/index.php?rest_route=\/wp\/v2\/pages\/3367"}],"collection":[{"href":"https:\/\/blogsaverroes.juntadeandalucia.es\/ceipjimena\/index.php?rest_route=\/wp\/v2\/pages"}],"about":[{"href":"https:\/\/blogsaverroes.juntadeandalucia.es\/ceipjimena\/index.php?rest_route=\/wp\/v2\/types\/page"}],"author":[{"embeddable":true,"href":"https:\/\/blogsaverroes.juntadeandalucia.es\/ceipjimena\/index.php?rest_route=\/wp\/v2\/users\/3027"}],"replies":[{"embeddable":true,"href":"https:\/\/blogsaverroes.juntadeandalucia.es\/ceipjimena\/index.php?rest_route=%2Fwp%2Fv2%2Fcomments&post=3367"}],"version-history":[{"count":1,"href":"https:\/\/blogsaverroes.juntadeandalucia.es\/ceipjimena\/index.php?rest_route=\/wp\/v2\/pages\/3367\/revisions"}],"predecessor-version":[{"id":3368,"href":"https:\/\/blogsaverroes.juntadeandalucia.es\/ceipjimena\/index.php?rest_route=\/wp\/v2\/pages\/3367\/revisions\/3368"}],"wp:attachment":[{"href":"https:\/\/blogsaverroes.juntadeandalucia.es\/ceipjimena\/index.php?rest_route=%2Fwp%2Fv2%2Fmedia&parent=3367"}],"curies":[{"name":"wp","href":"https:\/\/api.w.org\/{rel}","templated":true}]}}

Viaje a Córdoba (09-04-2018)

<p>El alumnado del tercer ciclo de Educación Primaria y Primer ciclo de la ESO ha realizado una visita muy interesante a nuestra vecina ciudad de Córdoba.</p>
<p><a href="https://blogsaverroes.juntadeandalucia.es/ceipjimena/files/2018/04/cor2018.mp4" target="_blank" rel="noopener">Aquí os dejamos unas fotos.</a>&nbsp;</p>

<p>El alumnado del tercer ciclo de Educación Primaria y Primer ciclo de la ESO ha realizado una visita muy interesante a nuestra vecina ciudad de&#46;&#46;&#46;</p>
